{"id":10133,"date":"2021-09-15T10:16:09","date_gmt":"2021-09-15T13:16:09","guid":{"rendered":"http:\/\/www.laplatamagica.com.ar\/?page_id=10133"},"modified":"2021-09-15T12:22:42","modified_gmt":"2021-09-15T15:22:42","slug":"artesano-en-relojeria-monumental","status":"publish","type":"page","link":"https:\/\/laplatamagica.ar\/?page_id=10133","title":{"rendered":"Relojero de hist\u00f3ricos relojes"},"content":{"rendered":"\n<h1 class=\"wp-block-heading\" style=\"text-align:center\">Javier O. Ahumada<\/h1>\n\n\n\n<p>Nacido en la ciudad bonaerense de General Villegas Javier Oscar Ahumada tiene vocaci\u00f3n de relojero desde que, muy peque\u00f1o, desarm\u00f3 uno de los <\/p>\n\n\n\n<div class=\"wp-block-image\"><figure class=\"alignleft is-resized\"><img loading=\"lazy\" decoding=\"async\" src=\"http:\/\/www.laplatamagica.com.ar\/wp-content\/uploads\/2021\/09\/Javier-Aumada.jpg\" alt=\"Esta imagen tiene un atributo alt vac\u00edo; el nombre del archivo es Javier-Aumada.jpg\" width=\"321\" height=\"321\"\/><figcaption><strong>Javier Oscar Ahumada<\/strong><\/figcaption><\/figure><\/div>\n\n\n\n<p>despertadores de sus padres para averiguar de d\u00f3nde proven\u00eda su incesante tic-tac. &#8220;Observ\u00e9 todos sus movimientos y lo desmont\u00e9&#8221; recuerda: &#8220;despu\u00e9s, por supuesto, no pude armarlo\u2026 fue una materia pendiente durante muchos a\u00f1os&#8221;.<\/p>\n\n\n\n<p>Sin embargo, lleg\u00f3 a La Plata para estudiar Geolog\u00eda,\nreci\u00e9n egresado de la escuela agraria &#8220;Nelly Brown de Emerson&#8221;. Un\npar de a\u00f1os despu\u00e9s y algunos traspi\u00e9s acad\u00e9micos mediante, la visita a un\nviejo artesano, ya retirado, marc\u00f3 su destino. <\/p>\n\n\n\n<div class=\"wp-block-image\"><figure class=\"aligncenter is-resized\"><img loading=\"lazy\" decoding=\"async\" src=\"http:\/\/www.laplatamagica.com.ar\/wp-content\/uploads\/2021\/09\/Javier-Aumada02.jpg\" alt=\"\" class=\"wp-image-10139\" width=\"462\" height=\"616\" srcset=\"https:\/\/laplatamagica.ar\/wp-content\/uploads\/2021\/09\/Javier-Aumada02.jpg 750w, https:\/\/laplatamagica.ar\/wp-content\/uploads\/2021\/09\/Javier-Aumada02-225x300.jpg 225w\" sizes=\"auto, (max-width: 462px) 85vw, 462px\" \/><figcaption><strong>Reloj de la Curia de nuestra ciudad.<\/strong><\/figcaption><\/figure><\/div>\n\n\n\n<div class=\"wp-block-image\"><figure class=\"aligncenter is-resized\"><img loading=\"lazy\" decoding=\"async\" src=\"http:\/\/www.laplatamagica.com.ar\/wp-content\/uploads\/2021\/09\/telcelu.jpg\" alt=\"\" class=\"wp-image-10169\" width=\"76\" height=\"115\"\/><\/figure><\/div>\n\n\n\n<p style=\"text-align:center\" class=\"has-background has-medium-font-size has-yellow-background-color\">Tel\u00e9fono para solicitar reparaci\u00f3n de grandes relojes <strong>2215526471<\/strong><\/p>\n\n\n\n<p>&#8220;Me ense\u00f1\u00f3 todos los misterios de la relojer\u00eda\nantigua: m\u00e1quinas de p\u00e9ndulo, cuc\u00fa, carill\u00f3n; la verdad, en la facultad no me fue\nbien, pero me dediqu\u00e9 de lleno a esto con pasi\u00f3n y orgullo, somos muy pocos en\nla Argentina&#8221; relata Ahumada -casado, con una hija y radicado en el barrio\nde plaza Yrigoyen-, que por estos d\u00edas cumple veinte a\u00f1os en el rubro.<\/p>\n\n\n\n<div class=\"wp-block-image\"><figure class=\"aligncenter\"><img loading=\"lazy\" decoding=\"async\" width=\"1000\" height=\"1018\" src=\"http:\/\/www.laplatamagica.com.ar\/wp-content\/uploads\/2021\/09\/Javier-Aumada03.jpg\" alt=\"\" class=\"wp-image-10140\" srcset=\"https:\/\/laplatamagica.ar\/wp-content\/uploads\/2021\/09\/Javier-Aumada03.jpg 1000w, https:\/\/laplatamagica.ar\/wp-content\/uploads\/2021\/09\/Javier-Aumada03-295x300.jpg 295w, https:\/\/laplatamagica.ar\/wp-content\/uploads\/2021\/09\/Javier-Aumada03-768x782.jpg 768w\" sizes=\"auto, (max-width: 709px) 85vw, (max-width: 909px) 67vw, (max-width: 1362px) 62vw, 840px\" \/><figcaption> <strong>Puesta en valor de mecanismos del reloj del Palacio Municipal de La Plata, <\/strong><\/figcaption><\/figure><\/div>\n\n\n\n<p>En esas dos d\u00e9cadas sum\u00f3 a su foja de servicios local\nla puesta en valor de mecanismos en el Palacio Municipal, la Universidad, la\nbas\u00edlica del Sagrado Coraz\u00f3n y el Banco Naci\u00f3n; asisti\u00f3 a un curso de relojes\nmonumentales en M\u00e9xico, y se perfeccion\u00f3 como tornero para poder fabricar\nengranajes a medida.<\/p>\n\n\n\n<div class=\"wp-block-image\"><figure class=\"aligncenter\"><img loading=\"lazy\" decoding=\"async\" width=\"1000\" height=\"445\" src=\"http:\/\/www.laplatamagica.com.ar\/wp-content\/uploads\/2021\/09\/Javier-Aumada05.jpg\" alt=\"\" class=\"wp-image-10143\" srcset=\"https:\/\/laplatamagica.ar\/wp-content\/uploads\/2021\/09\/Javier-Aumada05.jpg 1000w, https:\/\/laplatamagica.ar\/wp-content\/uploads\/2021\/09\/Javier-Aumada05-300x134.jpg 300w, https:\/\/laplatamagica.ar\/wp-content\/uploads\/2021\/09\/Javier-Aumada05-768x342.jpg 768w\" sizes=\"auto, (max-width: 709px) 85vw, (max-width: 909px) 67vw, (max-width: 1362px) 62vw, 840px\" \/><figcaption>Reloj del Sagrado Coraz\u00f3n y otros muy importantes de la ciudad han pasado por sus manos.<\/figcaption><\/figure><\/div>\n\n\n\n<p>&#8220;La Plata tiene un patrimonio muy rico en antig\u00fcedad y variedad, que suma a la calidad de las piezas el valor agregado del contexto&#8221; destaca Ahumada: &#8220;los relojes est\u00e1n ubicados en edificios que tienen una gran jerarqu\u00eda arquitect\u00f3nica&#8221;.<\/p>\n\n\n\n<p style=\"text-align:center\"> <br><strong>Javier O. Ahumada en di\u00e1logo con &#8220;Historias de La Plata&#8221; por Radio Revoluci\u00f3n 98.9 FM. <\/strong><\/p>\n\n\n\n<figure class=\"wp-block-audio\"><audio controls src=\"http:\/\/www.laplatamagica.com.ar\/wp-content\/uploads\/2021\/09\/Javier-Aumada001A.mp3\"><\/audio><\/figure>\n\n\n\n<p>Primera parte.<\/p>\n\n\n\n<div class=\"wp-block-image\"><figure class=\"aligncenter is-resized\"><img loading=\"lazy\" decoding=\"async\" src=\"http:\/\/www.laplatamagica.com.ar\/wp-content\/uploads\/2021\/09\/Javier-Aumada06.jpg\" alt=\"\" class=\"wp-image-10152\" width=\"235\" height=\"313\" srcset=\"https:\/\/laplatamagica.ar\/wp-content\/uploads\/2021\/09\/Javier-Aumada06.jpg 300w, https:\/\/laplatamagica.ar\/wp-content\/uploads\/2021\/09\/Javier-Aumada06-225x300.jpg 225w\" sizes=\"auto, (max-width: 235px) 85vw, 235px\" \/><figcaption><strong>Verdaderas joyas pasan por sus manos.<\/strong><\/figcaption><\/figure><\/div>\n\n\n\n<figure class=\"wp-block-audio\"><audio controls src=\"http:\/\/www.laplatamagica.com.ar\/wp-content\/uploads\/2021\/09\/Javier-Aumada002B.mp3\"><\/audio><\/figure>\n\n\n\n<hr class=\"wp-block-separator is-style-wide\"\/>\n\n\n","protected":false},"excerpt":{"rendered":"<p>Javier O. Ahumada Nacido en la ciudad bonaerense de General Villegas Javier Oscar Ahumada tiene vocaci\u00f3n de relojero desde que, muy peque\u00f1o, desarm\u00f3 uno de los despertadores de sus padres para averiguar de d\u00f3nde proven\u00eda su incesante tic-tac. &#8220;Observ\u00e9 todos sus movimientos y lo desmont\u00e9&#8221; recuerda: &#8220;despu\u00e9s, por supuesto, no pude armarlo\u2026 fue una materia &hellip; <a href=\"https:\/\/laplatamagica.ar\/?page_id=10133\" class=\"more-link\">Continuar leyendo<span class=\"screen-reader-text\"> &#8220;Relojero de hist\u00f3ricos relojes&#8221;<\/span><\/a><\/p>\n","protected":false},"author":1,"featured_media":0,"parent":0,"menu_order":0,"comment_status":"closed","ping_status":"closed","template":"","meta":{"switch_pages_title":"","h5ap_radio_sources":[],"footnotes":""},"class_list":["post-10133","page","type-page","status-publish","hentry"],"_links":{"self":[{"href":"https:\/\/laplatamagica.ar\/index.php?rest_route=\/wp\/v2\/pages\/10133","targetHints":{"allow":["GET"]}}],"collection":[{"href":"https:\/\/laplatamagica.ar\/index.php?rest_route=\/wp\/v2\/pages"}],"about":[{"href":"https:\/\/laplatamagica.ar\/index.php?rest_route=\/wp\/v2\/types\/page"}],"author":[{"embeddable":true,"href":"https:\/\/laplatamagica.ar\/index.php?rest_route=\/wp\/v2\/users\/1"}],"replies":[{"embeddable":true,"href":"https:\/\/laplatamagica.ar\/index.php?rest_route=%2Fwp%2Fv2%2Fcomments&post=10133"}],"version-history":[{"count":0,"href":"https:\/\/laplatamagica.ar\/index.php?rest_route=\/wp\/v2\/pages\/10133\/revisions"}],"wp:attachment":[{"href":"https:\/\/laplatamagica.ar\/index.php?rest_route=%2Fwp%2Fv2%2Fmedia&parent=10133"}],"curies":[{"name":"wp","href":"https:\/\/api.w.org\/{rel}","templated":true}]}}

Relojero de históricos relojes

<h1 class="wp-block-heading" style="text-align:center">Javier O. Ahumada</h1>



<p>Nacido en la ciudad bonaerense de General Villegas Javier Oscar Ahumada tiene vocación de relojero desde que, muy pequeño, desarmó uno de los </p>



<div class="wp-block-image"><figure class="alignleft is-resized"><img loading="lazy" decoding="async" src="http://www.laplatamagica.com.ar/wp-content/uploads/2021/09/Javier-Aumada.jpg" alt="Esta imagen tiene un atributo alt vacío; el nombre del archivo es Javier-Aumada.jpg" width="321" height="321"/><figcaption><strong>Javier Oscar Ahumada</strong></figcaption></figure></div>



<p>despertadores de sus padres para averiguar de dónde provenía su incesante tic-tac. &#8220;Observé todos sus movimientos y lo desmonté&#8221; recuerda: &#8220;después, por supuesto, no pude armarlo… fue una materia pendiente durante muchos años&#8221;.</p>



<p>Sin embargo, llegó a La Plata para estudiar Geología,
recién egresado de la escuela agraria &#8220;Nelly Brown de Emerson&#8221;. Un
par de años después y algunos traspiés académicos mediante, la visita a un
viejo artesano, ya retirado, marcó su destino. </p>



<div class="wp-block-image"><figure class="aligncenter is-resized"><img loading="lazy" decoding="async" src="http://www.laplatamagica.com.ar/wp-content/uploads/2021/09/Javier-Aumada02.jpg" alt="" class="wp-image-10139" width="462" height="616" srcset="https://laplatamagica.ar/wp-content/uploads/2021/09/Javier-Aumada02.jpg 750w, https://laplatamagica.ar/wp-content/uploads/2021/09/Javier-Aumada02-225x300.jpg 225w" sizes="auto, (max-width: 462px) 85vw, 462px" /><figcaption><strong>Reloj de la Curia de nuestra ciudad.</strong></figcaption></figure></div>



<div class="wp-block-image"><figure class="aligncenter is-resized"><img loading="lazy" decoding="async" src="http://www.laplatamagica.com.ar/wp-content/uploads/2021/09/telcelu.jpg" alt="" class="wp-image-10169" width="76" height="115"/></figure></div>



<p style="text-align:center" class="has-background has-medium-font-size has-yellow-background-color">Teléfono para solicitar reparación de grandes relojes <strong>2215526471</strong></p>



<p>&#8220;Me enseñó todos los misterios de la relojería
antigua: máquinas de péndulo, cucú, carillón; la verdad, en la facultad no me fue
bien, pero me dediqué de lleno a esto con pasión y orgullo, somos muy pocos en
la Argentina&#8221; relata Ahumada -casado, con una hija y radicado en el barrio
de plaza Yrigoyen-, que por estos días cumple veinte años en el rubro.</p>



<div class="wp-block-image"><figure class="aligncenter"><img loading="lazy" decoding="async" width="1000" height="1018" src="http://www.laplatamagica.com.ar/wp-content/uploads/2021/09/Javier-Aumada03.jpg" alt="" class="wp-image-10140" srcset="https://laplatamagica.ar/wp-content/uploads/2021/09/Javier-Aumada03.jpg 1000w, https://laplatamagica.ar/wp-content/uploads/2021/09/Javier-Aumada03-295x300.jpg 295w, https://laplatamagica.ar/wp-content/uploads/2021/09/Javier-Aumada03-768x782.jpg 768w" sizes="auto, (max-width: 709px) 85vw, (max-width: 909px) 67vw, (max-width: 1362px) 62vw, 840px" /><figcaption> <strong>Puesta en valor de mecanismos del reloj del Palacio Municipal de La Plata, </strong></figcaption></figure></div>



<p>En esas dos décadas sumó a su foja de servicios local
la puesta en valor de mecanismos en el Palacio Municipal, la Universidad, la
basílica del Sagrado Corazón y el Banco Nación; asistió a un curso de relojes
monumentales en México, y se perfeccionó como tornero para poder fabricar
engranajes a medida.</p>



<div class="wp-block-image"><figure class="aligncenter"><img loading="lazy" decoding="async" width="1000" height="445" src="http://www.laplatamagica.com.ar/wp-content/uploads/2021/09/Javier-Aumada05.jpg" alt="" class="wp-image-10143" srcset="https://laplatamagica.ar/wp-content/uploads/2021/09/Javier-Aumada05.jpg 1000w, https://laplatamagica.ar/wp-content/uploads/2021/09/Javier-Aumada05-300x134.jpg 300w, https://laplatamagica.ar/wp-content/uploads/2021/09/Javier-Aumada05-768x342.jpg 768w" sizes="auto, (max-width: 709px) 85vw, (max-width: 909px) 67vw, (max-width: 1362px) 62vw, 840px" /><figcaption>Reloj del Sagrado Corazón y otros muy importantes de la ciudad han pasado por sus manos.</figcaption></figure></div>



<p>&#8220;La Plata tiene un patrimonio muy rico en antigüedad y variedad, que suma a la calidad de las piezas el valor agregado del contexto&#8221; destaca Ahumada: &#8220;los relojes están ubicados en edificios que tienen una gran jerarquía arquitectónica&#8221;.</p>



<p style="text-align:center"> <br><strong>Javier O. Ahumada en diálogo con &#8220;Historias de La Plata&#8221; por Radio Revolución 98.9 FM. </strong></p>



<figure class="wp-block-audio"><audio controls src="http://www.laplatamagica.com.ar/wp-content/uploads/2021/09/Javier-Aumada001A.mp3"></audio></figure>



<p>Primera parte.</p>



<div class="wp-block-image"><figure class="aligncenter is-resized"><img loading="lazy" decoding="async" src="http://www.laplatamagica.com.ar/wp-content/uploads/2021/09/Javier-Aumada06.jpg" alt="" class="wp-image-10152" width="235" height="313" srcset="https://laplatamagica.ar/wp-content/uploads/2021/09/Javier-Aumada06.jpg 300w, https://laplatamagica.ar/wp-content/uploads/2021/09/Javier-Aumada06-225x300.jpg 225w" sizes="auto, (max-width: 235px) 85vw, 235px" /><figcaption><strong>Verdaderas joyas pasan por sus manos.</strong></figcaption></figure></div>



<figure class="wp-block-audio"><audio controls src="http://www.laplatamagica.com.ar/wp-content/uploads/2021/09/Javier-Aumada002B.mp3"></audio></figure>



<hr class="wp-block-separator is-style-wide"/>

<p>Javier O. Ahumada Nacido en la ciudad bonaerense de General Villegas Javier Oscar Ahumada tiene vocación de relojero desde que, muy pequeño, desarmó uno de los despertadores de sus padres para averiguar de dónde provenía su incesante tic-tac. &#8220;Observé todos sus movimientos y lo desmonté&#8221; recuerda: &#8220;después, por supuesto, no pude armarlo… fue una materia &hellip; <a href="https://laplatamagica.ar/?page_id=10133" class="more-link">Continuar leyendo<span class="screen-reader-text"> &#8220;Relojero de históricos relojes&#8221;</span></a></p>
