{"id":10343,"date":"2021-10-21T08:28:59","date_gmt":"2021-10-21T11:28:59","guid":{"rendered":"http:\/\/www.laplatamagica.com.ar\/?page_id=10343"},"modified":"2022-07-31T09:52:11","modified_gmt":"2022-07-31T12:52:11","slug":"astillero-rio-santiago","status":"publish","type":"page","link":"https:\/\/laplatamagica.ar\/?page_id=10343","title":{"rendered":"Astillero R\u00edo Santiago"},"content":{"rendered":"\n<p class=\"has-text-align-center\"><strong>Es un astillero argentino ubicado en la ciudad de Ensenada, Provincia de Buenos Aires, a orillas del r\u00edo hom\u00f3nimo. Es uno de los astilleros de mayor actividad e importancia de Latinoam\u00e9rica.<\/strong><\/p>\n\n\n\n<figure class=\"wp-block-image size-full\"><img loading=\"lazy\" decoding=\"async\" width=\"800\" height=\"420\" src=\"https:\/\/laplatamagica.ar\/wp-content\/uploads\/2022\/07\/Astillero.jpg\" alt=\"\" class=\"wp-image-11363\" srcset=\"https:\/\/laplatamagica.ar\/wp-content\/uploads\/2022\/07\/Astillero.jpg 800w, https:\/\/laplatamagica.ar\/wp-content\/uploads\/2022\/07\/Astillero-300x158.jpg 300w, https:\/\/laplatamagica.ar\/wp-content\/uploads\/2022\/07\/Astillero-768x403.jpg 768w\" sizes=\"auto, (max-width: 800px) 85vw, 800px\" \/><\/figure>\n\n\n\n<figure class=\"wp-block-embed is-type-video is-provider-youtube wp-block-embed-youtube wp-embed-aspect-4-3 wp-has-aspect-ratio\"><div class=\"wp-block-embed__wrapper\">\n<iframe loading=\"lazy\" title=\"Astillero R\u00edo Santiago\" width=\"840\" height=\"630\" src=\"https:\/\/www.youtube.com\/embed\/7lpO6vel7YQ?feature=oembed\" frameborder=\"0\" allow=\"accelerometer; autoplay; clipboard-write; encrypted-media; gyroscope; picture-in-picture\" allowfullscreen><\/iframe>\n<\/div><\/figure>\n","protected":false},"excerpt":{"rendered":"<p>Es un astillero argentino ubicado en la ciudad de Ensenada, Provincia de Buenos Aires, a orillas del r\u00edo hom\u00f3nimo. Es uno de los astilleros de mayor actividad e importancia de Latinoam\u00e9rica.<\/p>\n","protected":false},"author":1,"featured_media":0,"parent":0,"menu_order":0,"comment_status":"closed","ping_status":"closed","template":"","meta":{"switch_pages_title":"","h5ap_radio_sources":[],"footnotes":""},"class_list":["post-10343","page","type-page","status-publish","hentry"],"_links":{"self":[{"href":"https:\/\/laplatamagica.ar\/index.php?rest_route=\/wp\/v2\/pages\/10343","targetHints":{"allow":["GET"]}}],"collection":[{"href":"https:\/\/laplatamagica.ar\/index.php?rest_route=\/wp\/v2\/pages"}],"about":[{"href":"https:\/\/laplatamagica.ar\/index.php?rest_route=\/wp\/v2\/types\/page"}],"author":[{"embeddable":true,"href":"https:\/\/laplatamagica.ar\/index.php?rest_route=\/wp\/v2\/users\/1"}],"replies":[{"embeddable":true,"href":"https:\/\/laplatamagica.ar\/index.php?rest_route=%2Fwp%2Fv2%2Fcomments&post=10343"}],"version-history":[{"count":0,"href":"https:\/\/laplatamagica.ar\/index.php?rest_route=\/wp\/v2\/pages\/10343\/revisions"}],"wp:attachment":[{"href":"https:\/\/laplatamagica.ar\/index.php?rest_route=%2Fwp%2Fv2%2Fmedia&parent=10343"}],"curies":[{"name":"wp","href":"https:\/\/api.w.org\/{rel}","templated":true}]}}