{"id":10600,"date":"2022-03-14T11:34:11","date_gmt":"2022-03-14T14:34:11","guid":{"rendered":"http:\/\/www.laplatamagica.com.ar\/?page_id=10600"},"modified":"2024-12-04T17:16:39","modified_gmt":"2024-12-04T20:16:39","slug":"fotos-desde-el-dron","status":"publish","type":"page","link":"https:\/\/laplatamagica.ar\/?page_id=10600","title":{"rendered":"Fotos desde el dron"},"content":{"rendered":"\n<p class=\"has-large-font-size\"><strong>\u00bfQu\u00e9 es un dron? <\/strong><\/p>\n\n\n<div class=\"wp-block-image\">\n<figure class=\"aligncenter\"><img loading=\"lazy\" decoding=\"async\" width=\"500\" height=\"280\" src=\"http:\/\/www.laplatamagica.com.ar\/wp-content\/uploads\/2022\/03\/Un-dron.jpg\" alt=\"\" class=\"wp-image-10618\" srcset=\"https:\/\/laplatamagica.ar\/wp-content\/uploads\/2022\/03\/Un-dron.jpg 500w, https:\/\/laplatamagica.ar\/wp-content\/uploads\/2022\/03\/Un-dron-300x168.jpg 300w\" sizes=\"auto, (max-width: 500px) 85vw, 500px\" \/><figcaption class=\"wp-element-caption\"><strong>Es solo un modelo, hay mucha variedad.<\/strong><\/figcaption><\/figure>\n<\/div>\n\n\n<figure class=\"wp-block-image size-full\"><a href=\"https:\/\/revolucion989.com.ar\/\" target=\"_blank\" rel=\" noreferrer noopener\"><img decoding=\"async\" src=\"https:\/\/laplatamagica.ar\/wp-content\/uploads\/2024\/12\/baner-1.jpg\" alt=\"\" class=\"wp-image-12871\"\/><\/a><\/figure>\n\n\n\n<p><br>Un veh\u00edculo a\u00e9reo no tripulado (VANT), UAV (del ingl\u00e9s unmanned aerial vehicle), m\u00e1s apropiadamente RPAS (del ingl\u00e9s Remotely Piloted Aircraft System), com\u00fanmente conocido como dron,  hace referencia a una aeronave que vuela sin tripulaci\u00f3n, la cual ejerce su funci\u00f3n remotamente. Un VANT es un veh\u00edculo sin tripulaci\u00f3n, reutilizable, capaz de mantener de manera aut\u00f3noma un nivel de vuelo controlado y sostenido, y propulsado por un motor de explosi\u00f3n, el\u00e9ctrico o de reacci\u00f3n. Los drones tienen diversos usos, en este caso nos muestra la belleza de nuestra ciudad de La Plata con sus fotograf\u00edas, cortes\u00eda de<em> <strong>Emiliano Gatti.<\/strong><\/em><\/p>\n\n\n\n<p class=\"has-text-align-center\"><strong>Para comunicarse con Emiliano Gatti @emiigatti es el Instagram   Y el twitter @eemiigatti <\/strong><\/p>\n\n\n\n<figure class=\"wp-block-image\"><img loading=\"lazy\" decoding=\"async\" width=\"819\" height=\"1024\" src=\"http:\/\/www.laplatamagica.com.ar\/wp-content\/uploads\/2022\/03\/dron02-819x1024.jpg\" alt=\"Diagonal 74  de sur a norte.\ufeff\" class=\"wp-image-10607\" srcset=\"https:\/\/laplatamagica.ar\/wp-content\/uploads\/2022\/03\/dron02-819x1024.jpg 819w, https:\/\/laplatamagica.ar\/wp-content\/uploads\/2022\/03\/dron02-240x300.jpg 240w, https:\/\/laplatamagica.ar\/wp-content\/uploads\/2022\/03\/dron02-768x960.jpg 768w, https:\/\/laplatamagica.ar\/wp-content\/uploads\/2022\/03\/dron02-1200x1500.jpg 1200w, https:\/\/laplatamagica.ar\/wp-content\/uploads\/2022\/03\/dron02.jpg 1440w\" sizes=\"auto, (max-width: 819px) 85vw, 819px\" \/><figcaption class=\"wp-element-caption\"><br><strong>Diagonal 74  de sur a norte.<\/strong><\/figcaption><\/figure>\n\n\n<div class=\"wp-block-image\">\n<figure class=\"aligncenter\"><img loading=\"lazy\" decoding=\"async\" width=\"819\" height=\"1024\" src=\"http:\/\/www.laplatamagica.com.ar\/wp-content\/uploads\/2022\/03\/dron05-819x1024.jpg\" alt=\"\" class=\"wp-image-10612\" srcset=\"https:\/\/laplatamagica.ar\/wp-content\/uploads\/2022\/03\/dron05-819x1024.jpg 819w, https:\/\/laplatamagica.ar\/wp-content\/uploads\/2022\/03\/dron05-240x300.jpg 240w, https:\/\/laplatamagica.ar\/wp-content\/uploads\/2022\/03\/dron05-768x960.jpg 768w, https:\/\/laplatamagica.ar\/wp-content\/uploads\/2022\/03\/dron05.jpg 1000w\" sizes=\"auto, (max-width: 819px) 85vw, 819px\" \/><figcaption class=\"wp-element-caption\"><strong>La misma foto pero nocturna.<\/strong><\/figcaption><\/figure>\n<\/div>\n\n<div class=\"wp-block-image\">\n<figure class=\"aligncenter\"><img loading=\"lazy\" decoding=\"async\" width=\"1004\" height=\"1024\" src=\"http:\/\/www.laplatamagica.com.ar\/wp-content\/uploads\/2022\/03\/dron01-1004x1024.jpg\" alt=\"Catedral vista a\u00e9rea hacia el oeste.\" class=\"wp-image-10603\" srcset=\"https:\/\/laplatamagica.ar\/wp-content\/uploads\/2022\/03\/dron01-1004x1024.jpg 1004w, https:\/\/laplatamagica.ar\/wp-content\/uploads\/2022\/03\/dron01-294x300.jpg 294w, https:\/\/laplatamagica.ar\/wp-content\/uploads\/2022\/03\/dron01-768x783.jpg 768w, https:\/\/laplatamagica.ar\/wp-content\/uploads\/2022\/03\/dron01.jpg 1079w\" sizes=\"auto, (max-width: 709px) 85vw, (max-width: 909px) 67vw, (max-width: 1362px) 62vw, 840px\" \/><figcaption class=\"wp-element-caption\"><strong>Catedral vista a\u00e9rea hacia el oeste.<\/strong><\/figcaption><\/figure>\n<\/div>\n\n\n<p class=\"has-text-align-center\"><strong>Se\u00f1alado desierto el concurso para la Catedral, por lo que se encomend\u00f3 a Pedro Benoit un anteproyecto que dispuso junto a Emilio Coutaret y Ernesto Meyer, siendo los planos aprobados en 1885.<\/strong><\/p>\n\n\n<div class=\"wp-block-image\">\n<figure class=\"aligncenter\"><img loading=\"lazy\" decoding=\"async\" width=\"768\" height=\"960\" src=\"http:\/\/www.laplatamagica.com.ar\/wp-content\/uploads\/2022\/03\/dron05-1.jpg\" alt=\"Vista de plaza Moreno.\" class=\"wp-image-10615\" srcset=\"https:\/\/laplatamagica.ar\/wp-content\/uploads\/2022\/03\/dron05-1.jpg 768w, https:\/\/laplatamagica.ar\/wp-content\/uploads\/2022\/03\/dron05-1-240x300.jpg 240w\" sizes=\"auto, (max-width: 768px) 85vw, 768px\" \/><figcaption class=\"wp-element-caption\"><strong>Vista de plaza Moreno.<\/strong><\/figcaption><\/figure>\n<\/div>\n\n\n<p class=\"has-text-align-center\"><strong>La Plata cont\u00f3 desde su fundaci\u00f3n con un dise\u00f1o en el que se <br>distingu\u00eda una distribuci\u00f3n de plazas y parques preparados en la intersecci\u00f3n de sus avenidas centrales, conformando una trama ortogonal de once v\u00edas principales cruzadas por dos diagonales mayores. La proporci\u00f3n de espacios forestados alcanzaba a casi el 10 % de la superficie total de la ciudad, incluyendo la forestaci\u00f3n existente de la vieja estancia de Pereyra Iraola, luego redefinida como Paseo del Bosque.<\/strong><\/p>\n\n\n<div class=\"wp-block-image\">\n<figure class=\"aligncenter\"><img loading=\"lazy\" decoding=\"async\" width=\"819\" height=\"1024\" src=\"http:\/\/www.laplatamagica.com.ar\/wp-content\/uploads\/2022\/03\/dron03-819x1024.jpg\" alt=\"Rep\u00fablica de los Ni\u00f1os\" class=\"wp-image-10611\" srcset=\"https:\/\/laplatamagica.ar\/wp-content\/uploads\/2022\/03\/dron03-819x1024.jpg 819w, https:\/\/laplatamagica.ar\/wp-content\/uploads\/2022\/03\/dron03-240x300.jpg 240w, https:\/\/laplatamagica.ar\/wp-content\/uploads\/2022\/03\/dron03-768x960.jpg 768w, https:\/\/laplatamagica.ar\/wp-content\/uploads\/2022\/03\/dron03-1200x1500.jpg 1200w, https:\/\/laplatamagica.ar\/wp-content\/uploads\/2022\/03\/dron03.jpg 1440w\" sizes=\"auto, (max-width: 819px) 85vw, 819px\" \/><figcaption class=\"wp-element-caption\"><strong>Rep\u00fablica de los Ni\u00f1os en Gonnet.<\/strong><\/figcaption><\/figure>\n<\/div>\n\n\n<p class=\"has-text-align-center\"><strong>Destinada al doble prop\u00f3sito de la educaci\u00f3n y el esparcimiento creativo de los ni\u00f1os del pa\u00eds, esta obra decididamente renovadora surge por iniciativa del gobernador de la Provincia de Buenos Aires, coronel Domingo Mercante. La construcci\u00f3n se inicia en 1949 en un predio de 53 hect\u00e1reas pertenecientes al Swift Golf Club, siendo inaugurada el 26 de noviembre <br>de 1951 por el Presidente de la Naci\u00f3n. El proyecto estuvo a cargo de los arquitectos Alberto Cuenca, Julio C\u00e9sar Gallo y Jorge Lima, quienes se infundieron en la atm\u00f3sfera de los cuentos infantiles de Hans Christian Andersen y los hermanos Grimm.<\/strong><\/p>\n\n\n\n<figure class=\"wp-block-image\"><img loading=\"lazy\" decoding=\"async\" width=\"819\" height=\"1024\" src=\"http:\/\/www.laplatamagica.com.ar\/wp-content\/uploads\/2022\/03\/dron06-819x1024.jpg\" alt=\"El monumento que representa la confraternidad argentino-italiana surgi\u00f3 como idea a fines del siglo XIX.\" class=\"wp-image-10621\" srcset=\"https:\/\/laplatamagica.ar\/wp-content\/uploads\/2022\/03\/dron06-819x1024.jpg 819w, https:\/\/laplatamagica.ar\/wp-content\/uploads\/2022\/03\/dron06-240x300.jpg 240w, https:\/\/laplatamagica.ar\/wp-content\/uploads\/2022\/03\/dron06-768x960.jpg 768w, https:\/\/laplatamagica.ar\/wp-content\/uploads\/2022\/03\/dron06.jpg 1000w\" sizes=\"auto, (max-width: 819px) 85vw, 819px\" \/><figcaption class=\"wp-element-caption\"><strong>Monumento en Plaza Italia.<\/strong><\/figcaption><\/figure>\n\n\n\n<p class=\"has-text-align-center\"><strong>El monumento que representa la confraternidad argentino-italiana surgi\u00f3 como idea a fines del siglo XIX. La columna fue proyectada por el arquitecto A Vecellio y se realiz\u00f3 en 1900, est\u00e1 compuesta por varios tramos de granito y es una r\u00e9plica de la columna de Trafalgar Square de Londres.<\/strong><\/p>\n\n\n\n<figure class=\"wp-block-image\"><img loading=\"lazy\" decoding=\"async\" width=\"819\" height=\"1024\" src=\"http:\/\/www.laplatamagica.com.ar\/wp-content\/uploads\/2022\/03\/dron07-819x1024.jpg\" alt=\"\" class=\"wp-image-10625\" srcset=\"https:\/\/laplatamagica.ar\/wp-content\/uploads\/2022\/03\/dron07-819x1024.jpg 819w, https:\/\/laplatamagica.ar\/wp-content\/uploads\/2022\/03\/dron07-240x300.jpg 240w, https:\/\/laplatamagica.ar\/wp-content\/uploads\/2022\/03\/dron07-768x960.jpg 768w, https:\/\/laplatamagica.ar\/wp-content\/uploads\/2022\/03\/dron07.jpg 1000w\" sizes=\"auto, (max-width: 819px) 85vw, 819px\" \/><figcaption class=\"wp-element-caption\"><strong>Plaza Italia.<\/strong><br><br><\/figcaption><\/figure>\n\n\n\n<p class=\"has-text-align-center\"><strong> Originalmente se le llam\u00f3 \u00abPlaza del Ministerio de Hacienda\u00bb que se encuentra en la calle 7 y 44, hasta que por ordenanza del 26 de agosto de 1895 se le impuso su nombre actual, plaza Italia, lo que la convirti\u00f3 en la plaza con denominaci\u00f3n m\u00e1s antigua de la ciudad. <\/strong><\/p>\n\n\n\n<figure class=\"wp-block-image\"><img loading=\"lazy\" decoding=\"async\" width=\"819\" height=\"1024\" src=\"http:\/\/www.laplatamagica.com.ar\/wp-content\/uploads\/2022\/03\/dron08-819x1024.jpg\" alt=\"\" class=\"wp-image-10629\" srcset=\"https:\/\/laplatamagica.ar\/wp-content\/uploads\/2022\/03\/dron08-819x1024.jpg 819w, https:\/\/laplatamagica.ar\/wp-content\/uploads\/2022\/03\/dron08-240x300.jpg 240w, https:\/\/laplatamagica.ar\/wp-content\/uploads\/2022\/03\/dron08-768x960.jpg 768w, https:\/\/laplatamagica.ar\/wp-content\/uploads\/2022\/03\/dron08.jpg 1000w\" sizes=\"auto, (max-width: 819px) 85vw, 819px\" \/><figcaption class=\"wp-element-caption\"><strong>Vista con el r\u00edo a la espalda, desde casa de Gobierno hacia el oeste<\/strong><\/figcaption><\/figure>\n\n\n<div class=\"wp-block-image\">\n<figure class=\"aligncenter\"><img loading=\"lazy\" decoding=\"async\" width=\"1000\" height=\"1000\" src=\"http:\/\/www.laplatamagica.com.ar\/wp-content\/uploads\/2022\/03\/dron09.jpg\" alt=\"Estadio Juan Carmelo Zerillo quien fue presidente de Gimnasia y Esgrima La Plata desde 1929 hasta 1931, club decano del Futbol Argentino, hermoso recinto enclavado en el bosque platense, respetando la arboleda circundante.\" class=\"wp-image-10632\" srcset=\"https:\/\/laplatamagica.ar\/wp-content\/uploads\/2022\/03\/dron09.jpg 1000w, https:\/\/laplatamagica.ar\/wp-content\/uploads\/2022\/03\/dron09-150x150.jpg 150w, https:\/\/laplatamagica.ar\/wp-content\/uploads\/2022\/03\/dron09-300x300.jpg 300w, https:\/\/laplatamagica.ar\/wp-content\/uploads\/2022\/03\/dron09-768x768.jpg 768w\" sizes=\"auto, (max-width: 709px) 85vw, (max-width: 909px) 67vw, (max-width: 1362px) 62vw, 840px\" \/><figcaption class=\"wp-element-caption\"><strong>Estadio del Club de Gimnasia y Esgrima La Plata.<\/strong><\/figcaption><\/figure>\n<\/div>\n\n\n<p class=\"has-text-align-center\"><strong>Estadio Juan Carmelo Zerillo quien fue presidente de Gimnasia y Esgrima La Plata desde 1929 hasta 1931, club decano del Futbol Argentino, hermoso recinto enclavado en el bosque platense, respetando la arboleda circundante, es un recinto de tipo europeo. El estadio se encuentra sobre la avenida 60 y su intersecci\u00f3n con la calle 118.<\/strong><\/p>\n\n\n<div class=\"wp-block-image\">\n<figure class=\"aligncenter\"><img loading=\"lazy\" decoding=\"async\" width=\"1000\" height=\"1000\" src=\"http:\/\/www.laplatamagica.com.ar\/wp-content\/uploads\/2022\/03\/dron10.jpg\" alt=\"\" class=\"wp-image-10635\" srcset=\"https:\/\/laplatamagica.ar\/wp-content\/uploads\/2022\/03\/dron10.jpg 1000w, https:\/\/laplatamagica.ar\/wp-content\/uploads\/2022\/03\/dron10-150x150.jpg 150w, https:\/\/laplatamagica.ar\/wp-content\/uploads\/2022\/03\/dron10-300x300.jpg 300w, https:\/\/laplatamagica.ar\/wp-content\/uploads\/2022\/03\/dron10-768x768.jpg 768w\" sizes=\"auto, (max-width: 709px) 85vw, (max-width: 909px) 67vw, (max-width: 1362px) 62vw, 840px\" \/><figcaption class=\"wp-element-caption\"><strong>Platea techada.<\/strong><\/figcaption><\/figure>\n<\/div>\n\n\n<p class=\"has-text-align-center\"><strong>Vista de su primera techada es de estilo influenciada en el Art D\u00e9co, sobre este estilo cabe decir que es un movimiento art\u00edstico que predomin\u00f3 en la arquitectura, el arte, el dise\u00f1o gr\u00e1fico, el dise\u00f1o de interiores y el dise\u00f1o industrial entre los a\u00f1os 1920 y 1939. El art d\u00e9co se caracteriz\u00f3 por la utilizaci\u00f3n de figuras geom\u00e9tricas delineadas con precisi\u00f3n.<\/strong><\/p>\n\n\n<div class=\"wp-block-image\">\n<figure class=\"aligncenter\"><img loading=\"lazy\" decoding=\"async\" width=\"1000\" height=\"767\" src=\"http:\/\/www.laplatamagica.com.ar\/wp-content\/uploads\/2022\/03\/dron11.jpg\" alt=\"\" class=\"wp-image-10637\" srcset=\"https:\/\/laplatamagica.ar\/wp-content\/uploads\/2022\/03\/dron11.jpg 1000w, https:\/\/laplatamagica.ar\/wp-content\/uploads\/2022\/03\/dron11-300x230.jpg 300w, https:\/\/laplatamagica.ar\/wp-content\/uploads\/2022\/03\/dron11-768x589.jpg 768w\" sizes=\"auto, (max-width: 709px) 85vw, (max-width: 909px) 67vw, (max-width: 1362px) 62vw, 840px\" \/><figcaption class=\"wp-element-caption\"><strong>Plaza Moreno.<\/strong><\/figcaption><\/figure>\n<\/div>\n\n\n<p class=\"has-text-align-center\"><strong>La plaza Moreno, lugar del sitio fundacional de ciudad, donde destaca la obra del arquitecto germano Huberto Stier, <br> que result\u00f3 vencedor del concurso internacional, exhibiendo un admirable proyecto de municipalidad en un estilo que se cataloga dentro del Eclecticismo Historicista, con una esbelta y solemne torre del reloj de apariencia n\u00f3rdica que recuerda a los ayuntamientos medievales europeos y revela adem\u00e1s la influencia del Renacimiento alem\u00e1n.<\/strong><\/p>\n","protected":false},"excerpt":{"rendered":"<p>\u00bfQu\u00e9 es un dron? Un veh\u00edculo a\u00e9reo no tripulado (VANT), UAV (del ingl\u00e9s unmanned aerial vehicle), m\u00e1s apropiadamente RPAS (del ingl\u00e9s Remotely Piloted Aircraft System), com\u00fanmente conocido como dron, hace referencia a una aeronave que vuela sin tripulaci\u00f3n, la cual ejerce su funci\u00f3n remotamente. Un VANT es un veh\u00edculo sin tripulaci\u00f3n, reutilizable, capaz de mantener &hellip; <a href=\"https:\/\/laplatamagica.ar\/?page_id=10600\" class=\"more-link\">Continuar leyendo<span class=\"screen-reader-text\"> &#8220;Fotos desde el dron&#8221;<\/span><\/a><\/p>\n","protected":false},"author":1,"featured_media":0,"parent":0,"menu_order":0,"comment_status":"closed","ping_status":"closed","template":"","meta":{"switch_pages_title":"","h5ap_radio_sources":[],"footnotes":""},"class_list":["post-10600","page","type-page","status-publish","hentry"],"_links":{"self":[{"href":"https:\/\/laplatamagica.ar\/index.php?rest_route=\/wp\/v2\/pages\/10600","targetHints":{"allow":["GET"]}}],"collection":[{"href":"https:\/\/laplatamagica.ar\/index.php?rest_route=\/wp\/v2\/pages"}],"about":[{"href":"https:\/\/laplatamagica.ar\/index.php?rest_route=\/wp\/v2\/types\/page"}],"author":[{"embeddable":true,"href":"https:\/\/laplatamagica.ar\/index.php?rest_route=\/wp\/v2\/users\/1"}],"replies":[{"embeddable":true,"href":"https:\/\/laplatamagica.ar\/index.php?rest_route=%2Fwp%2Fv2%2Fcomments&post=10600"}],"version-history":[{"count":2,"href":"https:\/\/laplatamagica.ar\/index.php?rest_route=\/wp\/v2\/pages\/10600\/revisions"}],"predecessor-version":[{"id":12892,"href":"https:\/\/laplatamagica.ar\/index.php?rest_route=\/wp\/v2\/pages\/10600\/revisions\/12892"}],"wp:attachment":[{"href":"https:\/\/laplatamagica.ar\/index.php?rest_route=%2Fwp%2Fv2%2Fmedia&parent=10600"}],"curies":[{"name":"wp","href":"https:\/\/api.w.org\/{rel}","templated":true}]}}