{"id":3274,"date":"2019-10-05T11:09:01","date_gmt":"2019-10-05T14:09:01","guid":{"rendered":"http:\/\/www.laplatamagica.com.ar\/?page_id=3274"},"modified":"2023-08-03T10:28:48","modified_gmt":"2023-08-03T13:28:48","slug":"lo-que-no-vemos-2","status":"publish","type":"page","link":"https:\/\/laplatamagica.ar\/?page_id=3274","title":{"rendered":"Lo que no vemos 2"},"content":{"rendered":"\n<p class=\"has-text-align-center\" style=\"font-size:25px\"><strong>Lo que no vemos <a href=\"http:\/\/www.laplatamagica.com.ar\/?page_id=3116\">1<\/a>  <a href=\"http:\/\/www.laplatamagica.com.ar\/?page_id=3274\">2<\/a><\/strong><\/p>\n\n\n\n<hr class=\"wp-block-separator has-css-opacity\"\/>\n\n\n<div class=\"wp-block-image\">\n<figure class=\"aligncenter\"><img loading=\"lazy\" decoding=\"async\" width=\"550\" height=\"309\" src=\"http:\/\/www.laplatamagica.com.ar\/wp-content\/uploads\/2019\/10\/chapa01.jpg\" alt=\"\" class=\"wp-image-3281\" srcset=\"https:\/\/laplatamagica.ar\/wp-content\/uploads\/2019\/10\/chapa01.jpg 550w, https:\/\/laplatamagica.ar\/wp-content\/uploads\/2019\/10\/chapa01-300x169.jpg 300w\" sizes=\"auto, (max-width: 550px) 85vw, 550px\" \/><figcaption class=\"wp-element-caption\"> <br><strong>Nombre de la calle 47 desde 1995, rinde homenaje a quien recibi\u00f3 dos veces el Premio Nacional de Literatura, en 1933 por su obra po\u00e9tica y en 1937 por el ensayo &#8220;Radiograf\u00eda de la Pampa&#8221;. Fue presidente de la Sociedad Argentina de Escritores (SADE) de 1933 a 1934 y de 1942 a 1946, se encuentra en 47 y 1. <\/strong><\/figcaption><\/figure>\n<\/div>\n\n<div class=\"wp-block-image\">\n<figure class=\"aligncenter\"><img loading=\"lazy\" decoding=\"async\" width=\"600\" height=\"565\" src=\"http:\/\/www.laplatamagica.com.ar\/wp-content\/uploads\/2019\/10\/chapa02.jpg\" alt=\"\" class=\"wp-image-3285\" srcset=\"https:\/\/laplatamagica.ar\/wp-content\/uploads\/2019\/10\/chapa02.jpg 600w, https:\/\/laplatamagica.ar\/wp-content\/uploads\/2019\/10\/chapa02-300x283.jpg 300w\" sizes=\"auto, (max-width: 600px) 85vw, 600px\" \/><figcaption class=\"wp-element-caption\"> <br><strong>Placa de la Municipalidad en homenaje al fundador de la ciudad en el monumento que lo recuerda en la plaza de calle 7 y 60. <\/strong><\/figcaption><\/figure>\n<\/div>\n\n<div class=\"wp-block-image\">\n<figure class=\"aligncenter\"><img loading=\"lazy\" decoding=\"async\" width=\"500\" height=\"339\" src=\"http:\/\/www.laplatamagica.com.ar\/wp-content\/uploads\/2019\/10\/chapa03.jpg\" alt=\"\" class=\"wp-image-3287\" srcset=\"https:\/\/laplatamagica.ar\/wp-content\/uploads\/2019\/10\/chapa03.jpg 500w, https:\/\/laplatamagica.ar\/wp-content\/uploads\/2019\/10\/chapa03-300x203.jpg 300w\" sizes=\"auto, (max-width: 500px) 85vw, 500px\" \/><figcaption class=\"wp-element-caption\"> <br><strong>En homenaje al fundador de la ciudad en el monumento que lo recuerda Plaza Rocha. <\/strong><\/figcaption><\/figure>\n<\/div>\n\n<div class=\"wp-block-image\">\n<figure class=\"aligncenter\"><img loading=\"lazy\" decoding=\"async\" width=\"800\" height=\"506\" src=\"http:\/\/www.laplatamagica.com.ar\/wp-content\/uploads\/2020\/10\/chapa-ovni.jpg\" alt=\"\" class=\"wp-image-8361\" srcset=\"https:\/\/laplatamagica.ar\/wp-content\/uploads\/2020\/10\/chapa-ovni.jpg 800w, https:\/\/laplatamagica.ar\/wp-content\/uploads\/2020\/10\/chapa-ovni-300x190.jpg 300w, https:\/\/laplatamagica.ar\/wp-content\/uploads\/2020\/10\/chapa-ovni-768x486.jpg 768w\" sizes=\"auto, (max-width: 800px) 85vw, 800px\" \/><figcaption class=\"wp-element-caption\"><strong>Placa recordatoria en el parque San Mart\u00edn (actual Vucetich) que recuerda el primer avistaje de un OVNI en el pais en el a\u00f1o 1947.<\/strong><\/figcaption><\/figure>\n<\/div>\n\n<div class=\"wp-block-image\">\n<figure class=\"aligncenter\"><img loading=\"lazy\" decoding=\"async\" width=\"700\" height=\"609\" src=\"http:\/\/www.laplatamagica.com.ar\/wp-content\/uploads\/2019\/10\/chapa04.jpg\" alt=\"\" class=\"wp-image-3289\" srcset=\"https:\/\/laplatamagica.ar\/wp-content\/uploads\/2019\/10\/chapa04.jpg 700w, https:\/\/laplatamagica.ar\/wp-content\/uploads\/2019\/10\/chapa04-300x261.jpg 300w\" sizes=\"auto, (max-width: 700px) 85vw, 700px\" \/><figcaption class=\"wp-element-caption\"> <br><strong>Antiguo bronce de la calle 27, se encuentra en la calle 27 y Diagonal 74. <\/strong><\/figcaption><\/figure>\n<\/div>\n\n<div class=\"wp-block-image\">\n<figure class=\"aligncenter\"><img loading=\"lazy\" decoding=\"async\" width=\"1000\" height=\"807\" src=\"http:\/\/www.laplatamagica.com.ar\/wp-content\/uploads\/2020\/07\/elindio.jpg\" alt=\"Sobre la calle 28 y esquina 60, El indio.\n\" class=\"wp-image-7533\" srcset=\"https:\/\/laplatamagica.ar\/wp-content\/uploads\/2020\/07\/elindio.jpg 1000w, https:\/\/laplatamagica.ar\/wp-content\/uploads\/2020\/07\/elindio-300x242.jpg 300w, https:\/\/laplatamagica.ar\/wp-content\/uploads\/2020\/07\/elindio-768x620.jpg 768w\" sizes=\"auto, (max-width: 709px) 85vw, (max-width: 909px) 67vw, (max-width: 1362px) 62vw, 840px\" \/><figcaption class=\"wp-element-caption\"><strong>Sobre la calle 28 y esquina 60, homenaje al nativo de estas tierras.<\/strong><\/figcaption><\/figure>\n<\/div>\n\n\n<figure class=\"wp-block-image size-full\"><img loading=\"lazy\" decoding=\"async\" width=\"984\" height=\"684\" src=\"https:\/\/laplatamagica.ar\/wp-content\/uploads\/2023\/08\/placa00023.jpg\" alt=\"\" class=\"wp-image-12127\" srcset=\"https:\/\/laplatamagica.ar\/wp-content\/uploads\/2023\/08\/placa00023.jpg 984w, https:\/\/laplatamagica.ar\/wp-content\/uploads\/2023\/08\/placa00023-300x209.jpg 300w, https:\/\/laplatamagica.ar\/wp-content\/uploads\/2023\/08\/placa00023-768x534.jpg 768w\" sizes=\"auto, (max-width: 709px) 85vw, (max-width: 909px) 67vw, (max-width: 1362px) 62vw, 840px\" \/><\/figure>\n\n\n\n<p class=\"has-text-align-center\">Nostalgia de un grupo de amigos de la zona de calle 6 y 67, la placa ya no esta.<\/p>\n\n\n<div class=\"wp-block-image\">\n<figure class=\"aligncenter\"><img loading=\"lazy\" decoding=\"async\" width=\"700\" height=\"412\" src=\"http:\/\/www.laplatamagica.com.ar\/wp-content\/uploads\/2019\/10\/chapa05.jpg\" alt=\"\" class=\"wp-image-3291\" srcset=\"https:\/\/laplatamagica.ar\/wp-content\/uploads\/2019\/10\/chapa05.jpg 700w, https:\/\/laplatamagica.ar\/wp-content\/uploads\/2019\/10\/chapa05-300x177.jpg 300w\" sizes=\"auto, (max-width: 700px) 85vw, 700px\" \/><figcaption class=\"wp-element-caption\"> <br><strong>Por Ordenanza N\u00ba5663 se designa con el nombre de &#8220;Presidente Per\u00f3n&#8221; a la Avenida 38 de la ciudad de La Plata. <\/strong><\/figcaption><\/figure>\n<\/div>\n\n<div class=\"wp-block-image\">\n<figure class=\"aligncenter\"><img loading=\"lazy\" decoding=\"async\" width=\"564\" height=\"608\" src=\"http:\/\/www.laplatamagica.com.ar\/wp-content\/uploads\/2019\/10\/chapa06.jpg\" alt=\"\" class=\"wp-image-3293\" srcset=\"https:\/\/laplatamagica.ar\/wp-content\/uploads\/2019\/10\/chapa06.jpg 564w, https:\/\/laplatamagica.ar\/wp-content\/uploads\/2019\/10\/chapa06-278x300.jpg 278w\" sizes=\"auto, (max-width: 564px) 85vw, 564px\" \/><figcaption class=\"wp-element-caption\"> <br><strong>El 7 de abril de 1992 se inaugur\u00f3 el Monumento a la Medicina en diagonal 79 esquina 1. <\/strong><\/figcaption><\/figure>\n<\/div>\n\n<div class=\"wp-block-image\">\n<figure class=\"aligncenter\"><img loading=\"lazy\" decoding=\"async\" width=\"700\" height=\"546\" src=\"http:\/\/www.laplatamagica.com.ar\/wp-content\/uploads\/2019\/10\/chapa07.jpg\" alt=\"\" class=\"wp-image-3295\" srcset=\"https:\/\/laplatamagica.ar\/wp-content\/uploads\/2019\/10\/chapa07.jpg 700w, https:\/\/laplatamagica.ar\/wp-content\/uploads\/2019\/10\/chapa07-300x234.jpg 300w\" sizes=\"auto, (max-width: 700px) 85vw, 700px\" \/><figcaption class=\"wp-element-caption\"> <br><strong>En la esquina de 53 esquina 8 en recordaci\u00f3n a personas desaparecidas durante la \u00faltima dictadura militar. <\/strong><br><br><\/figcaption><\/figure>\n<\/div>\n\n<div class=\"wp-block-image\">\n<figure class=\"aligncenter\"><img loading=\"lazy\" decoding=\"async\" width=\"700\" height=\"622\" src=\"http:\/\/www.laplatamagica.com.ar\/wp-content\/uploads\/2019\/10\/chapa08.jpg\" alt=\"\" class=\"wp-image-3297\" srcset=\"https:\/\/laplatamagica.ar\/wp-content\/uploads\/2019\/10\/chapa08.jpg 700w, https:\/\/laplatamagica.ar\/wp-content\/uploads\/2019\/10\/chapa08-300x267.jpg 300w\" sizes=\"auto, (max-width: 700px) 85vw, 700px\" \/><figcaption class=\"wp-element-caption\"> <br><strong>Moj\u00f3n que se\u00f1ala el centro geogr\u00e1fico de la ciudad de La Plata en Plaza Moreno. <\/strong><\/figcaption><\/figure>\n<\/div>\n\n<div class=\"wp-block-image\">\n<figure class=\"aligncenter\"><img loading=\"lazy\" decoding=\"async\" width=\"500\" height=\"313\" src=\"http:\/\/www.laplatamagica.com.ar\/wp-content\/uploads\/2019\/10\/chapa09.jpg\" alt=\"\" class=\"wp-image-3299\" srcset=\"https:\/\/laplatamagica.ar\/wp-content\/uploads\/2019\/10\/chapa09.jpg 500w, https:\/\/laplatamagica.ar\/wp-content\/uploads\/2019\/10\/chapa09-300x188.jpg 300w\" sizes=\"auto, (max-width: 500px) 85vw, 500px\" \/><figcaption class=\"wp-element-caption\"> <br><strong>M\u00e1rmol en la esquina de 7 y 63 donde vivi\u00f3 el m\u00e9dico y fil\u00e1ntropo Estanislao G. Bejarano. <\/strong><\/figcaption><\/figure>\n<\/div>\n\n<div class=\"wp-block-image\">\n<figure class=\"aligncenter\"><img loading=\"lazy\" decoding=\"async\" width=\"500\" height=\"330\" src=\"http:\/\/www.laplatamagica.com.ar\/wp-content\/uploads\/2019\/10\/chapa10.jpg\" alt=\"\" class=\"wp-image-3301\" srcset=\"https:\/\/laplatamagica.ar\/wp-content\/uploads\/2019\/10\/chapa10.jpg 500w, https:\/\/laplatamagica.ar\/wp-content\/uploads\/2019\/10\/chapa10-300x198.jpg 300w\" sizes=\"auto, (max-width: 500px) 85vw, 500px\" \/><figcaption class=\"wp-element-caption\"> <br><strong>Se impone el nombre de Bartolom\u00e9 Mitre a la Avenida 60,como homenaje al cumplir 80 a\u00f1os de edad. <\/strong><\/figcaption><\/figure>\n<\/div>\n\n<div class=\"wp-block-image\">\n<figure class=\"aligncenter\"><img loading=\"lazy\" decoding=\"async\" width=\"500\" height=\"334\" src=\"http:\/\/www.laplatamagica.com.ar\/wp-content\/uploads\/2019\/10\/chapa11.jpg\" alt=\"\" class=\"wp-image-3303\" srcset=\"https:\/\/laplatamagica.ar\/wp-content\/uploads\/2019\/10\/chapa11.jpg 500w, https:\/\/laplatamagica.ar\/wp-content\/uploads\/2019\/10\/chapa11-300x200.jpg 300w\" sizes=\"auto, (max-width: 500px) 85vw, 500px\" \/><figcaption class=\"wp-element-caption\"> <br><strong>Cenotafio de piedra en el paseo 9 de junio de la plaza Islas Malvinas, donde se grabaran los nombres de los 31 h\u00e9roes de junio de 1956. <\/strong><\/figcaption><\/figure>\n<\/div>\n\n<div class=\"wp-block-image\">\n<figure class=\"aligncenter\"><img loading=\"lazy\" decoding=\"async\" width=\"500\" height=\"342\" src=\"http:\/\/www.laplatamagica.com.ar\/wp-content\/uploads\/2019\/10\/chapa12.jpg\" alt=\"\" class=\"wp-image-3305\" srcset=\"https:\/\/laplatamagica.ar\/wp-content\/uploads\/2019\/10\/chapa12.jpg 500w, https:\/\/laplatamagica.ar\/wp-content\/uploads\/2019\/10\/chapa12-300x205.jpg 300w\" sizes=\"auto, (max-width: 500px) 85vw, 500px\" \/><figcaption class=\"wp-element-caption\"> <br><strong>Placa en lo que fuera la vivienda del escritor en la Diagonal 77 entre 8 y 43. <\/strong><\/figcaption><\/figure>\n<\/div>\n\n<div class=\"wp-block-image\">\n<figure class=\"aligncenter\"><img loading=\"lazy\" decoding=\"async\" width=\"500\" height=\"327\" src=\"http:\/\/www.laplatamagica.com.ar\/wp-content\/uploads\/2019\/10\/chapa13.jpg\" alt=\"\" class=\"wp-image-3307\" srcset=\"https:\/\/laplatamagica.ar\/wp-content\/uploads\/2019\/10\/chapa13.jpg 500w, https:\/\/laplatamagica.ar\/wp-content\/uploads\/2019\/10\/chapa13-300x196.jpg 300w\" sizes=\"auto, (max-width: 500px) 85vw, 500px\" \/><figcaption class=\"wp-element-caption\"><br><strong>Placa en lo que fuera la vivienda del escritor Benito Lynch. <\/strong><\/figcaption><\/figure>\n<\/div>\n\n<div class=\"wp-block-image\">\n<figure class=\"aligncenter\"><img loading=\"lazy\" decoding=\"async\" width=\"700\" height=\"617\" src=\"http:\/\/www.laplatamagica.com.ar\/wp-content\/uploads\/2019\/10\/chapa14.jpg\" alt=\"\" class=\"wp-image-3309\" srcset=\"https:\/\/laplatamagica.ar\/wp-content\/uploads\/2019\/10\/chapa14.jpg 700w, https:\/\/laplatamagica.ar\/wp-content\/uploads\/2019\/10\/chapa14-300x264.jpg 300w\" sizes=\"auto, (max-width: 700px) 85vw, 700px\" \/><figcaption class=\"wp-element-caption\"> <br><strong>Placa en el Coliseo Podest\u00e1, calle 10 entre 47 y 48. <\/strong><\/figcaption><\/figure>\n<\/div>\n\n<div class=\"wp-block-image\">\n<figure class=\"aligncenter\"><img loading=\"lazy\" decoding=\"async\" width=\"700\" height=\"460\" src=\"http:\/\/www.laplatamagica.com.ar\/wp-content\/uploads\/2019\/10\/chapa15.jpg\" alt=\"\" class=\"wp-image-3311\" srcset=\"https:\/\/laplatamagica.ar\/wp-content\/uploads\/2019\/10\/chapa15.jpg 700w, https:\/\/laplatamagica.ar\/wp-content\/uploads\/2019\/10\/chapa15-300x197.jpg 300w\" sizes=\"auto, (max-width: 700px) 85vw, 700px\" \/><figcaption class=\"wp-element-caption\"> <br><strong>Placa de ceramica en lo que fuera la casa de Lopez Merino y es hoy &#8220;Biblioteca L\u00f3pez Merino&#8221;, de calle 49 entre 11 y 12 N\u00b0835. <\/strong><\/figcaption><\/figure>\n<\/div>\n\n<div class=\"wp-block-image\">\n<figure class=\"aligncenter\"><img loading=\"lazy\" decoding=\"async\" width=\"600\" height=\"356\" src=\"http:\/\/www.laplatamagica.com.ar\/wp-content\/uploads\/2019\/10\/chapa16.jpg\" alt=\"\" class=\"wp-image-3313\" srcset=\"https:\/\/laplatamagica.ar\/wp-content\/uploads\/2019\/10\/chapa16.jpg 600w, https:\/\/laplatamagica.ar\/wp-content\/uploads\/2019\/10\/chapa16-300x178.jpg 300w\" sizes=\"auto, (max-width: 600px) 85vw, 600px\" \/><figcaption class=\"wp-element-caption\"> <br><strong>Bronce sobre la calle 34 esquina 7, en la calle que lleva su nombre. <\/strong><\/figcaption><\/figure>\n<\/div>\n\n<div class=\"wp-block-image\">\n<figure class=\"aligncenter\"><img loading=\"lazy\" decoding=\"async\" width=\"600\" height=\"256\" src=\"http:\/\/www.laplatamagica.com.ar\/wp-content\/uploads\/2019\/10\/chapa17.jpg\" alt=\"\" class=\"wp-image-3315\" srcset=\"https:\/\/laplatamagica.ar\/wp-content\/uploads\/2019\/10\/chapa17.jpg 600w, https:\/\/laplatamagica.ar\/wp-content\/uploads\/2019\/10\/chapa17-300x128.jpg 300w\" sizes=\"auto, (max-width: 600px) 85vw, 600px\" \/><figcaption class=\"wp-element-caption\"><strong> <br>Homenaje al Dr. Pedro Belou. <\/strong><\/figcaption><\/figure>\n<\/div>\n\n<div class=\"wp-block-image\">\n<figure class=\"aligncenter\"><img loading=\"lazy\" decoding=\"async\" width=\"676\" height=\"544\" src=\"http:\/\/www.laplatamagica.com.ar\/wp-content\/uploads\/2019\/10\/chapa18.jpg\" alt=\"\" class=\"wp-image-3317\" srcset=\"https:\/\/laplatamagica.ar\/wp-content\/uploads\/2019\/10\/chapa18.jpg 676w, https:\/\/laplatamagica.ar\/wp-content\/uploads\/2019\/10\/chapa18-300x241.jpg 300w\" sizes=\"auto, (max-width: 676px) 85vw, 676px\" \/><figcaption class=\"wp-element-caption\"><br><strong>Imponese el nombre al tramo de la calle 14. <\/strong><\/figcaption><\/figure>\n<\/div>\n\n<div class=\"wp-block-image\">\n<figure class=\"aligncenter\"><img loading=\"lazy\" decoding=\"async\" width=\"600\" height=\"468\" src=\"http:\/\/www.laplatamagica.com.ar\/wp-content\/uploads\/2019\/10\/chapa19.jpg\" alt=\"\" class=\"wp-image-3319\" srcset=\"https:\/\/laplatamagica.ar\/wp-content\/uploads\/2019\/10\/chapa19.jpg 600w, https:\/\/laplatamagica.ar\/wp-content\/uploads\/2019\/10\/chapa19-300x234.jpg 300w\" sizes=\"auto, (max-width: 600px) 85vw, 600px\" \/><figcaption class=\"wp-element-caption\"><br><strong>Placa en los Jardines de la ex Direcci\u00f3n de Vialidad. <\/strong><\/figcaption><\/figure>\n<\/div>\n\n<div class=\"wp-block-image\">\n<figure class=\"aligncenter\"><img loading=\"lazy\" decoding=\"async\" width=\"500\" height=\"321\" src=\"http:\/\/www.laplatamagica.com.ar\/wp-content\/uploads\/2019\/10\/chapa20.jpg\" alt=\"\" class=\"wp-image-3322\" srcset=\"https:\/\/laplatamagica.ar\/wp-content\/uploads\/2019\/10\/chapa20.jpg 500w, https:\/\/laplatamagica.ar\/wp-content\/uploads\/2019\/10\/chapa20-300x193.jpg 300w\" sizes=\"auto, (max-width: 500px) 85vw, 500px\" \/><figcaption class=\"wp-element-caption\"><strong> <br>En homenaje a quien fuera director del Zool\u00f3gico. <\/strong><\/figcaption><\/figure>\n<\/div>\n\n<div class=\"wp-block-image\">\n<figure class=\"aligncenter\"><img loading=\"lazy\" decoding=\"async\" width=\"500\" height=\"292\" src=\"http:\/\/www.laplatamagica.com.ar\/wp-content\/uploads\/2019\/10\/chapa21.jpg\" alt=\"\" class=\"wp-image-3324\" srcset=\"https:\/\/laplatamagica.ar\/wp-content\/uploads\/2019\/10\/chapa21.jpg 500w, https:\/\/laplatamagica.ar\/wp-content\/uploads\/2019\/10\/chapa21-300x175.jpg 300w\" sizes=\"auto, (max-width: 500px) 85vw, 500px\" \/><figcaption class=\"wp-element-caption\"> <br><strong>En el aniversario de Zool\u00f3gico. <\/strong><\/figcaption><\/figure>\n<\/div>\n\n<div class=\"wp-block-image\">\n<figure class=\"aligncenter\"><img loading=\"lazy\" decoding=\"async\" width=\"617\" height=\"413\" src=\"http:\/\/www.laplatamagica.com.ar\/wp-content\/uploads\/2019\/10\/chapa22.jpg\" alt=\"\" class=\"wp-image-3326\" srcset=\"https:\/\/laplatamagica.ar\/wp-content\/uploads\/2019\/10\/chapa22.jpg 617w, https:\/\/laplatamagica.ar\/wp-content\/uploads\/2019\/10\/chapa22-300x201.jpg 300w\" sizes=\"auto, (max-width: 617px) 85vw, 617px\" \/><figcaption class=\"wp-element-caption\"> <br><strong>A los estudiantes. <\/strong><\/figcaption><\/figure>\n<\/div>\n\n<div class=\"wp-block-image\">\n<figure class=\"aligncenter\"><img loading=\"lazy\" decoding=\"async\" width=\"600\" height=\"423\" src=\"http:\/\/www.laplatamagica.com.ar\/wp-content\/uploads\/2019\/10\/chapa23.jpg\" alt=\"\" class=\"wp-image-3328\" srcset=\"https:\/\/laplatamagica.ar\/wp-content\/uploads\/2019\/10\/chapa23.jpg 600w, https:\/\/laplatamagica.ar\/wp-content\/uploads\/2019\/10\/chapa23-300x212.jpg 300w\" sizes=\"auto, (max-width: 600px) 85vw, 600px\" \/><figcaption class=\"wp-element-caption\"> <br><strong>A la sociedad libanesa de La Plata. <\/strong><\/figcaption><\/figure>\n<\/div>\n\n<div class=\"wp-block-image\">\n<figure class=\"aligncenter\"><img loading=\"lazy\" decoding=\"async\" width=\"650\" height=\"414\" src=\"http:\/\/www.laplatamagica.com.ar\/wp-content\/uploads\/2019\/10\/chapa24.jpg\" alt=\"\" class=\"wp-image-3330\" srcset=\"https:\/\/laplatamagica.ar\/wp-content\/uploads\/2019\/10\/chapa24.jpg 650w, https:\/\/laplatamagica.ar\/wp-content\/uploads\/2019\/10\/chapa24-300x191.jpg 300w\" sizes=\"auto, (max-width: 650px) 85vw, 650px\" \/><figcaption class=\"wp-element-caption\"> <br><strong>Designaci\u00f3n de una rambla. <\/strong><\/figcaption><\/figure>\n<\/div>\n\n<div class=\"wp-block-image\">\n<figure class=\"aligncenter\"><img loading=\"lazy\" decoding=\"async\" width=\"400\" height=\"933\" src=\"http:\/\/www.laplatamagica.com.ar\/wp-content\/uploads\/2019\/10\/chapa25.jpg\" alt=\"\" class=\"wp-image-3332\" srcset=\"https:\/\/laplatamagica.ar\/wp-content\/uploads\/2019\/10\/chapa25.jpg 400w, https:\/\/laplatamagica.ar\/wp-content\/uploads\/2019\/10\/chapa25-129x300.jpg 129w\" sizes=\"auto, (max-width: 400px) 85vw, 400px\" \/><figcaption class=\"wp-element-caption\"> <br><strong>En los jardines de la catedral sobre la calle 53. <\/strong><\/figcaption><\/figure>\n<\/div>\n\n<div class=\"wp-block-image\">\n<figure class=\"aligncenter\"><img loading=\"lazy\" decoding=\"async\" width=\"400\" height=\"859\" src=\"http:\/\/www.laplatamagica.com.ar\/wp-content\/uploads\/2019\/10\/chapa26.jpg\" alt=\"\" class=\"wp-image-3334\" srcset=\"https:\/\/laplatamagica.ar\/wp-content\/uploads\/2019\/10\/chapa26.jpg 400w, https:\/\/laplatamagica.ar\/wp-content\/uploads\/2019\/10\/chapa26-140x300.jpg 140w\" sizes=\"auto, (max-width: 400px) 85vw, 400px\" \/><figcaption class=\"wp-element-caption\"> <br><strong>En la columna de la virgen, jardines de la catedral calle 53. <\/strong><\/figcaption><\/figure>\n<\/div>\n\n<div class=\"wp-block-image\">\n<figure class=\"aligncenter\"><img loading=\"lazy\" decoding=\"async\" width=\"1000\" height=\"761\" src=\"http:\/\/www.laplatamagica.com.ar\/wp-content\/uploads\/2020\/10\/escalabrini.jpg\" alt=\"Placa en homenaje a Ra\u00fal Scalabrini Ortiz en la calle 19 y 32. \" class=\"wp-image-8454\" srcset=\"https:\/\/laplatamagica.ar\/wp-content\/uploads\/2020\/10\/escalabrini.jpg 1000w, https:\/\/laplatamagica.ar\/wp-content\/uploads\/2020\/10\/escalabrini-300x228.jpg 300w, https:\/\/laplatamagica.ar\/wp-content\/uploads\/2020\/10\/escalabrini-768x584.jpg 768w\" sizes=\"auto, (max-width: 709px) 85vw, (max-width: 909px) 67vw, (max-width: 1362px) 62vw, 840px\" \/><figcaption class=\"wp-element-caption\"><strong>Placa en homenaje a Ra\u00fal Scalabrini Ortiz en la calle 19 y 32. <\/strong><\/figcaption><\/figure>\n<\/div>\n\n<div class=\"wp-block-image\">\n<figure class=\"aligncenter\"><img loading=\"lazy\" decoding=\"async\" width=\"700\" height=\"439\" src=\"http:\/\/www.laplatamagica.com.ar\/wp-content\/uploads\/2019\/10\/chapa27.jpg\" alt=\"\" class=\"wp-image-3336\" srcset=\"https:\/\/laplatamagica.ar\/wp-content\/uploads\/2019\/10\/chapa27.jpg 700w, https:\/\/laplatamagica.ar\/wp-content\/uploads\/2019\/10\/chapa27-300x188.jpg 300w\" sizes=\"auto, (max-width: 700px) 85vw, 700px\" \/><figcaption class=\"wp-element-caption\"> <br><strong>Recuerdo a quien fuera intendente de la ciudad en el a\u00f1o 1917. <\/strong><\/figcaption><\/figure>\n<\/div>\n\n<div class=\"wp-block-image\">\n<figure class=\"aligncenter\"><img loading=\"lazy\" decoding=\"async\" width=\"500\" height=\"299\" src=\"http:\/\/www.laplatamagica.com.ar\/wp-content\/uploads\/2019\/10\/chapa28.jpg\" alt=\"\" class=\"wp-image-3338\" srcset=\"https:\/\/laplatamagica.ar\/wp-content\/uploads\/2019\/10\/chapa28.jpg 500w, https:\/\/laplatamagica.ar\/wp-content\/uploads\/2019\/10\/chapa28-300x179.jpg 300w\" sizes=\"auto, (max-width: 500px) 85vw, 500px\" \/><figcaption class=\"wp-element-caption\"> <br><strong>Frente a la casa de Almafuerte. <\/strong><\/figcaption><\/figure>\n<\/div>\n\n<div class=\"wp-block-image\">\n<figure class=\"aligncenter\"><img loading=\"lazy\" decoding=\"async\" width=\"500\" height=\"609\" src=\"http:\/\/www.laplatamagica.com.ar\/wp-content\/uploads\/2019\/10\/chapa29.jpg\" alt=\"\" class=\"wp-image-3340\" srcset=\"https:\/\/laplatamagica.ar\/wp-content\/uploads\/2019\/10\/chapa29.jpg 500w, https:\/\/laplatamagica.ar\/wp-content\/uploads\/2019\/10\/chapa29-246x300.jpg 246w\" sizes=\"auto, (max-width: 500px) 85vw, 500px\" \/><figcaption class=\"wp-element-caption\"> <br><strong>En la calle 17 y 71. <\/strong><\/figcaption><\/figure>\n<\/div>\n\n<div class=\"wp-block-image\">\n<figure class=\"aligncenter\"><img loading=\"lazy\" decoding=\"async\" width=\"700\" height=\"559\" src=\"http:\/\/www.laplatamagica.com.ar\/wp-content\/uploads\/2019\/10\/chapa30.jpg\" alt=\"\" class=\"wp-image-3342\" srcset=\"https:\/\/laplatamagica.ar\/wp-content\/uploads\/2019\/10\/chapa30.jpg 700w, https:\/\/laplatamagica.ar\/wp-content\/uploads\/2019\/10\/chapa30-300x240.jpg 300w\" sizes=\"auto, (max-width: 700px) 85vw, 700px\" \/><figcaption class=\"wp-element-caption\"> <br><strong>Placa en la plaza Rivadavia en el monumento. <\/strong><\/figcaption><\/figure>\n<\/div>\n\n<div class=\"wp-block-image\">\n<figure class=\"aligncenter\"><img loading=\"lazy\" decoding=\"async\" width=\"511\" height=\"700\" src=\"http:\/\/www.laplatamagica.com.ar\/wp-content\/uploads\/2019\/10\/chapa31.jpg\" alt=\"\" class=\"wp-image-3344\" srcset=\"https:\/\/laplatamagica.ar\/wp-content\/uploads\/2019\/10\/chapa31.jpg 511w, https:\/\/laplatamagica.ar\/wp-content\/uploads\/2019\/10\/chapa31-219x300.jpg 219w\" sizes=\"auto, (max-width: 511px) 85vw, 511px\" \/><figcaption class=\"wp-element-caption\"><strong> <br>Homenaje a Marcelino Champagnat en el monolito de 131 y 32. San Marcelino Champagnat, fundador del Instituto de los Hermanos Maristas, se apasiona por Dios y se entrega con entusiasmo a favor de los ni\u00f1os y j\u00f3venes, especialmente m\u00e1s necesitados. Una comunidad internacional de hermanos contin\u00faa hoy en d\u00eda su sue\u00f1o. San Marcelino Jos\u00e9 Benito Champagnat Chirat * Marlhes, Loira, Francia, 1789 &#8211; \u2020 Saint-Chamond 1840. En el campo educativo, Marcelino Champagnat fue un pionero, pues siempre estuvo abierto a lo nuevo que fuera m\u00e1s eficiente. Adopt\u00f3 el m\u00e9todo simult\u00e1neo-mutuo de ense\u00f1anza, zanjando as\u00ed la pol\u00e9mica entre el m\u00e9todo llamado de los Hermanos (de la Salle) y el m\u00e9todo saj\u00f3n o Lancasteriano. Adopt\u00f3 igualmente un nuevo m\u00e9todo de lectura, el fon\u00e9tico-sil\u00e1bico, en remplazo del tradicional del deletreo. Introdujo la ense\u00f1anza del canto en la escuela, la educaci\u00f3n f\u00edsica, la tenedur\u00eda de libros y la agrimensura. Introdujo igualmente el catecismo mariano, hizo practicar la disciplina preventiva y prohibi\u00f3 todo castigo f\u00edsico. Dec\u00eda: &#8220;Para educar hay que amar&#8221; y este es el lema de los educadores Maristas en todos los pa\u00edses del mundo. <\/strong><\/figcaption><\/figure>\n<\/div>\n\n\n<hr class=\"wp-block-separator has-css-opacity\"\/>\n\n\n\n<p class=\"has-text-align-center\" style=\"font-size:25px\"><strong>Lo que no vemos 2<\/strong><\/p>\n\n\n\n<p class=\"has-text-align-center\" style=\"font-size:25px\"><strong>Lo que no vemos <a href=\"http:\/\/www.laplatamagica.com.ar\/?page_id=3116\">1<\/a>  <a href=\"http:\/\/www.laplatamagica.com.ar\/?page_id=3274\">2<\/a><\/strong><\/p>\n","protected":false},"excerpt":{"rendered":"<p>Lo que no vemos 1 2 Nostalgia de un grupo de amigos de la zona de calle 6 y 67, la placa ya no esta. Lo que no vemos 2 Lo que no vemos 1 2<\/p>\n","protected":false},"author":1,"featured_media":0,"parent":0,"menu_order":0,"comment_status":"closed","ping_status":"closed","template":"","meta":{"switch_pages_title":"","h5ap_radio_sources":[],"footnotes":""},"class_list":["post-3274","page","type-page","status-publish","hentry"],"_links":{"self":[{"href":"https:\/\/laplatamagica.ar\/index.php?rest_route=\/wp\/v2\/pages\/3274","targetHints":{"allow":["GET"]}}],"collection":[{"href":"https:\/\/laplatamagica.ar\/index.php?rest_route=\/wp\/v2\/pages"}],"about":[{"href":"https:\/\/laplatamagica.ar\/index.php?rest_route=\/wp\/v2\/types\/page"}],"author":[{"embeddable":true,"href":"https:\/\/laplatamagica.ar\/index.php?rest_route=\/wp\/v2\/users\/1"}],"replies":[{"embeddable":true,"href":"https:\/\/laplatamagica.ar\/index.php?rest_route=%2Fwp%2Fv2%2Fcomments&post=3274"}],"version-history":[{"count":2,"href":"https:\/\/laplatamagica.ar\/index.php?rest_route=\/wp\/v2\/pages\/3274\/revisions"}],"predecessor-version":[{"id":12131,"href":"https:\/\/laplatamagica.ar\/index.php?rest_route=\/wp\/v2\/pages\/3274\/revisions\/12131"}],"wp:attachment":[{"href":"https:\/\/laplatamagica.ar\/index.php?rest_route=%2Fwp%2Fv2%2Fmedia&parent=3274"}],"curies":[{"name":"wp","href":"https:\/\/api.w.org\/{rel}","templated":true}]}}