{"id":3389,"date":"2019-10-06T14:57:54","date_gmt":"2019-10-06T17:57:54","guid":{"rendered":"http:\/\/www.laplatamagica.com.ar\/?page_id=3389"},"modified":"2026-02-19T15:45:37","modified_gmt":"2026-02-19T18:45:37","slug":"link-de-interes","status":"publish","type":"page","link":"https:\/\/laplatamagica.ar\/?page_id=3389","title":{"rendered":"Link de Inter\u00e9s"},"content":{"rendered":"\n<figure class=\"wp-block-image\"><img loading=\"lazy\" decoding=\"async\" width=\"759\" height=\"63\" src=\"http:\/\/www.laplatamagica.com.ar\/wp-content\/uploads\/2019\/10\/cadena-1.jpg\" alt=\"\" class=\"wp-image-3462\" srcset=\"https:\/\/laplatamagica.ar\/wp-content\/uploads\/2019\/10\/cadena-1.jpg 759w, https:\/\/laplatamagica.ar\/wp-content\/uploads\/2019\/10\/cadena-1-300x25.jpg 300w\" sizes=\"auto, (max-width: 759px) 85vw, 759px\" \/><\/figure>\n\n\n\n<figure class=\"wp-block-image size-full is-style-default\"><a href=\"https:\/\/dgvideoproduccion.com.ar\/\" target=\"_blank\" rel=\"noreferrer noopener\"><img loading=\"lazy\" decoding=\"async\" width=\"940\" height=\"140\" src=\"https:\/\/laplatamagica.ar\/wp-content\/uploads\/2023\/02\/dgaudiovisual.jpg\" alt=\"\" class=\"wp-image-11924\" srcset=\"https:\/\/laplatamagica.ar\/wp-content\/uploads\/2023\/02\/dgaudiovisual.jpg 940w, https:\/\/laplatamagica.ar\/wp-content\/uploads\/2023\/02\/dgaudiovisual-300x45.jpg 300w, https:\/\/laplatamagica.ar\/wp-content\/uploads\/2023\/02\/dgaudiovisual-768x114.jpg 768w\" sizes=\"auto, (max-width: 709px) 85vw, (max-width: 909px) 67vw, (max-width: 1362px) 62vw, 840px\" \/><\/a><\/figure>\n\n\n\n<blockquote class=\"twitter-tweet tw-align-center\"><p lang=\"es\" dir=\"ltr\">Este martes a las 13 hs. los esperamos con recuerdos de una ciudad \u00fanica. Entrevistas. Y todo lo que sucedi\u00f3 en diciembre. Se repite los mi\u00e9rcoles 19 hs. Radio Revoluci\u00f3n 98.9 FM.<a href=\"https:\/\/twitter.com\/hashtag\/revolucion989?src=hash&amp;ref_src=twsrc%5Etfw\">#revolucion989<\/a> <a href=\"https:\/\/twitter.com\/hashtag\/laplatamagica?src=hash&amp;ref_src=twsrc%5Etfw\">#laplatamagica<\/a> <a href=\"https:\/\/twitter.com\/hashtag\/RadioRevoluci%C3%B3n?src=hash&amp;ref_src=twsrc%5Etfw\">#RadioRevoluci\u00f3n<\/a> <a href=\"https:\/\/twitter.com\/hashtag\/rgabrodos?src=hash&amp;ref_src=twsrc%5Etfw\">#rgabrodos<\/a> <a href=\"https:\/\/twitter.com\/hashtag\/susanawhitington?src=hash&amp;ref_src=twsrc%5Etfw\">#susanawhitington<\/a> <a href=\"https:\/\/twitter.com\/hashtag\/laplatahistorias?src=hash&amp;ref_src=twsrc%5Etfw\">#laplatahistorias<\/a>. <a href=\"https:\/\/t.co\/0vGjBjqV3W\">pic.twitter.com\/0vGjBjqV3W<\/a><\/p>\u2014 Roberto G. Abrodos (@Abrodos) <a href=\"https:\/\/twitter.com\/Abrodos\/status\/1473254223089487873?ref_src=twsrc%5Etfw\">December 21, 2021<\/a><\/blockquote> <script async=\"\" src=\"https:\/\/platform.twitter.com\/widgets.js\" charset=\"utf-8\"><\/script>\n\n\n\n<figure class=\"wp-block-embed is-type-video is-provider-youtube wp-block-embed-youtube wp-embed-aspect-16-9 wp-has-aspect-ratio\"><div class=\"wp-block-embed__wrapper\">\n<iframe loading=\"lazy\" title=\"Presentaci\u00f3n de &quot;Convulsionados&quot;\" width=\"840\" height=\"473\" src=\"https:\/\/www.youtube.com\/embed\/5E2T95BMvC8?feature=oembed\" frameborder=\"0\" allow=\"accelerometer; autoplay; clipboard-write; encrypted-media; gyroscope; picture-in-picture; web-share\" referrerpolicy=\"strict-origin-when-cross-origin\" allowfullscreen><\/iframe>\n<\/div><\/figure>\n\n\n<div class=\"wp-block-image\">\n<figure class=\"aligncenter\"><img loading=\"lazy\" decoding=\"async\" width=\"218\" height=\"139\" src=\"http:\/\/www.laplatamagica.com.ar\/wp-content\/uploads\/2020\/04\/agronomiaonline.jpg\" alt=\"Agronom\u00eda Online Somos un equipo de profesionales, que brindamos asesoramiento.\" class=\"wp-image-6791\"\/><figcaption class=\"wp-element-caption\">      <a href=\"https:\/\/www.agromolineria.com.ar\/\" target=\"_blank\" rel=\"noreferrer noopener\">www.agromolineria.com.ar<\/a><\/figcaption><\/figure>\n<\/div>\n\n\n<p class=\"has-text-align-center\"><\/p>\n\n\n\n<figure class=\"wp-block-video\"><video height=\"352\" style=\"aspect-ratio: 640 \/ 352;\" width=\"640\" controls src=\"http:\/\/www.laplatamagica.com.ar\/wp-content\/uploads\/2020\/08\/WhatsApp-Video-2020-08-05-at-10.27.16.mp4\"><\/video><figcaption class=\"wp-element-caption\"><strong><a href=\"#agro\">Agronom\u00eda Online<\/a><\/strong><\/figcaption><\/figure>\n\n\n<div class=\"wp-block-image\">\n<figure class=\"aligncenter\"><a href=\"https:\/\/estudiojuridicodellamea.blogspot.com\/\" target=\"_blank\" rel=\"noreferrer noopener\"><img loading=\"lazy\" decoding=\"async\" width=\"656\" height=\"131\" src=\"http:\/\/www.laplatamagica.com.ar\/wp-content\/uploads\/2020\/10\/dellamea.jpg\" alt=\"\" class=\"wp-image-8293\" srcset=\"https:\/\/laplatamagica.ar\/wp-content\/uploads\/2020\/10\/dellamea.jpg 656w, https:\/\/laplatamagica.ar\/wp-content\/uploads\/2020\/10\/dellamea-300x60.jpg 300w\" sizes=\"auto, (max-width: 656px) 85vw, 656px\" \/><\/a><\/figure>\n<\/div>\n\n<div class=\"wp-block-image\">\n<figure class=\"aligncenter\"><a href=\"https:\/\/revistaflipar.com\/\" target=\"_blank\" rel=\"noreferrer noopener\"><img loading=\"lazy\" decoding=\"async\" width=\"349\" height=\"194\" src=\"http:\/\/www.laplatamagica.com.ar\/wp-content\/uploads\/2019\/10\/flipar.jpg\" alt=\"\" class=\"wp-image-3443\" srcset=\"https:\/\/laplatamagica.ar\/wp-content\/uploads\/2019\/10\/flipar.jpg 349w, https:\/\/laplatamagica.ar\/wp-content\/uploads\/2019\/10\/flipar-300x167.jpg 300w\" sizes=\"auto, (max-width: 349px) 85vw, 349px\" \/><\/a><\/figure>\n<\/div>\n\n\n<figure class=\"wp-block-image\"><img loading=\"lazy\" decoding=\"async\" width=\"84\" height=\"90\" src=\"http:\/\/www.laplatamagica.com.ar\/wp-content\/uploads\/2020\/02\/iconoface-2.jpg\" alt=\"\" class=\"wp-image-5918\"><\/figure><p class=\"has-medium-font-size\"><a href=\"https:\/\/www.facebook.com\/laplatamagica\/\" target=\"_blank\" rel=\"noreferrer noopener\" aria-label=\"Estamos en Facebook (abre en una nueva pesta\u00f1a)\">Estamos en Facebook<\/a><\/p>\n\n\n\n<figure class=\"wp-block-image\"><img decoding=\"async\" src=\"http:\/\/www.laplatamagica.com.ar\/wp-content\/uploads\/2020\/02\/iconoinstagram\" alt=\"\" class=\"wp-image-5918\"><\/figure><p class=\"has-medium-font-size\"><a href=\"https:\/\/www.instagram.com\/laplatamagica\" target=\"_blank\" rel=\"noreferrer noopener\" aria-label=\"Estamos en Instagram (abre en una nueva pesta\u00f1a)\">Estamos en Instagram<\/a><\/p>\n\n\n\n<p class=\"has-medium-font-size\"><strong><a href=\"https:\/\/www.laplata.gob.ar\/#\/\">Municipalidad de La Plata<\/a><\/strong><\/p>\n\n\n\n<p class=\"has-medium-font-size\"><a rel=\"noreferrer noopener\" aria-label=\"Museo de La Plata (abre en una nueva pesta\u00f1a)\" href=\"https:\/\/www.museo.fcnym.unlp.edu.ar\" target=\"_blank\"><strong>Museo de La Plata<\/strong><\/a><\/p>\n\n\n\n<p class=\"has-medium-font-size\"><strong><a rel=\"noreferrer noopener\" aria-label=\"Universidad Nacional de La Plata (abre en una nueva pesta\u00f1a)\" href=\"https:\/\/unlp.edu.ar\/\" target=\"_blank\">Universidad Nacional de La Plata<\/a><\/strong><\/p>\n\n\n\n<p class=\"has-medium-font-size\"><strong><a rel=\"noreferrer noopener\" aria-label=\"Radio Revoluci\u00f3n FM 98.9 - El Cambio esta en el aire (abre en una nueva pesta\u00f1a)\" href=\"http:\/\/www.revolucion989.com.ar\/\" target=\"_blank\">Radio Revoluci\u00f3n FM 98.9 &#8211; El Cambio esta en el aire<\/a><\/strong><\/p>\n\n\n\n<p class=\"has-medium-font-size\"><strong><a href=\"http:\/\/www.radioolazabal.com.ar\/portal\/\">Radio Olazabal<\/a><\/strong><\/p>\n\n\n\n<p class=\"has-medium-font-size\"><strong><a href=\"http:\/\/www.missingchildren.org.ar\/\" target=\"_blank\" rel=\"noreferrer noopener\" aria-label=\"Chicos Perdidos de Argentina (abre en una nueva pesta\u00f1a)\">Chicos Perdidos de Argentina<\/a><\/strong><\/p>\n\n\n\n<p class=\"has-medium-font-size\"><strong><a rel=\"noreferrer noopener\" aria-label=\"Ministerio de Educaci\u00f3n de la Provinica de Buenos Aires (abre en una nueva pesta\u00f1a)\" href=\"http:\/\/abc.gov.ar\/\" target=\"_blank\">Ministerio de Educaci\u00f3n de la Provincia de Buenos Aires<\/a><\/strong><\/p>\n\n\n\n<p class=\"has-medium-font-size\"><strong><a href=\"http:\/\/www.gimnasia.org.ar\/\">Club de Gimnasia y Esgrima La Plata<\/a><\/strong><\/p>\n\n\n\n<p class=\"has-medium-font-size\"><strong><a rel=\"noreferrer noopener\" aria-label=\"City Bell VIVa (abre en una nueva pesta\u00f1a)\" href=\"http:\/\/citybellviva.blogspot.com\/\" target=\"_blank\">City Bell VIVA<\/a><\/strong><\/p>\n\n\n\n<p class=\"has-medium-font-size\"><strong><a href=\"https:\/\/diariohoy.net\/\" target=\"_blank\" rel=\"noreferrer noopener\" aria-label=\"Diario Hoy (opens in a new tab)\">Diario Hoy<\/a><\/strong><\/p>\n\n\n\n<p class=\"has-medium-font-size\"><strong><a href=\"https:\/\/cultura.laplata.gob.ar\/listings\/complejo-bibliotecario-lopez-marino\/\" target=\"_blank\" rel=\"noreferrer noopener\" aria-label=\"Complejo Bibliotecario Municipal Francisco Lopez Merino (opens in a new tab)\">Complejo Bibliotecario Municipal <\/a><\/strong><em><strong><a href=\"https:\/\/cultura.laplata.gob.ar\/listings\/complejo-bibliotecario-lopez-marino\/\" target=\"_blank\" rel=\"noreferrer noopener\" aria-label=\"Complejo Bibliotecario Municipal Francisco Lopez Merino (opens in a new tab)\">Francisco Lopez Merino<\/a><\/strong><\/em><\/p>\n\n\n\n<p class=\"has-medium-font-size\"><strong><a href=\"http:\/\/bancoalimentario.org.ar\" target=\"_blank\" rel=\"noreferrer noopener\" aria-label=\"Banco Alimentario (opens in a new tab)\">Banco Alimentario<\/a><\/strong><\/p>\n\n\n\n<p class=\"has-medium-font-size\"><strong><a href=\"http:\/\/www.amberesviajes.com.ar\" target=\"_blank\" rel=\"noreferrer noopener\" aria-label=\"Turismo Amberes (abre en una nueva pesta\u00f1a)\">Turismo Amberes<\/a><\/strong><\/p>\n\n\n\n<p class=\"has-medium-font-size\"><strong><a href=\"http:\/\/comunicacionconpnl2.blogspot.com\/\" target=\"_blank\" rel=\"noreferrer noopener\" aria-label=\"Neurocomunicaci\u00f3n (abre en una nueva pesta\u00f1a)\">Neurocomunicaci\u00f3n<\/a><\/strong><\/p>\n\n\n\n<p class=\"has-medium-font-size\"><a rel=\"noreferrer noopener\" aria-label=\"Nivelar Red Social Solidaria (abre en una nueva pesta\u00f1a)\" href=\"http:\/\/nivelar.blogspot.com\/\" target=\"_blank\"><strong>Nivelar Red Social Solidaria<\/strong><\/a><\/p>\n\n\n\n<p class=\"has-medium-font-size\"><strong><a href=\"http:\/\/www.soniagodoy.com.ar\/\" target=\"_blank\" rel=\"noreferrer noopener\" aria-label=\"Sonia Godoy - cantante de tango (abre en una nueva pesta\u00f1a)\">Sonia Godoy &#8211; cantante de tango<\/a><a href=\"http:\/\/www.soniagodoy.com.ar\/\">s<\/a><\/strong><\/p>\n\n\n\n<p class=\"has-medium-font-size\"><strong><a href=\"http:\/\/www.comocriarmariposas.com.ar\/\" target=\"_blank\" rel=\"noreferrer noopener\" aria-label=\"Como Criar Mariposas (abre en una nueva pesta\u00f1a)\">Como Criar Mariposas<\/a><\/strong><\/p>\n\n\n\n<p class=\"has-medium-font-size\"><strong><a href=\"https:\/\/aubasa.com.ar\/\" target=\"_blank\" rel=\"noreferrer noopener\" aria-label=\"Autopistas de Buenos Aires (abre en una nueva pesta\u00f1a)\">Autopistas de Buenos Aires<\/a><\/strong><\/p>\n\n\n\n<p class=\"has-medium-font-size\"><strong><a href=\"https:\/\/www.eldia.com\/\" target=\"_blank\" rel=\"noreferrer noopener\" aria-label=\"Diario El D\u00eda (abre en una nueva pesta\u00f1a)\">Diario El D\u00eda<\/a><\/strong><\/p>\n\n\n\n<p class=\"has-medium-font-size\"><strong><a href=\"https:\/\/www.vechiatti.com.ar\/\" target=\"_blank\" rel=\"noreferrer noopener\" aria-label=\"Vechiatti Inmobiliaria (abre en una nueva pesta\u00f1a)\">Vechiatti Inmobiliaria<\/a><\/strong><\/p>\n\n\n\n<p class=\"has-medium-font-size\"><strong><a rel=\"noreferrer noopener\" aria-label=\"Historia y actualidad de Parque Sicardi (abre en una nueva pesta\u00f1a)\" href=\"http:\/\/parque-sicardi.blogspot.com\/\" target=\"_blank\">Historia y actualidad de Parque Sicardi<\/a><\/strong><\/p>\n\n\n\n<p class=\"has-medium-font-size\"><strong><a rel=\"noreferrer noopener\" aria-label=\"El Recopilador on line (abre en una nueva pesta\u00f1a)\" href=\"http:\/\/elrecopilador-online.blogspot.com\/\" target=\"_blank\">El Recopilador on line<\/a><\/strong><\/p>\n\n\n\n<p class=\"has-medium-font-size\"><strong><a rel=\"noreferrer noopener\" aria-label=\"Radio Universidad Nacional de La Plata (abre en una nueva pesta\u00f1a)\" href=\"https:\/\/www.radiouniversidad.unlp.edu.ar\/am-1390\/\" target=\"_blank\">Radio Universidad Nacional de La Plata AM y FM<\/a><\/strong><\/p>\n\n\n\n<p class=\"has-medium-font-size\"><strong><a rel=\"noreferrer noopener\" aria-label=\"Museo Virtual del Tranporte Argentino (abre en una nueva pesta\u00f1a)\" href=\"http:\/\/www.busarg.com.ar\/\" target=\"_blank\">Museo Virtual del Transporte Argentino<\/a><\/strong><\/p>\n\n\n\n<p class=\"has-medium-font-size\"><strong><a href=\"http:\/\/www.berisso.gov.ar\/\" target=\"_blank\" rel=\"noreferrer noopener\" aria-label=\"Municipalidad de Berisso (abre en una nueva pesta\u00f1a)\">Municipalidad de Berisso<\/a><\/strong><\/p>\n\n\n\n<p class=\"has-medium-font-size\"><strong><a href=\"http:\/\/www.ensenada.gov.ar\/\" target=\"_blank\" rel=\"noreferrer noopener\" aria-label=\"Municipalidad de Ensenada (abre en una nueva pesta\u00f1a)\">Municipalidad de Ensenada<\/a><\/strong><\/p>\n\n\n\n<p class=\"has-medium-font-size\"><strong><a href=\"http:\/\/www.amprovincia.com.ar\/\" target=\"_blank\" rel=\"noreferrer noopener\" aria-label=\"Radio Provincia de Buenos Aires AM y FM (abre en una nueva pesta\u00f1a)\">Radio Provincia de Buenos Aires AM y FM<\/a><\/strong><\/p>\n\n\n\n<p class=\"has-medium-font-size\"><strong><a href=\"http:\/\/nomenclaturas.blogspot.com\/\" target=\"_blank\" rel=\"noreferrer noopener\" aria-label=\"Las Calles de La Plata su Nomenclatura (abre en una nueva pesta\u00f1a)\">Las Calles de La Plata su Nomenclatura<\/a><\/strong><\/p>\n\n\n\n<p class=\"has-medium-font-size\"><strong><a rel=\"noreferrer noopener\" aria-label=\"Luchemos por la Vida - Asociaci\u00f3n Civil (abre en una nueva pesta\u00f1a)\" href=\"http:\/\/www.luchemos.org.ar\/es\/\" target=\"_blank\">Luchemos por la Vida &#8211; Asociaci\u00f3n Civil<\/a><\/strong><\/p>\n\n\n\n<p class=\"has-medium-font-size\"><strong><a rel=\"noreferrer noopener\" aria-label=\"El Sitio de las Historias del Siglo XX (abre en una nueva pesta\u00f1a)\" href=\"http:\/\/www.historiasiglo20.org\/\" target=\"_blank\">El Sitio de las Historias del Siglo XX<\/a><\/strong><\/p>\n\n\n\n<p class=\"has-medium-font-size\"><strong><a href=\"http:\/\/www.estacionprovincial.com.ar\/\" target=\"_blank\" rel=\"noreferrer noopener\" aria-label=\"Estaci\u00f3n Provincial Centro Cultural (abre en una nueva pesta\u00f1a)\">Estaci\u00f3n Provincial Centro Cultural<\/a><\/strong><\/p>\n\n\n\n<p class=\"has-medium-font-size\"><strong><a rel=\"noreferrer noopener\" aria-label=\"Links de Arquitectura (abre en una nueva pesta\u00f1a)\" href=\"http:\/\/www.linksarquitectura.com.ar\/\" target=\"_blank\">Links de Arquitectura<\/a><\/strong><\/p>\n\n\n\n<p class=\"has-medium-font-size\"><strong><a rel=\"noreferrer noopener\" aria-label=\"Viajes Ski (abre en una nueva pesta\u00f1a)\" href=\"https:\/\/www.uniski.es\/\" target=\"_blank\">Viajes Ski<\/a><\/strong><\/p>\n\n\n\n<p class=\"has-medium-font-size\"><strong><a rel=\"noreferrer noopener\" aria-label=\"Buscador Argentino (abre en una nueva pesta\u00f1a)\" href=\"https:\/\/www.argentino.com.ar\/\" target=\"_blank\">Buscador Argentino<\/a><\/strong><\/p>\n\n\n\n<p class=\"has-medium-font-size\"><strong><a rel=\"noreferrer noopener\" aria-label=\"El Aspero del Automovilismo (abre en una nueva pesta\u00f1a)\" href=\"http:\/\/elasperodelautomovilismo.blogspot.com\/\" target=\"_blank\">El Aspero del Automovilismo<\/a><\/strong><\/p>\n\n\n\n<p class=\"has-medium-font-size\"><strong><a href=\"http:\/\/www.turismoenladocta.com.ar\/\" target=\"_blank\" rel=\"noreferrer noopener\" aria-label=\"Turismo en la Provincia de Cordoba (abre en una nueva pesta\u00f1a)\">Turismo en la Provincia de Cordoba<\/a><\/strong><\/p>\n\n\n\n<p class=\"has-medium-font-size\"><strong><a href=\"https:\/\/www.lasonet.com\/tolosa.php\" target=\"_blank\" rel=\"noreferrer noopener\" aria-label=\"La Localidad Vasca de Tolosa (abre en una nueva pesta\u00f1a)\">La Localidad Vasca de Tolosa<\/a><\/strong><\/p>\n\n\n\n<p class=\"has-medium-font-size\"><strong><a rel=\"noreferrer noopener\" aria-label=\"Misterios de la Ciudad de La Plata (abre en una nueva pesta\u00f1a)\" href=\"http:\/\/misteriosdelaplata.blogspot.com\/\" target=\"_blank\">Misterios de la Ciudad de La Plata<\/a><\/strong><\/p>\n\n\n\n<p class=\"has-medium-font-size\"><strong><a href=\"http:\/\/defendamoslaplata.blogspot.com\/\">Frenemos las Demoliciones<\/a><\/strong><\/p>\n\n\n\n<p class=\"has-medium-font-size\"><strong><a href=\"http:\/\/zambaciudaddelaplata.blogspot.com\/\" target=\"_blank\" rel=\"noreferrer noopener\" aria-label=\"Zamba Ciudad de La Plata (abre en una nueva pesta\u00f1a)\">Zamba Ciudad de La Plata<\/a><\/strong><\/p>\n\n\n\n<p class=\"has-medium-font-size\"><strong><a href=\"http:\/\/www.marambio.aq\/\">Base Ant\u00e1rtica Marambio<\/a><\/strong><\/p>\n\n\n\n<p class=\"has-medium-font-size\"><strong><a href=\"http:\/\/elalbumdelaplata.blogspot.com\/\">El \u00c1lbum  de La Plata<\/a><\/strong><\/p>\n\n\n\n<p class=\"has-medium-font-size\"><a href=\"https:\/\/www.diccionarios.com\/\"><strong>Diccionarios millones de palabras<\/strong><\/a><\/p>\n\n\n\n<p class=\"has-medium-font-size\"><strong><a href=\"http:\/\/www.lanormallibros.com.ar\/\">La Normal librer\u00eda<\/a><\/strong><\/p>\n\n\n\n<p class=\"has-medium-font-size\"><a href=\"https:\/\/www.gba.gob.ar\/cultura\"><strong> Ministerio de Gesti\u00f3n Cultural <\/strong><\/a><\/p>\n\n\n\n<p class=\"has-medium-font-size\"><strong><a rel=\"noreferrer noopener\" aria-label=\" (abre en una nueva pesta\u00f1a)\" href=\"http:\/\/www.gracielasiman.com\/\" target=\"_blank\">Graciela Siman cantante de tango<\/a><\/strong><\/p>\n\n\n\n<p class=\"has-medium-font-size\"><strong><a href=\"http:\/\/www.revisionistas.com.ar\/\" target=\"_blank\" rel=\"noreferrer noopener\" aria-label=\"Revisionistas la historia de los argentinos (abre en una nueva pesta\u00f1a)\">Revisionistas la historia de los argentinos<\/a><\/strong><\/p>\n\n\n\n<p class=\"has-medium-font-size\"><strong><a rel=\"noreferrer noopener\" aria-label=\"Estudiantes (abre en una nueva pesta\u00f1a)\" href=\"https:\/\/www.estudiantesdelaplata.com\/\" target=\"_blank\">Estudiantes<\/a><\/strong><\/p>\n","protected":false},"excerpt":{"rendered":"<p>Este martes a las 13 hs. los esperamos con recuerdos de una ciudad \u00fanica. Entrevistas. Y todo lo que sucedi\u00f3 en diciembre. Se repite los mi\u00e9rcoles 19 hs. Radio Revoluci\u00f3n 98.9 FM.#revolucion989 #laplatamagica #RadioRevoluci\u00f3n #rgabrodos #susanawhitington #laplatahistorias. pic.twitter.com\/0vGjBjqV3W \u2014 Roberto G. Abrodos (@Abrodos) December 21, 2021 Estamos en Facebook Estamos en Instagram Municipalidad de La &hellip; <a href=\"https:\/\/laplatamagica.ar\/?page_id=3389\" class=\"more-link\">Continuar leyendo<span class=\"screen-reader-text\"> &#8220;Link de Inter\u00e9s&#8221;<\/span><\/a><\/p>\n","protected":false},"author":1,"featured_media":0,"parent":0,"menu_order":0,"comment_status":"closed","ping_status":"closed","template":"","meta":{"switch_pages_title":"","h5ap_radio_sources":[],"footnotes":""},"class_list":["post-3389","page","type-page","status-publish","hentry"],"_links":{"self":[{"href":"https:\/\/laplatamagica.ar\/index.php?rest_route=\/wp\/v2\/pages\/3389","targetHints":{"allow":["GET"]}}],"collection":[{"href":"https:\/\/laplatamagica.ar\/index.php?rest_route=\/wp\/v2\/pages"}],"about":[{"href":"https:\/\/laplatamagica.ar\/index.php?rest_route=\/wp\/v2\/types\/page"}],"author":[{"embeddable":true,"href":"https:\/\/laplatamagica.ar\/index.php?rest_route=\/wp\/v2\/users\/1"}],"replies":[{"embeddable":true,"href":"https:\/\/laplatamagica.ar\/index.php?rest_route=%2Fwp%2Fv2%2Fcomments&post=3389"}],"version-history":[{"count":3,"href":"https:\/\/laplatamagica.ar\/index.php?rest_route=\/wp\/v2\/pages\/3389\/revisions"}],"predecessor-version":[{"id":13325,"href":"https:\/\/laplatamagica.ar\/index.php?rest_route=\/wp\/v2\/pages\/3389\/revisions\/13325"}],"wp:attachment":[{"href":"https:\/\/laplatamagica.ar\/index.php?rest_route=%2Fwp%2Fv2%2Fmedia&parent=3389"}],"curies":[{"name":"wp","href":"https:\/\/api.w.org\/{rel}","templated":true}]}}