{"id":3764,"date":"2019-10-13T11:09:59","date_gmt":"2019-10-13T14:09:59","guid":{"rendered":"http:\/\/www.laplatamagica.com.ar\/?page_id=3764"},"modified":"2019-10-15T18:17:54","modified_gmt":"2019-10-15T21:17:54","slug":"las-venas-de-la-ciudad","status":"publish","type":"page","link":"https:\/\/laplatamagica.ar\/?page_id=3764","title":{"rendered":"Las Venas de la Ciudad"},"content":{"rendered":"\n<div class=\"wp-block-image\"><figure class=\"alignleft\"><img loading=\"lazy\" decoding=\"async\" width=\"300\" height=\"180\" src=\"http:\/\/www.laplatamagica.com.ar\/wp-content\/uploads\/2019\/10\/agua1-1.jpg\" alt=\"\" class=\"wp-image-3766\"\/><\/figure><\/div>\n\n\n\n<p>En una ciudad moderna como iba a ser La Plata, la nueva capital de la Usina de aguas corrientes en la plaza de armas.provincia uno de los servicios urbanos b\u00e1sicos fue encarado desde antes de la fundaci\u00f3n, es el proveer aguas corrientes y construir los drenajes sanitarios, es as\u00ed que el 26 de junio de 1882 el Poder Ejecutivo encomendaba por decreto a los ingenieros Francisco Lavalle y Juan Medici la preparaci\u00f3n del proyecto de planos y presupuestos para las obras necesarias a uno y otro fin.<\/p>\n\n\n\n<div class=\"wp-block-image\"><figure class=\"aligncenter\"><img loading=\"lazy\" decoding=\"async\" width=\"700\" height=\"452\" src=\"http:\/\/www.laplatamagica.com.ar\/wp-content\/uploads\/2019\/10\/agua2.jpg\" alt=\"\" class=\"wp-image-3767\" srcset=\"https:\/\/laplatamagica.ar\/wp-content\/uploads\/2019\/10\/agua2.jpg 700w, https:\/\/laplatamagica.ar\/wp-content\/uploads\/2019\/10\/agua2-300x194.jpg 300w\" sizes=\"auto, (max-width: 700px) 85vw, 700px\" \/><figcaption><strong>Con el transcurso de los a\u00f1os se tuvieron que realizar ampliaciones en la red de agua, aqu\u00ed en la plaza San Mart\u00edn, en el sector de la calle 54 entre 6 y 7 curiosamente con otro sentido de circulaci\u00f3n, hacia la izquierda son las instalaciones del Hotel Savoy, la foto corresponde al 28 de agosto del a\u00f1o 1951.<\/strong><\/figcaption><\/figure><\/div>\n\n\n\n<p>De acuerdo a las instrucciones impartidas, los ingenieros deb\u00edan planificar la toma de aguas del r\u00edo de la Plata o de la napa semisurgente y la conducci\u00f3n de los efluentes cloacales al mismo r\u00edo o bien a terrenos preparados para la irrigaci\u00f3n; por ley del 19 de diciembre de 1882, el Poder Ejecutivo fue autorizado a contratar las obras de infraestructura urbana de La Plata.<\/p>\n\n\n\n<div class=\"wp-block-image\"><figure class=\"aligncenter\"><img loading=\"lazy\" decoding=\"async\" width=\"700\" height=\"481\" src=\"http:\/\/www.laplatamagica.com.ar\/wp-content\/uploads\/2019\/10\/agua3.jpg\" alt=\"\" class=\"wp-image-3768\" srcset=\"https:\/\/laplatamagica.ar\/wp-content\/uploads\/2019\/10\/agua3.jpg 700w, https:\/\/laplatamagica.ar\/wp-content\/uploads\/2019\/10\/agua3-300x206.jpg 300w\" sizes=\"auto, (max-width: 700px) 85vw, 700px\" \/><figcaption><strong>Otro \u00e1ngulo de la perforaci\u00f3n en plaza San Mart\u00edn en 1951, corresponde a la imagen de arriba.<\/strong><\/figcaption><\/figure><\/div>\n\n\n\n<p>Por decreto del 22 de febrero de 1883, se encarg\u00f3 a los ingenieros Lavalle y Medici la construcci\u00f3n de las obras y adquisici\u00f3n de los materiales necesarios seg\u00fan sus propios planos y presupuesto, para conducir el agua obtenida en el pozo semisurgente de la ciudad, hasta edificios p\u00fablicos que estaban todav\u00eda en construcci\u00f3n.<\/p>\n\n\n\n<p>En marzo de 1883, con la expresa conformidad del presidente de la Rep\u00fablica, general Julio A. Roca, se recibi\u00f3 en La Plata una remesa de ca\u00f1os facilitados por la Comisi\u00f3n de Obras de Salubridad de la ciudad de Buenos Aires, con los cuales se dio principio a los trabajos.<\/p>\n\n\n\n<p>El 17 de octubre de ese a\u00f1o quedaban terminadas las obras de colocaci\u00f3n de m\u00e1quinas y ca\u00f1er\u00edas para distribuir aguas a los edificios p\u00fablicos de la nueva capital, seg\u00fan manifestaban los ingenieros Lavalle y Medici quienes expon\u00edan seguidamente la necesidad de establecer las conexiones entre esos edificios, nombrar maquinista y fijar la cuota para el abono al servicio, la cual fue establecida en $0,10 ftes. por metro c\u00fabico y por liquidaci\u00f3n mensual.<\/p>\n\n\n\n<div class=\"wp-block-image\"><figure class=\"aligncenter\"><img loading=\"lazy\" decoding=\"async\" width=\"700\" height=\"478\" src=\"http:\/\/www.laplatamagica.com.ar\/wp-content\/uploads\/2019\/10\/agua4.jpg\" alt=\"\" class=\"wp-image-3769\" srcset=\"https:\/\/laplatamagica.ar\/wp-content\/uploads\/2019\/10\/agua4.jpg 700w, https:\/\/laplatamagica.ar\/wp-content\/uploads\/2019\/10\/agua4-300x205.jpg 300w\" sizes=\"auto, (max-width: 700px) 85vw, 700px\" \/><figcaption><strong>Perforaci\u00f3n de pozo en el Parque Saavedra a\u00f1o 1913.<\/strong><\/figcaption><\/figure><\/div>\n\n\n\n<p>Para el abastecimiento general de la ciudad, la Comisi\u00f3n Central de Aguas Corrientes de La Plata se dirigi\u00f3 su presidente, el Sr. Emilio V. Bunge al Poder Ejecutivo el 13 de diciembre de 1885 a fin de solicitar aprobaci\u00f3n de un presupuesto para equipar la planta de bombeo establecida en el Parque Sudoeste&#8221; (actual Parque Saavedra) paraje muy elevado en relaci\u00f3n a la altimetr\u00eda general de la ciudad, cuya altura m\u00e1xima alcanza a a 33.00 metros sobre el nivel del mar en la zona de avenida 19 y calle 70.<\/p>\n\n\n\n<p>Los ca\u00f1os utilizados tuber\u00eda de arcilla vitrificada (con una sal de cristales aplicados a las superficies interiores y exteriores de la tuber\u00eda) actualmente hay muchos que siguen prestando servicios.<\/p>\n\n\n\n<p><strong>Se solicitaba en dicho presupuesto:<\/strong><\/p>\n\n\n\n<p><em>Tanque elevado en Usina Parque Saavedra y construcci\u00f3n de cisterna.<\/em><\/p>\n\n\n\n<p><em>Una maquina bombeadora de vapor sistema &#8220;Cornish&#8221;, de 25 a 109 caballos de fuerza, con capacidad impelente de 135.000 litros por hora en rendimiento normal, con dos calderas de acero fundido.<br> Otra maquinaria similar para reserva.<\/em><\/p>\n\n\n\n<p><br><em>Estructuras metalicas de 8 columnas con travesa\u00f1os, arriostramientos y escalera, todo de acero fundido, para armar una torre de planta octogonal, de 22 metros de altura y su correspondiente dep\u00f3sito o tanque cil\u00edndrico de 225.000 litros de capacidad.<\/em><\/p>\n\n\n\n<p><br><em>Tales elementos, adem\u00e1s de los cuales se comprendian ca\u00f1os, llaves, conectores y otros accesorios, eran provistos por la f\u00e1brica Rushton &amp; Proctor, de Inglaterra; adem\u00e1s, se inclu\u00edan en el presupuesto las siguientes obras a ejecutar en el lugar:<\/em><\/p>\n\n\n\n<p><em>Excavaci\u00f3n de un pozo de 51 metros de profundidad y 30 centimetros de diametro.<\/em><\/p>\n\n\n\n<p> <br><em>Construcci\u00f3n de la  casa de m\u00e1quinas que fue ejecutada en ladrillos de mesa, asentados en mezcla de arena y cal, con techo de tejas francesas y cielorraso de madera barnizada, se agregaron despu\u00e9s dos casitas de madera para viviendas del maquinista y del foguista. <\/em><\/p>\n\n\n\n<p><br><em> La planta de bombeo fue construida y equipada bajo la inmediata direcci\u00f3n del ingeniero Carlos Dawney; su inauguraci\u00f3n se realiz\u00f3 el d\u00eda 8 de marzo de 1885 y el suministro alcanz\u00f3 en breve lapso a 1.504 casas.<\/em><\/p>\n\n\n\n<p><em>En cuanto a la cantidad de agua, se advirti\u00f3 muy pronto que el servicio resultaba deficiente; la falla no radicaba en defectos del equipamiento sino en el exiguo  di\u00e1metro del pozo.<\/em><\/p>\n\n\n\n<div class=\"wp-block-image\"><figure class=\"aligncenter\"><img loading=\"lazy\" decoding=\"async\" width=\"700\" height=\"546\" src=\"http:\/\/www.laplatamagica.com.ar\/wp-content\/uploads\/2019\/10\/agua5.jpg\" alt=\"\" class=\"wp-image-3772\" srcset=\"https:\/\/laplatamagica.ar\/wp-content\/uploads\/2019\/10\/agua5.jpg 700w, https:\/\/laplatamagica.ar\/wp-content\/uploads\/2019\/10\/agua5-300x234.jpg 300w\" sizes=\"auto, (max-width: 700px) 85vw, 700px\" \/><figcaption> <br><strong>Chapa de bronce del tanque elevado de la usina de Parque San Mart\u00edn, que muestra la marca y el lugar de fabricaci\u00f3n del tanque, el lugar es Eschweiler, ciudad de Renania del Norte-Westfalia (Alemania), situada en el Distrito de Aquisgr\u00e1n. <\/strong><\/figcaption><\/figure><\/div>\n\n\n\n<p>Posteriormente se opt\u00f3 por instalar otra planta de bombeo en la manzana delimitada por las calles 1, 115, dg.80 y 44 y despu\u00e9s, una tercera en la manzana comprendida entre las avenidas 51 y 53 y las calles 23 y 24 dentro de la denominada &#8220;plaza de armas&#8221; conforme a los estudios realizados entre 1900 y 1901.<\/p>\n\n\n\n<div class=\"wp-block-image\"><figure class=\"aligncenter\"><img loading=\"lazy\" decoding=\"async\" width=\"700\" height=\"427\" src=\"http:\/\/www.laplatamagica.com.ar\/wp-content\/uploads\/2019\/10\/agua6.jpg\" alt=\"\" class=\"wp-image-3774\" srcset=\"https:\/\/laplatamagica.ar\/wp-content\/uploads\/2019\/10\/agua6.jpg 700w, https:\/\/laplatamagica.ar\/wp-content\/uploads\/2019\/10\/agua6-300x183.jpg 300w\" sizes=\"auto, (max-width: 700px) 85vw, 700px\" \/><figcaption><strong>Otra obra estrat\u00e9gica para el Gran La Plata fue la planta Potabilizadora \u201cDonato Gerardi\u201d ubicada en Punta Lara, partido de Ensenada, inaugurada 20 de diciembre de 1955 desde su inauguraci\u00f3n con esta obra se abastece de agua potable a las ciudades de Berisso y Ensenada, y aproximadamente al 60 por ciento de la ciudad de La Plata. Adem\u00e1s, provee del vital elemento a la mayor\u00eda de las industrias radicadas en el Polo Petroqu\u00edmico de Ensenada, como Propulsora Sider\u00fargica, Puerto La Plata y Zona Franca, entre otras. Desde su inauguraci\u00f3n, la Planta logr\u00f3 satisfacer las necesidades de la poblaci\u00f3n y suministrar un servicio esencial para la vida a miles de usuarios. La capacidad m\u00e1xima de producci\u00f3n de la plantase estima en 14.000 metros c\u00fabicos por hora (m3\/h) y actualmente produce un promedio de 10.000 m3\/h. Para que el agua llegue a los hogares, es captada del R\u00edo de La Plata por medio de la toma que est\u00e1 constituida por dos muelles paralelos, separados100 metros entre s\u00ed, y que se adentran en el r\u00edo aproximadamente unos 700 metros. Luego, el agua es enviada a trav\u00e9s de un conducto subterr\u00e1neo hasta la planta, distante aproximadamente 2.000 metros de aquel punto. En las fotos se puede apreciar los diferentes estados de la construcci\u00f3n y la planta terminada como la conocemos hoy.<\/strong><\/figcaption><\/figure><\/div>\n\n\n\n<p>En cuanto a las obras de drenaje sanitario proyectadas por el ingeniero Lavalle, se vieron postergadas por diversas causas, fueron ejecutadas recien en los periodos gubernativos de Marcelino Ugarte (1902\/1906) y de Ignacio D. Irigoyen (1906\/1910), es de imaginar que se utilizaban pozos s\u00e9pticos.<\/p>\n","protected":false},"excerpt":{"rendered":"<p>En una ciudad moderna como iba a ser La Plata, la nueva capital de la Usina de aguas corrientes en la plaza de armas.provincia uno de los servicios urbanos b\u00e1sicos fue encarado desde antes de la fundaci\u00f3n, es el proveer aguas corrientes y construir los drenajes sanitarios, es as\u00ed que el 26 de junio de &hellip; <a href=\"https:\/\/laplatamagica.ar\/?page_id=3764\" class=\"more-link\">Continuar leyendo<span class=\"screen-reader-text\"> &#8220;Las Venas de la Ciudad&#8221;<\/span><\/a><\/p>\n","protected":false},"author":1,"featured_media":0,"parent":0,"menu_order":0,"comment_status":"closed","ping_status":"closed","template":"","meta":{"switch_pages_title":"","h5ap_radio_sources":[],"footnotes":""},"class_list":["post-3764","page","type-page","status-publish","hentry"],"_links":{"self":[{"href":"https:\/\/laplatamagica.ar\/index.php?rest_route=\/wp\/v2\/pages\/3764","targetHints":{"allow":["GET"]}}],"collection":[{"href":"https:\/\/laplatamagica.ar\/index.php?rest_route=\/wp\/v2\/pages"}],"about":[{"href":"https:\/\/laplatamagica.ar\/index.php?rest_route=\/wp\/v2\/types\/page"}],"author":[{"embeddable":true,"href":"https:\/\/laplatamagica.ar\/index.php?rest_route=\/wp\/v2\/users\/1"}],"replies":[{"embeddable":true,"href":"https:\/\/laplatamagica.ar\/index.php?rest_route=%2Fwp%2Fv2%2Fcomments&post=3764"}],"version-history":[{"count":0,"href":"https:\/\/laplatamagica.ar\/index.php?rest_route=\/wp\/v2\/pages\/3764\/revisions"}],"wp:attachment":[{"href":"https:\/\/laplatamagica.ar\/index.php?rest_route=%2Fwp%2Fv2%2Fmedia&parent=3764"}],"curies":[{"name":"wp","href":"https:\/\/api.w.org\/{rel}","templated":true}]}}