{"id":4808,"date":"2019-10-30T09:59:24","date_gmt":"2019-10-30T12:59:24","guid":{"rendered":"http:\/\/www.laplatamagica.com.ar\/?page_id=4808"},"modified":"2019-10-30T11:02:28","modified_gmt":"2019-10-30T14:02:28","slug":"quiere-vivir","status":"publish","type":"page","link":"https:\/\/laplatamagica.ar\/?page_id=4808","title":{"rendered":"\u00bfQuiere vivir?"},"content":{"rendered":"\n<p class=\"has-medium-font-size\"><strong>&#8220;Casco en moto: \u00bfpara qu\u00e9?&#8221;<br> Luchemos por la Vida pone gratuitamente a disposici\u00f3n de todos este material educativo para  concientizar a los  motociclistas sobre las razones para usar el casco.<\/strong><\/p>\n\n\n\n<p class=\"has-medium-font-size\"><strong>Este v\u00eddeo educativo explica con im\u00e1genes muy claras el para qu\u00e9 de una costumbre que todo motociclista deber\u00eda tener.<\/strong><\/p>\n\n\n\n<figure class=\"wp-block-embed-youtube wp-block-embed is-type-video is-provider-youtube wp-embed-aspect-16-9 wp-has-aspect-ratio\"><div class=\"wp-block-embed__wrapper\">\n<iframe loading=\"lazy\" width=\"840\" height=\"473\" src=\"https:\/\/www.youtube.com\/embed\/Vt6sN8MLe7w?feature=oembed\" frameborder=\"0\" allow=\"accelerometer; autoplay; encrypted-media; gyroscope; picture-in-picture\" allowfullscreen><\/iframe>\n<\/div><\/figure>\n\n\n","protected":false},"excerpt":{"rendered":"<p>&#8220;Casco en moto: \u00bfpara qu\u00e9?&#8221; Luchemos por la Vida pone gratuitamente a disposici\u00f3n de todos este material educativo para concientizar a los motociclistas sobre las razones para usar el casco. Este v\u00eddeo educativo explica con im\u00e1genes muy claras el para qu\u00e9 de una costumbre que todo motociclista deber\u00eda tener.<\/p>\n","protected":false},"author":1,"featured_media":0,"parent":0,"menu_order":0,"comment_status":"closed","ping_status":"closed","template":"","meta":{"switch_pages_title":"","h5ap_radio_sources":[],"footnotes":""},"class_list":["post-4808","page","type-page","status-publish","hentry"],"_links":{"self":[{"href":"https:\/\/laplatamagica.ar\/index.php?rest_route=\/wp\/v2\/pages\/4808","targetHints":{"allow":["GET"]}}],"collection":[{"href":"https:\/\/laplatamagica.ar\/index.php?rest_route=\/wp\/v2\/pages"}],"about":[{"href":"https:\/\/laplatamagica.ar\/index.php?rest_route=\/wp\/v2\/types\/page"}],"author":[{"embeddable":true,"href":"https:\/\/laplatamagica.ar\/index.php?rest_route=\/wp\/v2\/users\/1"}],"replies":[{"embeddable":true,"href":"https:\/\/laplatamagica.ar\/index.php?rest_route=%2Fwp%2Fv2%2Fcomments&post=4808"}],"version-history":[{"count":0,"href":"https:\/\/laplatamagica.ar\/index.php?rest_route=\/wp\/v2\/pages\/4808\/revisions"}],"wp:attachment":[{"href":"https:\/\/laplatamagica.ar\/index.php?rest_route=%2Fwp%2Fv2%2Fmedia&parent=4808"}],"curies":[{"name":"wp","href":"https:\/\/api.w.org\/{rel}","templated":true}]}}