{"id":5180,"date":"2019-11-15T12:49:01","date_gmt":"2019-11-15T15:49:01","guid":{"rendered":"http:\/\/www.laplatamagica.com.ar\/?page_id=5180"},"modified":"2025-02-15T09:27:01","modified_gmt":"2025-02-15T12:27:01","slug":"fotografias-bradley","status":"publish","type":"page","link":"https:\/\/laplatamagica.ar\/?page_id=5180","title":{"rendered":"Fotograf\u00edas  Bradley"},"content":{"rendered":"\n<p style=\"font-size:30px\"><strong>Tom\u00e1s Bradley<\/strong><\/p>\n\n\n<div class=\"wp-block-image\">\n<figure class=\"alignleft\"><img loading=\"lazy\" decoding=\"async\" width=\"230\" height=\"390\" src=\"http:\/\/www.laplatamagica.com.ar\/wp-content\/uploads\/2019\/11\/Bradley-1.jpg\" alt=\"\" class=\"wp-image-5204\" srcset=\"https:\/\/laplatamagica.ar\/wp-content\/uploads\/2019\/11\/Bradley-1.jpg 230w, https:\/\/laplatamagica.ar\/wp-content\/uploads\/2019\/11\/Bradley-1-177x300.jpg 177w\" sizes=\"auto, (max-width: 230px) 85vw, 230px\" \/><\/figure>\n<\/div>\n\n\n<p>Naci\u00f3 el 25 de Agosto de 1844 en Buenos Aires, Argentina. Comerciante, luego intervino como voluntario en la guerra del Paraguay, y march\u00f3 ella en calidad de subteniente, estuvo bajo las \u00f3rdenes del Coronel Emilio Conesa, y asisti\u00f3 entre otros, a los sangrientos combates de &nbsp;Paso de la Patria, Boquer\u00f3n, Tuyuti, encuentros en los que se comport\u00f3 de manera brillante por lo que fue recomendado por sus jefes hasta obtener el grado de teniente coronel de guardias nacionales. <\/p>\n\n\n\n<p>Es el autor de las vistas de la fundaci\u00f3n y obras de La Plata y su Puerto 1882-1885. A partir del 19 de noviembre de 1882 tomo Bradley una serie de vistas fotogr\u00e1fica sobre la fundaci\u00f3n de la ciudad de la plata sus primeras obras y construcciones, incluso las del Puerto. Lo hizo <em>\u201crespondiendo al deseo de dar a conocer las perspectivas actuales de la ciudad, se\u00f1alando gr\u00e1ficamente sus crecientes y extraordinarios progresos\u201d.<\/em><\/p>\n\n\n\n<p> Fue secretario el Centro de Guerreros del Paraguay, y en 1921, a ra\u00edz de la muerte de Dr. Dardo Rocha, despidi\u00f3 sus restos. Falleci\u00f3 en La Plata ciudad en la que se hallaba radicado, el 12 de Junio de 1933 a la edad de 88 a\u00f1os, en Buenos Aires, Argentina. Recibi\u00f3 sepultura en el Cementerio de La Recoleta, en el pante\u00f3n de los &#8220;Guerreros del Paraguay&#8221;, Buenos Aires, Argentina.<\/p>\n\n\n\n<p class=\"has-text-align-center\"><strong>Las fotos son en blanco y negro, pero con el paso del tiempo y la falta de cuidados toman color amarillento, por eso he decidido colorearlas.<\/strong><\/p>\n\n\n<div class=\"wp-block-image\">\n<figure class=\"aligncenter\"><img loading=\"lazy\" decoding=\"async\" width=\"800\" height=\"600\" src=\"http:\/\/www.laplatamagica.com.ar\/wp-content\/uploads\/2019\/11\/bradley1.jpg\" alt=\"\" class=\"wp-image-5185\" srcset=\"https:\/\/laplatamagica.ar\/wp-content\/uploads\/2019\/11\/bradley1.jpg 800w, https:\/\/laplatamagica.ar\/wp-content\/uploads\/2019\/11\/bradley1-300x225.jpg 300w, https:\/\/laplatamagica.ar\/wp-content\/uploads\/2019\/11\/bradley1-768x576.jpg 768w\" sizes=\"auto, (max-width: 800px) 85vw, 800px\" \/><\/figure>\n<\/div>\n\n\n<figure class=\"wp-block-image size-full\"><a href=\"https:\/\/revolucion989.com.ar\/\" target=\"_blank\" rel=\" noreferrer noopener\"><img decoding=\"async\" src=\"https:\/\/laplatamagica.ar\/wp-content\/uploads\/2025\/02\/baner-1.jpg\" alt=\"Historias de La Plata\" class=\"wp-image-12937\"\/><\/a><\/figure>\n\n\n<div class=\"wp-block-image\">\n<figure class=\"aligncenter\"><img loading=\"lazy\" decoding=\"async\" width=\"900\" height=\"690\" src=\"http:\/\/www.laplatamagica.com.ar\/wp-content\/uploads\/2019\/11\/bradley2-1.jpg\" alt=\"\" class=\"wp-image-5189\" srcset=\"https:\/\/laplatamagica.ar\/wp-content\/uploads\/2019\/11\/bradley2-1.jpg 900w, https:\/\/laplatamagica.ar\/wp-content\/uploads\/2019\/11\/bradley2-1-300x230.jpg 300w, https:\/\/laplatamagica.ar\/wp-content\/uploads\/2019\/11\/bradley2-1-768x589.jpg 768w\" sizes=\"auto, (max-width: 709px) 85vw, (max-width: 909px) 67vw, (max-width: 1362px) 62vw, 840px\" \/><\/figure>\n<\/div>\n\n<div class=\"wp-block-image\">\n<figure class=\"aligncenter\"><img loading=\"lazy\" decoding=\"async\" width=\"900\" height=\"702\" src=\"http:\/\/www.laplatamagica.com.ar\/wp-content\/uploads\/2019\/11\/bradley3.jpg\" alt=\"\" class=\"wp-image-5190\" srcset=\"https:\/\/laplatamagica.ar\/wp-content\/uploads\/2019\/11\/bradley3.jpg 900w, https:\/\/laplatamagica.ar\/wp-content\/uploads\/2019\/11\/bradley3-300x234.jpg 300w, https:\/\/laplatamagica.ar\/wp-content\/uploads\/2019\/11\/bradley3-768x599.jpg 768w\" sizes=\"auto, (max-width: 709px) 85vw, (max-width: 909px) 67vw, (max-width: 1362px) 62vw, 840px\" \/><\/figure>\n<\/div>\n\n<div class=\"wp-block-image\">\n<figure class=\"aligncenter\"><img loading=\"lazy\" decoding=\"async\" width=\"900\" height=\"611\" src=\"http:\/\/www.laplatamagica.com.ar\/wp-content\/uploads\/2019\/11\/bradley4.jpg\" alt=\"\" class=\"wp-image-5191\" srcset=\"https:\/\/laplatamagica.ar\/wp-content\/uploads\/2019\/11\/bradley4.jpg 900w, https:\/\/laplatamagica.ar\/wp-content\/uploads\/2019\/11\/bradley4-300x204.jpg 300w, https:\/\/laplatamagica.ar\/wp-content\/uploads\/2019\/11\/bradley4-768x521.jpg 768w\" sizes=\"auto, (max-width: 709px) 85vw, (max-width: 909px) 67vw, (max-width: 1362px) 62vw, 840px\" \/><\/figure>\n<\/div>\n\n<div class=\"wp-block-image\">\n<figure class=\"aligncenter\"><img loading=\"lazy\" decoding=\"async\" width=\"900\" height=\"512\" src=\"http:\/\/www.laplatamagica.com.ar\/wp-content\/uploads\/2019\/11\/bradley5.jpg\" alt=\"\" class=\"wp-image-5193\" srcset=\"https:\/\/laplatamagica.ar\/wp-content\/uploads\/2019\/11\/bradley5.jpg 900w, https:\/\/laplatamagica.ar\/wp-content\/uploads\/2019\/11\/bradley5-300x171.jpg 300w, https:\/\/laplatamagica.ar\/wp-content\/uploads\/2019\/11\/bradley5-768x437.jpg 768w\" sizes=\"auto, (max-width: 709px) 85vw, (max-width: 909px) 67vw, (max-width: 1362px) 62vw, 840px\" \/><\/figure>\n<\/div>\n\n\n<figure class=\"wp-block-image size-full\"><a href=\"https:\/\/revolucion989.com.ar\/\" target=\"_blank\" rel=\" noreferrer noopener\"><img decoding=\"async\" src=\"https:\/\/laplatamagica.ar\/wp-content\/uploads\/2025\/02\/baner-1.jpg\" alt=\"Historias de La Plata\" class=\"wp-image-12937\"\/><\/a><\/figure>\n\n\n<div class=\"wp-block-image\">\n<figure class=\"aligncenter\"><img loading=\"lazy\" decoding=\"async\" width=\"900\" height=\"523\" src=\"http:\/\/www.laplatamagica.com.ar\/wp-content\/uploads\/2019\/11\/bradley6.jpg\" alt=\"\" class=\"wp-image-5195\" srcset=\"https:\/\/laplatamagica.ar\/wp-content\/uploads\/2019\/11\/bradley6.jpg 900w, https:\/\/laplatamagica.ar\/wp-content\/uploads\/2019\/11\/bradley6-300x174.jpg 300w, https:\/\/laplatamagica.ar\/wp-content\/uploads\/2019\/11\/bradley6-768x446.jpg 768w\" sizes=\"auto, (max-width: 709px) 85vw, (max-width: 909px) 67vw, (max-width: 1362px) 62vw, 840px\" \/><\/figure>\n<\/div>\n\n<div class=\"wp-block-image\">\n<figure class=\"aligncenter\"><img loading=\"lazy\" decoding=\"async\" width=\"900\" height=\"651\" src=\"http:\/\/www.laplatamagica.com.ar\/wp-content\/uploads\/2019\/11\/bradley7.jpg\" alt=\"\" class=\"wp-image-5200\" srcset=\"https:\/\/laplatamagica.ar\/wp-content\/uploads\/2019\/11\/bradley7.jpg 900w, https:\/\/laplatamagica.ar\/wp-content\/uploads\/2019\/11\/bradley7-300x217.jpg 300w, https:\/\/laplatamagica.ar\/wp-content\/uploads\/2019\/11\/bradley7-768x556.jpg 768w\" sizes=\"auto, (max-width: 709px) 85vw, (max-width: 909px) 67vw, (max-width: 1362px) 62vw, 840px\" \/><\/figure>\n<\/div>\n\n<div class=\"wp-block-image\">\n<figure class=\"aligncenter\"><img loading=\"lazy\" decoding=\"async\" width=\"800\" height=\"561\" src=\"http:\/\/www.laplatamagica.com.ar\/wp-content\/uploads\/2019\/11\/bradley8.jpg\" alt=\"\" class=\"wp-image-5207\" srcset=\"https:\/\/laplatamagica.ar\/wp-content\/uploads\/2019\/11\/bradley8.jpg 800w, https:\/\/laplatamagica.ar\/wp-content\/uploads\/2019\/11\/bradley8-300x210.jpg 300w, https:\/\/laplatamagica.ar\/wp-content\/uploads\/2019\/11\/bradley8-768x539.jpg 768w\" sizes=\"auto, (max-width: 800px) 85vw, 800px\" \/><\/figure>\n<\/div>\n\n\n<figure class=\"wp-block-image size-full\"><a href=\"https:\/\/revolucion989.com.ar\/\" target=\"_blank\" rel=\" noreferrer noopener\"><img decoding=\"async\" src=\"https:\/\/laplatamagica.ar\/wp-content\/uploads\/2025\/02\/baner-1.jpg\" alt=\"Historias de La Plata\" class=\"wp-image-12937\"\/><\/a><\/figure>\n","protected":false},"excerpt":{"rendered":"<p>Tom\u00e1s Bradley Naci\u00f3 el 25 de Agosto de 1844 en Buenos Aires, Argentina. Comerciante, luego intervino como voluntario en la guerra del Paraguay, y march\u00f3 ella en calidad de subteniente, estuvo bajo las \u00f3rdenes del Coronel Emilio Conesa, y asisti\u00f3 entre otros, a los sangrientos combates de &nbsp;Paso de la Patria, Boquer\u00f3n, Tuyuti, encuentros en &hellip; <a href=\"https:\/\/laplatamagica.ar\/?page_id=5180\" class=\"more-link\">Continuar leyendo<span class=\"screen-reader-text\"> &#8220;Fotograf\u00edas  Bradley&#8221;<\/span><\/a><\/p>\n","protected":false},"author":1,"featured_media":0,"parent":0,"menu_order":0,"comment_status":"closed","ping_status":"closed","template":"","meta":{"switch_pages_title":"","h5ap_radio_sources":[],"footnotes":""},"class_list":["post-5180","page","type-page","status-publish","hentry"],"_links":{"self":[{"href":"https:\/\/laplatamagica.ar\/index.php?rest_route=\/wp\/v2\/pages\/5180","targetHints":{"allow":["GET"]}}],"collection":[{"href":"https:\/\/laplatamagica.ar\/index.php?rest_route=\/wp\/v2\/pages"}],"about":[{"href":"https:\/\/laplatamagica.ar\/index.php?rest_route=\/wp\/v2\/types\/page"}],"author":[{"embeddable":true,"href":"https:\/\/laplatamagica.ar\/index.php?rest_route=\/wp\/v2\/users\/1"}],"replies":[{"embeddable":true,"href":"https:\/\/laplatamagica.ar\/index.php?rest_route=%2Fwp%2Fv2%2Fcomments&post=5180"}],"version-history":[{"count":3,"href":"https:\/\/laplatamagica.ar\/index.php?rest_route=\/wp\/v2\/pages\/5180\/revisions"}],"predecessor-version":[{"id":12950,"href":"https:\/\/laplatamagica.ar\/index.php?rest_route=\/wp\/v2\/pages\/5180\/revisions\/12950"}],"wp:attachment":[{"href":"https:\/\/laplatamagica.ar\/index.php?rest_route=%2Fwp%2Fv2%2Fmedia&parent=5180"}],"curies":[{"name":"wp","href":"https:\/\/api.w.org\/{rel}","templated":true}]}}

Fotografías  Bradley

<p style="font-size:30px"><strong>Tomás Bradley</strong></p>


<div class="wp-block-image">
<figure class="alignleft"><img loading="lazy" decoding="async" width="230" height="390" src="http://www.laplatamagica.com.ar/wp-content/uploads/2019/11/Bradley-1.jpg" alt="" class="wp-image-5204" srcset="https://laplatamagica.ar/wp-content/uploads/2019/11/Bradley-1.jpg 230w, https://laplatamagica.ar/wp-content/uploads/2019/11/Bradley-1-177x300.jpg 177w" sizes="auto, (max-width: 230px) 85vw, 230px" /></figure>
</div>


<p>Nació el 25 de Agosto de 1844 en Buenos Aires, Argentina. Comerciante, luego intervino como voluntario en la guerra del Paraguay, y marchó ella en calidad de subteniente, estuvo bajo las órdenes del Coronel Emilio Conesa, y asistió entre otros, a los sangrientos combates de &nbsp;Paso de la Patria, Boquerón, Tuyuti, encuentros en los que se comportó de manera brillante por lo que fue recomendado por sus jefes hasta obtener el grado de teniente coronel de guardias nacionales. </p>



<p>Es el autor de las vistas de la fundación y obras de La Plata y su Puerto 1882-1885. A partir del 19 de noviembre de 1882 tomo Bradley una serie de vistas fotográfica sobre la fundación de la ciudad de la plata sus primeras obras y construcciones, incluso las del Puerto. Lo hizo <em>“respondiendo al deseo de dar a conocer las perspectivas actuales de la ciudad, señalando gráficamente sus crecientes y extraordinarios progresos”.</em></p>



<p> Fue secretario el Centro de Guerreros del Paraguay, y en 1921, a raíz de la muerte de Dr. Dardo Rocha, despidió sus restos. Falleció en La Plata ciudad en la que se hallaba radicado, el 12 de Junio de 1933 a la edad de 88 años, en Buenos Aires, Argentina. Recibió sepultura en el Cementerio de La Recoleta, en el panteón de los &#8220;Guerreros del Paraguay&#8221;, Buenos Aires, Argentina.</p>



<p class="has-text-align-center"><strong>Las fotos son en blanco y negro, pero con el paso del tiempo y la falta de cuidados toman color amarillento, por eso he decidido colorearlas.</strong></p>


<div class="wp-block-image">
<figure class="aligncenter"><img loading="lazy" decoding="async" width="800" height="600" src="http://www.laplatamagica.com.ar/wp-content/uploads/2019/11/bradley1.jpg" alt="" class="wp-image-5185" srcset="https://laplatamagica.ar/wp-content/uploads/2019/11/bradley1.jpg 800w, https://laplatamagica.ar/wp-content/uploads/2019/11/bradley1-300x225.jpg 300w, https://laplatamagica.ar/wp-content/uploads/2019/11/bradley1-768x576.jpg 768w" sizes="auto, (max-width: 800px) 85vw, 800px" /></figure>
</div>


<figure class="wp-block-image size-full"><a href="https://revolucion989.com.ar/" target="_blank" rel=" noreferrer noopener"><img decoding="async" src="https://laplatamagica.ar/wp-content/uploads/2025/02/baner-1.jpg" alt="Historias de La Plata" class="wp-image-12937"/></a></figure>


<div class="wp-block-image">
<figure class="aligncenter"><img loading="lazy" decoding="async" width="900" height="690" src="http://www.laplatamagica.com.ar/wp-content/uploads/2019/11/bradley2-1.jpg" alt="" class="wp-image-5189" srcset="https://laplatamagica.ar/wp-content/uploads/2019/11/bradley2-1.jpg 900w, https://laplatamagica.ar/wp-content/uploads/2019/11/bradley2-1-300x230.jpg 300w, https://laplatamagica.ar/wp-content/uploads/2019/11/bradley2-1-768x589.jpg 768w" sizes="auto, (max-width: 709px) 85vw, (max-width: 909px) 67vw, (max-width: 1362px) 62vw, 840px" /></figure>
</div>

<div class="wp-block-image">
<figure class="aligncenter"><img loading="lazy" decoding="async" width="900" height="702" src="http://www.laplatamagica.com.ar/wp-content/uploads/2019/11/bradley3.jpg" alt="" class="wp-image-5190" srcset="https://laplatamagica.ar/wp-content/uploads/2019/11/bradley3.jpg 900w, https://laplatamagica.ar/wp-content/uploads/2019/11/bradley3-300x234.jpg 300w, https://laplatamagica.ar/wp-content/uploads/2019/11/bradley3-768x599.jpg 768w" sizes="auto, (max-width: 709px) 85vw, (max-width: 909px) 67vw, (max-width: 1362px) 62vw, 840px" /></figure>
</div>

<div class="wp-block-image">
<figure class="aligncenter"><img loading="lazy" decoding="async" width="900" height="611" src="http://www.laplatamagica.com.ar/wp-content/uploads/2019/11/bradley4.jpg" alt="" class="wp-image-5191" srcset="https://laplatamagica.ar/wp-content/uploads/2019/11/bradley4.jpg 900w, https://laplatamagica.ar/wp-content/uploads/2019/11/bradley4-300x204.jpg 300w, https://laplatamagica.ar/wp-content/uploads/2019/11/bradley4-768x521.jpg 768w" sizes="auto, (max-width: 709px) 85vw, (max-width: 909px) 67vw, (max-width: 1362px) 62vw, 840px" /></figure>
</div>

<div class="wp-block-image">
<figure class="aligncenter"><img loading="lazy" decoding="async" width="900" height="512" src="http://www.laplatamagica.com.ar/wp-content/uploads/2019/11/bradley5.jpg" alt="" class="wp-image-5193" srcset="https://laplatamagica.ar/wp-content/uploads/2019/11/bradley5.jpg 900w, https://laplatamagica.ar/wp-content/uploads/2019/11/bradley5-300x171.jpg 300w, https://laplatamagica.ar/wp-content/uploads/2019/11/bradley5-768x437.jpg 768w" sizes="auto, (max-width: 709px) 85vw, (max-width: 909px) 67vw, (max-width: 1362px) 62vw, 840px" /></figure>
</div>


<figure class="wp-block-image size-full"><a href="https://revolucion989.com.ar/" target="_blank" rel=" noreferrer noopener"><img decoding="async" src="https://laplatamagica.ar/wp-content/uploads/2025/02/baner-1.jpg" alt="Historias de La Plata" class="wp-image-12937"/></a></figure>


<div class="wp-block-image">
<figure class="aligncenter"><img loading="lazy" decoding="async" width="900" height="523" src="http://www.laplatamagica.com.ar/wp-content/uploads/2019/11/bradley6.jpg" alt="" class="wp-image-5195" srcset="https://laplatamagica.ar/wp-content/uploads/2019/11/bradley6.jpg 900w, https://laplatamagica.ar/wp-content/uploads/2019/11/bradley6-300x174.jpg 300w, https://laplatamagica.ar/wp-content/uploads/2019/11/bradley6-768x446.jpg 768w" sizes="auto, (max-width: 709px) 85vw, (max-width: 909px) 67vw, (max-width: 1362px) 62vw, 840px" /></figure>
</div>

<div class="wp-block-image">
<figure class="aligncenter"><img loading="lazy" decoding="async" width="900" height="651" src="http://www.laplatamagica.com.ar/wp-content/uploads/2019/11/bradley7.jpg" alt="" class="wp-image-5200" srcset="https://laplatamagica.ar/wp-content/uploads/2019/11/bradley7.jpg 900w, https://laplatamagica.ar/wp-content/uploads/2019/11/bradley7-300x217.jpg 300w, https://laplatamagica.ar/wp-content/uploads/2019/11/bradley7-768x556.jpg 768w" sizes="auto, (max-width: 709px) 85vw, (max-width: 909px) 67vw, (max-width: 1362px) 62vw, 840px" /></figure>
</div>

<div class="wp-block-image">
<figure class="aligncenter"><img loading="lazy" decoding="async" width="800" height="561" src="http://www.laplatamagica.com.ar/wp-content/uploads/2019/11/bradley8.jpg" alt="" class="wp-image-5207" srcset="https://laplatamagica.ar/wp-content/uploads/2019/11/bradley8.jpg 800w, https://laplatamagica.ar/wp-content/uploads/2019/11/bradley8-300x210.jpg 300w, https://laplatamagica.ar/wp-content/uploads/2019/11/bradley8-768x539.jpg 768w" sizes="auto, (max-width: 800px) 85vw, 800px" /></figure>
</div>


<figure class="wp-block-image size-full"><a href="https://revolucion989.com.ar/" target="_blank" rel=" noreferrer noopener"><img decoding="async" src="https://laplatamagica.ar/wp-content/uploads/2025/02/baner-1.jpg" alt="Historias de La Plata" class="wp-image-12937"/></a></figure>

<p>Tomás Bradley Nació el 25 de Agosto de 1844 en Buenos Aires, Argentina. Comerciante, luego intervino como voluntario en la guerra del Paraguay, y marchó ella en calidad de subteniente, estuvo bajo las órdenes del Coronel Emilio Conesa, y asistió entre otros, a los sangrientos combates de &nbsp;Paso de la Patria, Boquerón, Tuyuti, encuentros en &hellip; <a href="https://laplatamagica.ar/?page_id=5180" class="more-link">Continuar leyendo<span class="screen-reader-text"> &#8220;Fotografías  Bradley&#8221;</span></a></p>
