{"id":5646,"date":"2019-12-11T15:16:47","date_gmt":"2019-12-11T18:16:47","guid":{"rendered":"http:\/\/www.laplatamagica.com.ar\/?page_id=5646"},"modified":"2020-06-05T10:36:53","modified_gmt":"2020-06-05T13:36:53","slug":"construccion-de-la-republica-de-los-ninos","status":"publish","type":"page","link":"https:\/\/laplatamagica.ar\/?page_id=5646","title":{"rendered":"Construcci\u00f3n de la Rep\u00fablica de los Ni\u00f1os"},"content":{"rendered":"\n<p style=\"text-align:center\"><strong>Fue construida en dos a\u00f1os por el Instituto Inversor de la Provincia de Buenos Aires en 53 hect\u00e1reas que en la primera mitad del siglo XX hab\u00edan pertenecido al campo de golf \u201cSwift Golf Club\u201d. Domingo Mercante, fue el autor del proyecto oficial que llevaron adelante los arquitectos fueron Lima, Cuenca y Gallo, y que el 26 de noviembre de 1951 Inauguro Juan Domingo Per\u00f3n.<\/strong><\/p>\n\n\n\n<div class=\"wp-block-image\"><figure class=\"aligncenter\"><img loading=\"lazy\" decoding=\"async\" width=\"1000\" height=\"566\" src=\"http:\/\/www.laplatamagica.com.ar\/wp-content\/uploads\/2019\/12\/Republica08.jpg\" alt=\"\" class=\"wp-image-5653\" srcset=\"https:\/\/laplatamagica.ar\/wp-content\/uploads\/2019\/12\/Republica08.jpg 1000w, https:\/\/laplatamagica.ar\/wp-content\/uploads\/2019\/12\/Republica08-300x170.jpg 300w, https:\/\/laplatamagica.ar\/wp-content\/uploads\/2019\/12\/Republica08-768x435.jpg 768w\" sizes=\"auto, (max-width: 709px) 85vw, (max-width: 909px) 67vw, (max-width: 1362px) 62vw, 840px\" \/><figcaption><strong>Inicios de la construcci\u00f3n 4 de abril de 1951.<\/strong><\/figcaption><\/figure><\/div>\n\n\n\n<div class=\"wp-block-image\"><figure class=\"aligncenter\"><img loading=\"lazy\" decoding=\"async\" width=\"1000\" height=\"686\" src=\"http:\/\/www.laplatamagica.com.ar\/wp-content\/uploads\/2019\/12\/rep\u00fablica03.jpg\" alt=\"\" class=\"wp-image-5647\" srcset=\"https:\/\/laplatamagica.ar\/wp-content\/uploads\/2019\/12\/rep\u00fablica03.jpg 1000w, https:\/\/laplatamagica.ar\/wp-content\/uploads\/2019\/12\/rep\u00fablica03-300x206.jpg 300w, https:\/\/laplatamagica.ar\/wp-content\/uploads\/2019\/12\/rep\u00fablica03-768x527.jpg 768w\" sizes=\"auto, (max-width: 709px) 85vw, (max-width: 909px) 67vw, (max-width: 1362px) 62vw, 840px\" \/><figcaption><strong>Entrada al predio.<\/strong><\/figcaption><\/figure><\/div>\n\n\n\n<div class=\"wp-block-image\"><figure class=\"aligncenter\"><img loading=\"lazy\" decoding=\"async\" width=\"1000\" height=\"664\" src=\"http:\/\/www.laplatamagica.com.ar\/wp-content\/uploads\/2019\/12\/Republica2.jpg\" alt=\"\" class=\"wp-image-5648\" srcset=\"https:\/\/laplatamagica.ar\/wp-content\/uploads\/2019\/12\/Republica2.jpg 1000w, https:\/\/laplatamagica.ar\/wp-content\/uploads\/2019\/12\/Republica2-300x199.jpg 300w, https:\/\/laplatamagica.ar\/wp-content\/uploads\/2019\/12\/Republica2-768x510.jpg 768w\" sizes=\"auto, (max-width: 709px) 85vw, (max-width: 909px) 67vw, (max-width: 1362px) 62vw, 840px\" \/><figcaption><strong>En plena construcci\u00f3n.<\/strong><\/figcaption><\/figure><\/div>\n\n\n\n<div class=\"wp-block-image\"><figure class=\"aligncenter\"><img loading=\"lazy\" decoding=\"async\" width=\"1000\" height=\"533\" src=\"http:\/\/www.laplatamagica.com.ar\/wp-content\/uploads\/2019\/12\/Republica7.jpg\" alt=\"\" class=\"wp-image-5651\" srcset=\"https:\/\/laplatamagica.ar\/wp-content\/uploads\/2019\/12\/Republica7.jpg 1000w, https:\/\/laplatamagica.ar\/wp-content\/uploads\/2019\/12\/Republica7-300x160.jpg 300w, https:\/\/laplatamagica.ar\/wp-content\/uploads\/2019\/12\/Republica7-768x409.jpg 768w\" sizes=\"auto, (max-width: 709px) 85vw, (max-width: 909px) 67vw, (max-width: 1362px) 62vw, 840px\" \/><figcaption><strong>Calle principal.<\/strong><\/figcaption><\/figure><\/div>\n\n\n\n<div class=\"wp-block-image\"><figure class=\"aligncenter\"><img loading=\"lazy\" decoding=\"async\" width=\"847\" height=\"1000\" src=\"http:\/\/www.laplatamagica.com.ar\/wp-content\/uploads\/2019\/12\/Republica09.jpg\" alt=\"\" class=\"wp-image-5655\" srcset=\"https:\/\/laplatamagica.ar\/wp-content\/uploads\/2019\/12\/Republica09.jpg 847w, https:\/\/laplatamagica.ar\/wp-content\/uploads\/2019\/12\/Republica09-254x300.jpg 254w, https:\/\/laplatamagica.ar\/wp-content\/uploads\/2019\/12\/Republica09-768x907.jpg 768w\" sizes=\"auto, (max-width: 709px) 85vw, (max-width: 909px) 67vw, (max-width: 1362px) 62vw, 840px\" \/><figcaption><strong> El gobernador Mercante y L\u00f3pez Franc\u00e9s inspeccionando el estado de las obras, el 12 de noviembre de 1951.<\/strong><br><\/figcaption><\/figure><\/div>\n\n\n\n<div class=\"wp-block-image\"><figure class=\"aligncenter\"><img loading=\"lazy\" decoding=\"async\" width=\"1000\" height=\"620\" src=\"http:\/\/www.laplatamagica.com.ar\/wp-content\/uploads\/2019\/12\/Republica010.jpg\" alt=\"\" class=\"wp-image-5656\" srcset=\"https:\/\/laplatamagica.ar\/wp-content\/uploads\/2019\/12\/Republica010.jpg 1000w, https:\/\/laplatamagica.ar\/wp-content\/uploads\/2019\/12\/Republica010-300x186.jpg 300w, https:\/\/laplatamagica.ar\/wp-content\/uploads\/2019\/12\/Republica010-768x476.jpg 768w\" sizes=\"auto, (max-width: 709px) 85vw, (max-width: 909px) 67vw, (max-width: 1362px) 62vw, 840px\" \/><figcaption><strong>En la Rep\u00fablica de los Ni\u00f1os el Ministerio de Marina.<\/strong><\/figcaption><\/figure><\/div>\n\n\n\n<div class=\"wp-block-image\"><figure class=\"aligncenter\"><img loading=\"lazy\" decoding=\"async\" width=\"1000\" height=\"674\" src=\"http:\/\/www.laplatamagica.com.ar\/wp-content\/uploads\/2019\/12\/Republica011.jpg\" alt=\"\" class=\"wp-image-5658\" srcset=\"https:\/\/laplatamagica.ar\/wp-content\/uploads\/2019\/12\/Republica011.jpg 1000w, https:\/\/laplatamagica.ar\/wp-content\/uploads\/2019\/12\/Republica011-300x202.jpg 300w, https:\/\/laplatamagica.ar\/wp-content\/uploads\/2019\/12\/Republica011-768x518.jpg 768w\" sizes=\"auto, (max-width: 709px) 85vw, (max-width: 909px) 67vw, (max-width: 1362px) 62vw, 840px\" \/><figcaption><strong>El gobernador Domingo Mercante y L\u00f3pez Franc\u00e9s comprobando el estado de las obras, el 12 de noviembre de 1951.<\/strong><\/figcaption><\/figure><\/div>\n\n\n\n<div class=\"wp-block-image\"><figure class=\"aligncenter\"><img loading=\"lazy\" decoding=\"async\" width=\"1000\" height=\"652\" src=\"http:\/\/www.laplatamagica.com.ar\/wp-content\/uploads\/2019\/12\/Republica012.jpg\" alt=\"\" class=\"wp-image-5660\" srcset=\"https:\/\/laplatamagica.ar\/wp-content\/uploads\/2019\/12\/Republica012.jpg 1000w, https:\/\/laplatamagica.ar\/wp-content\/uploads\/2019\/12\/Republica012-300x196.jpg 300w, https:\/\/laplatamagica.ar\/wp-content\/uploads\/2019\/12\/Republica012-768x501.jpg 768w\" sizes=\"auto, (max-width: 709px) 85vw, (max-width: 909px) 67vw, (max-width: 1362px) 62vw, 840px\" \/><figcaption><strong>Los trabajos fueron realizados con mano de obra especializada, trabajaron, picapedreros, techistas, etc.<\/strong><\/figcaption><\/figure><\/div>\n\n\n\n<div class=\"wp-block-image\"><figure class=\"aligncenter\"><img loading=\"lazy\" decoding=\"async\" width=\"1000\" height=\"670\" src=\"http:\/\/www.laplatamagica.com.ar\/wp-content\/uploads\/2019\/12\/Re\u00fablica-en-construcci\u00f3n-4.jpg\" alt=\"\" class=\"wp-image-5662\" srcset=\"https:\/\/laplatamagica.ar\/wp-content\/uploads\/2019\/12\/Re\u00fablica-en-construcci\u00f3n-4.jpg 1000w, https:\/\/laplatamagica.ar\/wp-content\/uploads\/2019\/12\/Re\u00fablica-en-construcci\u00f3n-4-300x201.jpg 300w, https:\/\/laplatamagica.ar\/wp-content\/uploads\/2019\/12\/Re\u00fablica-en-construcci\u00f3n-4-768x515.jpg 768w\" sizes=\"auto, (max-width: 709px) 85vw, (max-width: 909px) 67vw, (max-width: 1362px) 62vw, 840px\" \/><figcaption>Calle principal<\/figcaption><\/figure><\/div>\n","protected":false},"excerpt":{"rendered":"<p>Fue construida en dos a\u00f1os por el Instituto Inversor de la Provincia de Buenos Aires en 53 hect\u00e1reas que en la primera mitad del siglo XX hab\u00edan pertenecido al campo de golf \u201cSwift Golf Club\u201d. Domingo Mercante, fue el autor del proyecto oficial que llevaron adelante los arquitectos fueron Lima, Cuenca y Gallo, y que &hellip; <a href=\"https:\/\/laplatamagica.ar\/?page_id=5646\" class=\"more-link\">Continuar leyendo<span class=\"screen-reader-text\"> &#8220;Construcci\u00f3n de la Rep\u00fablica de los Ni\u00f1os&#8221;<\/span><\/a><\/p>\n","protected":false},"author":1,"featured_media":0,"parent":0,"menu_order":0,"comment_status":"closed","ping_status":"closed","template":"","meta":{"switch_pages_title":"","h5ap_radio_sources":[],"footnotes":""},"class_list":["post-5646","page","type-page","status-publish","hentry"],"_links":{"self":[{"href":"https:\/\/laplatamagica.ar\/index.php?rest_route=\/wp\/v2\/pages\/5646","targetHints":{"allow":["GET"]}}],"collection":[{"href":"https:\/\/laplatamagica.ar\/index.php?rest_route=\/wp\/v2\/pages"}],"about":[{"href":"https:\/\/laplatamagica.ar\/index.php?rest_route=\/wp\/v2\/types\/page"}],"author":[{"embeddable":true,"href":"https:\/\/laplatamagica.ar\/index.php?rest_route=\/wp\/v2\/users\/1"}],"replies":[{"embeddable":true,"href":"https:\/\/laplatamagica.ar\/index.php?rest_route=%2Fwp%2Fv2%2Fcomments&post=5646"}],"version-history":[{"count":0,"href":"https:\/\/laplatamagica.ar\/index.php?rest_route=\/wp\/v2\/pages\/5646\/revisions"}],"wp:attachment":[{"href":"https:\/\/laplatamagica.ar\/index.php?rest_route=%2Fwp%2Fv2%2Fmedia&parent=5646"}],"curies":[{"name":"wp","href":"https:\/\/api.w.org\/{rel}","templated":true}]}}

Construcción de la República de los Niños

<p style="text-align:center"><strong>Fue construida en dos años por el Instituto Inversor de la Provincia de Buenos Aires en 53 hectáreas que en la primera mitad del siglo XX habían pertenecido al campo de golf “Swift Golf Club”. Domingo Mercante, fue el autor del proyecto oficial que llevaron adelante los arquitectos fueron Lima, Cuenca y Gallo, y que el 26 de noviembre de 1951 Inauguro Juan Domingo Perón.</strong></p>



<div class="wp-block-image"><figure class="aligncenter"><img loading="lazy" decoding="async" width="1000" height="566" src="http://www.laplatamagica.com.ar/wp-content/uploads/2019/12/Republica08.jpg" alt="" class="wp-image-5653" srcset="https://laplatamagica.ar/wp-content/uploads/2019/12/Republica08.jpg 1000w, https://laplatamagica.ar/wp-content/uploads/2019/12/Republica08-300x170.jpg 300w, https://laplatamagica.ar/wp-content/uploads/2019/12/Republica08-768x435.jpg 768w" sizes="auto, (max-width: 709px) 85vw, (max-width: 909px) 67vw, (max-width: 1362px) 62vw, 840px" /><figcaption><strong>Inicios de la construcción 4 de abril de 1951.</strong></figcaption></figure></div>



<div class="wp-block-image"><figure class="aligncenter"><img loading="lazy" decoding="async" width="1000" height="686" src="http://www.laplatamagica.com.ar/wp-content/uploads/2019/12/república03.jpg" alt="" class="wp-image-5647" srcset="https://laplatamagica.ar/wp-content/uploads/2019/12/república03.jpg 1000w, https://laplatamagica.ar/wp-content/uploads/2019/12/república03-300x206.jpg 300w, https://laplatamagica.ar/wp-content/uploads/2019/12/república03-768x527.jpg 768w" sizes="auto, (max-width: 709px) 85vw, (max-width: 909px) 67vw, (max-width: 1362px) 62vw, 840px" /><figcaption><strong>Entrada al predio.</strong></figcaption></figure></div>



<div class="wp-block-image"><figure class="aligncenter"><img loading="lazy" decoding="async" width="1000" height="664" src="http://www.laplatamagica.com.ar/wp-content/uploads/2019/12/Republica2.jpg" alt="" class="wp-image-5648" srcset="https://laplatamagica.ar/wp-content/uploads/2019/12/Republica2.jpg 1000w, https://laplatamagica.ar/wp-content/uploads/2019/12/Republica2-300x199.jpg 300w, https://laplatamagica.ar/wp-content/uploads/2019/12/Republica2-768x510.jpg 768w" sizes="auto, (max-width: 709px) 85vw, (max-width: 909px) 67vw, (max-width: 1362px) 62vw, 840px" /><figcaption><strong>En plena construcción.</strong></figcaption></figure></div>



<div class="wp-block-image"><figure class="aligncenter"><img loading="lazy" decoding="async" width="1000" height="533" src="http://www.laplatamagica.com.ar/wp-content/uploads/2019/12/Republica7.jpg" alt="" class="wp-image-5651" srcset="https://laplatamagica.ar/wp-content/uploads/2019/12/Republica7.jpg 1000w, https://laplatamagica.ar/wp-content/uploads/2019/12/Republica7-300x160.jpg 300w, https://laplatamagica.ar/wp-content/uploads/2019/12/Republica7-768x409.jpg 768w" sizes="auto, (max-width: 709px) 85vw, (max-width: 909px) 67vw, (max-width: 1362px) 62vw, 840px" /><figcaption><strong>Calle principal.</strong></figcaption></figure></div>



<div class="wp-block-image"><figure class="aligncenter"><img loading="lazy" decoding="async" width="847" height="1000" src="http://www.laplatamagica.com.ar/wp-content/uploads/2019/12/Republica09.jpg" alt="" class="wp-image-5655" srcset="https://laplatamagica.ar/wp-content/uploads/2019/12/Republica09.jpg 847w, https://laplatamagica.ar/wp-content/uploads/2019/12/Republica09-254x300.jpg 254w, https://laplatamagica.ar/wp-content/uploads/2019/12/Republica09-768x907.jpg 768w" sizes="auto, (max-width: 709px) 85vw, (max-width: 909px) 67vw, (max-width: 1362px) 62vw, 840px" /><figcaption><strong> El gobernador Mercante y López Francés inspeccionando el estado de las obras, el 12 de noviembre de 1951.</strong><br></figcaption></figure></div>



<div class="wp-block-image"><figure class="aligncenter"><img loading="lazy" decoding="async" width="1000" height="620" src="http://www.laplatamagica.com.ar/wp-content/uploads/2019/12/Republica010.jpg" alt="" class="wp-image-5656" srcset="https://laplatamagica.ar/wp-content/uploads/2019/12/Republica010.jpg 1000w, https://laplatamagica.ar/wp-content/uploads/2019/12/Republica010-300x186.jpg 300w, https://laplatamagica.ar/wp-content/uploads/2019/12/Republica010-768x476.jpg 768w" sizes="auto, (max-width: 709px) 85vw, (max-width: 909px) 67vw, (max-width: 1362px) 62vw, 840px" /><figcaption><strong>En la República de los Niños el Ministerio de Marina.</strong></figcaption></figure></div>



<div class="wp-block-image"><figure class="aligncenter"><img loading="lazy" decoding="async" width="1000" height="674" src="http://www.laplatamagica.com.ar/wp-content/uploads/2019/12/Republica011.jpg" alt="" class="wp-image-5658" srcset="https://laplatamagica.ar/wp-content/uploads/2019/12/Republica011.jpg 1000w, https://laplatamagica.ar/wp-content/uploads/2019/12/Republica011-300x202.jpg 300w, https://laplatamagica.ar/wp-content/uploads/2019/12/Republica011-768x518.jpg 768w" sizes="auto, (max-width: 709px) 85vw, (max-width: 909px) 67vw, (max-width: 1362px) 62vw, 840px" /><figcaption><strong>El gobernador Domingo Mercante y López Francés comprobando el estado de las obras, el 12 de noviembre de 1951.</strong></figcaption></figure></div>



<div class="wp-block-image"><figure class="aligncenter"><img loading="lazy" decoding="async" width="1000" height="652" src="http://www.laplatamagica.com.ar/wp-content/uploads/2019/12/Republica012.jpg" alt="" class="wp-image-5660" srcset="https://laplatamagica.ar/wp-content/uploads/2019/12/Republica012.jpg 1000w, https://laplatamagica.ar/wp-content/uploads/2019/12/Republica012-300x196.jpg 300w, https://laplatamagica.ar/wp-content/uploads/2019/12/Republica012-768x501.jpg 768w" sizes="auto, (max-width: 709px) 85vw, (max-width: 909px) 67vw, (max-width: 1362px) 62vw, 840px" /><figcaption><strong>Los trabajos fueron realizados con mano de obra especializada, trabajaron, picapedreros, techistas, etc.</strong></figcaption></figure></div>



<div class="wp-block-image"><figure class="aligncenter"><img loading="lazy" decoding="async" width="1000" height="670" src="http://www.laplatamagica.com.ar/wp-content/uploads/2019/12/Reública-en-construcción-4.jpg" alt="" class="wp-image-5662" srcset="https://laplatamagica.ar/wp-content/uploads/2019/12/Reública-en-construcción-4.jpg 1000w, https://laplatamagica.ar/wp-content/uploads/2019/12/Reública-en-construcción-4-300x201.jpg 300w, https://laplatamagica.ar/wp-content/uploads/2019/12/Reública-en-construcción-4-768x515.jpg 768w" sizes="auto, (max-width: 709px) 85vw, (max-width: 909px) 67vw, (max-width: 1362px) 62vw, 840px" /><figcaption>Calle principal</figcaption></figure></div>

<p>Fue construida en dos años por el Instituto Inversor de la Provincia de Buenos Aires en 53 hectáreas que en la primera mitad del siglo XX habían pertenecido al campo de golf “Swift Golf Club”. Domingo Mercante, fue el autor del proyecto oficial que llevaron adelante los arquitectos fueron Lima, Cuenca y Gallo, y que &hellip; <a href="https://laplatamagica.ar/?page_id=5646" class="more-link">Continuar leyendo<span class="screen-reader-text"> &#8220;Construcción de la República de los Niños&#8221;</span></a></p>
