{"id":720,"date":"2019-08-20T04:41:39","date_gmt":"2019-08-20T07:41:39","guid":{"rendered":"http:\/\/www.laplatamagica.com.ar\/?page_id=720"},"modified":"2023-02-03T16:52:39","modified_gmt":"2023-02-03T19:52:39","slug":"arboles","status":"publish","type":"page","link":"https:\/\/laplatamagica.ar\/?page_id=720","title":{"rendered":"Nuestros amigos los \u00c1rboles"},"content":{"rendered":"<div class=\"wp-block-image\">\n<figure class=\"aligncenter\"><img decoding=\"async\" src=\"http:\/\/www.laplatamagica.com.ar\/userfiles\/image\/arbol.png\" alt=\"\"\/><\/figure>\n<\/div>\n\n\n<p class=\"has-text-align-center has-medium-font-size\"><strong>La Ciudad de La Plata se ha destacado siempre por sus Plazas (una cada seis cuadras) forestadas con las m\u00e1s diversas especies y sus anchas avenidas con veredas arboladas.<\/strong><\/p>\n\n\n<div class=\"wp-block-image\">\n<figure class=\"aligncenter\"><img decoding=\"async\" src=\"http:\/\/www.laplatamagica.com.ar\/userfiles\/image\/paseodelmuseo.jpg\" alt=\"Bosque platense.\"\/><\/figure>\n<\/div>\n\n\n<p><strong>Acacia Blanca:<\/strong>&nbsp;En calle 9 de 51 a 60.<\/p>\n\n\n\n<p><strong>Aguaribay:<\/strong>&nbsp;Frente a la Universidad por avenida 7.<\/p>\n\n\n\n<p><strong>Alcanforero:<\/strong>&nbsp;Est\u00e1 en Plaza San Mart\u00edn, Casa de Gobierno y facultad de Agronom\u00eda.<\/p>\n\n\n\n<p><strong>\u00c1rbol de lo 40 Escudos:<\/strong>&nbsp;En Avenida Iraola hasta el museo de Ciencias Naturales.<\/p>\n\n\n\n<p><strong>\u00c1rbol del Cielo:<\/strong>&nbsp;En calle 55 y zona c\u00e9ntrica de la ciudad.<\/p>\n\n\n\n<p><strong>\u00c1rbol de Judea:<\/strong>&nbsp;Calle 8 de 33 a 44.<\/p>\n\n\n\n<p><strong>Arce:<\/strong>&nbsp;En muchas Plazas de la ciudad.<\/p>\n\n\n\n<p><strong>Casta\u00f1as de la India:<\/strong>En Avenida 51 de 1 a 2, en Plaza San Mart\u00edn y jardines del Ministerio de Educaci\u00f3n.<\/p>\n\n\n\n<p><strong>Ceibo:<\/strong>&nbsp;En el Lago del Bosque, Plaza San Mart\u00edn y Plaza Moreno. Cabe mencionar que la flor del Ceibo es la flor Nacional de Argentina.<\/p>\n\n\n\n<p><strong>Omb\u00fa:<\/strong>&nbsp;Dos grandes ejemplares en Plaza Italia y Ministerio de Educaci\u00f3n.<\/p>\n\n\n\n<p><strong>Patito Dulce<\/strong>:&nbsp;Calle 10 y frente al Museo de Ciencias Naturales.<\/p>\n\n\n\n<p><strong>Pl\u00e1tano<\/strong>: En calle 56, avenidas 13, 51, 53, 60 y Plaza Moreno.<\/p>\n\n\n<div class=\"wp-block-image\">\n<figure class=\"aligncenter\"><img decoding=\"async\" src=\"http:\/\/www.laplatamagica.com.ar\/userfiles\/image\/Paseo-del-Bosque.jpg\" alt=\"Paseo del Bosque.\"\/><\/figure>\n<\/div>\n\n\n<p><strong>Para\u00edso o \u00c1rbol de Para\u00edso:<\/strong>&nbsp;Plaza Belgrano, 38 y 13, Parque Castelli.<\/p>\n\n\n\n<p><strong>Parasol de China:<\/strong>&nbsp;Calle 56 de 1 a 3 y 8 de 45 a 51.<\/p>\n\n\n\n<p><strong>Palo Borracho:<\/strong>&nbsp;Plaza Alte. Brown, Ministerio de Educaci\u00f3n y otros lugares.<\/p>\n\n\n\n<p><strong>Pata de Vaca:<\/strong>&nbsp;Alrededor de la escuela Normal N\u00ba 1, 50 y 15.<\/p>\n\n\n\n<p><strong>Roble:<\/strong>&nbsp;Parque Castelli, Museo de Ciencias Naturales, Plaza Rivadavia.<\/p>\n\n\n\n<p><strong>Tilo:<\/strong>&nbsp;En la avenida 7 y en otras calles de la ciudad.<\/p>\n\n\n\n<p><strong>Tipas:<\/strong>&nbsp;Diagonal 73 de Plaza Rocha a Plaza Matheu.<\/p>\n\n\n\n<p><strong>Tulipanero:<\/strong>&nbsp;Calle 10 de 49 a 60.<\/p>\n\n\n\n<p>Adem\u00e1s existen variedades de pinos, cedros, cipreses, tuyas, abetos, \u00e1lamos, etc.<\/p>\n\n\n\n<p><strong>Eucaliptos:&nbsp;<\/strong>En los alrededores del Lago del Bosque y en todo el Paseos del Bosque y Jard\u00edn Zool\u00f3gico.<\/p>\n\n\n\n<p><strong>Ibapoy:<\/strong>&nbsp;Frente al Museo de Ciencias Naturales.<\/p>\n\n\n\n<p><strong>Jacarand\u00e1:<\/strong>&nbsp;Diagonal 73 desde Plaza Rocha hasta plaza Azcu\u00e9naga.<\/p>\n\n\n\n<p><strong>Lapacho:<\/strong>&nbsp;En la calle 10 y en los ex Jardines del Teatro Argentino.<\/p>\n\n\n\n<p><strong>Magnolia:<\/strong>&nbsp;Plaza San Mart\u00edn, Plaza Rivadavia y otros lugares.<\/p>\n\n\n\n<p><strong>Naranjos Amargos:<\/strong>&nbsp;En la Calle 47.<\/p>\n\n\n\n<p><strong>Olmo Europeo:<\/strong>&nbsp;Calle 5 de 44 a 60.<\/p>\n\n\n<div class=\"wp-block-image\">\n<figure class=\"aligncenter is-resized\"><img loading=\"lazy\" decoding=\"async\" src=\"http:\/\/www.laplatamagica.com.ar\/userfiles\/image\/arboles43.jpg\" alt=\"\" width=\"328\" height=\"247\"\/><\/figure>\n<\/div>\n\n\n<p><strong>Omb\u00fa:<\/strong>&nbsp;Dos grandes ejemplares en Plaza Italia y Ministerio de Educaci\u00f3n.<\/p>\n\n\n\n<p><strong>Patito Dulce<\/strong>:&nbsp;Calle 10 y frente al Museo de Ciencias Naturales.<\/p>\n\n\n\n<p><strong>Pl\u00e1tano<\/strong>: En calle 56, avenidas 13, 51, 53, 60 y Plaza Moreno.<\/p>\n\n\n\n<p><strong>Para\u00edso o \u00c1rbol de Para\u00edso:<\/strong>&nbsp;Plaza Belgrano, 38 y 13, Parque Castelli.<\/p>\n\n\n\n<p><strong>Parasol de China:<\/strong>&nbsp;Calle 56 de 1 a 3 y 8 de 45 a 51.<\/p>\n\n\n\n<p><strong>Palo Borracho:<\/strong>&nbsp;Plaza Alte. Brown, Ministerio de Educaci\u00f3n y otros lugares.<\/p>\n\n\n<div class=\"wp-block-image\">\n<figure class=\"aligncenter\"><img decoding=\"async\" src=\"http:\/\/www.laplatamagica.com.ar\/userfiles\/image\/arbol045.jpg\" alt=\"\"\/><\/figure>\n<\/div>\n\n\n<p><strong>Pata de Vaca:<\/strong>&nbsp;Alrededor de la escuela Normal N\u00ba 1, 50 y 15.<\/p>\n\n\n\n<p><strong>Roble:<\/strong>&nbsp;Parque Castelli, Museo de Ciencias Naturales, Plaza Rivadavia.<\/p>\n\n\n\n<p><strong>Tilo:<\/strong>&nbsp;En la avenida 7 y en otras calles de la ciudad.<\/p>\n\n\n\n<p><strong>Tipas:<\/strong>&nbsp;Diagonal 73 de Plaza Rocha a Plaza Matheu.<\/p>\n\n\n\n<p><strong>Tulipanero:<\/strong>&nbsp;Calle 10 de 49 a 60.<\/p>\n\n\n\n<p>Adem\u00e1s existen variedades de pinos, cedros, cipreses, tuyas, abetos, \u00e1lamos, etc.<\/p>\n\n\n\n<figure class=\"wp-block-image size-full\"><a href=\"http:\/\/netlp.com.ar\/\" target=\"_blank\" rel=\"noreferrer noopener\"><img decoding=\"async\" src=\"https:\/\/laplatamagica.ar\/wp-content\/uploads\/2023\/02\/netalliance-6.jpg\" alt=\"\" class=\"wp-image-11893\"\/><\/a><\/figure>\n\n\n\n<h1 class=\"wp-block-heading\">&nbsp;<strong>Algo para imitar en nuestra ciudad<\/strong><\/h1>\n\n\n\n<figure class=\"wp-block-embed aligncenter is-type-video is-provider-youtube wp-block-embed-youtube wp-embed-aspect-16-9 wp-has-aspect-ratio\"><div class=\"wp-block-embed__wrapper\">\n<iframe loading=\"lazy\" title=\"Tree Transplanting with ArborCo Melbourne.m4v\" width=\"840\" height=\"473\" src=\"https:\/\/www.youtube.com\/embed\/nLVdqnQPS7c?feature=oembed\" frameborder=\"0\" allow=\"accelerometer; autoplay; clipboard-write; encrypted-media; gyroscope; picture-in-picture; web-share\" allowfullscreen><\/iframe>\n<\/div><figcaption> <br> Contibuci\u00f3n del Sr. Carlos A. Berisa  <\/figcaption><\/figure>\n\n\n\n<p class=\"has-small-font-size\">[rrss_buttons twitter=&#8217;on&#8217; facebook=&#8217;on&#8217; pinterest=&#8217;on&#8217; linkedin=&#8217;on&#8217; whatsapp=&#8217;on&#8217; instagram=&#8217;on&#8217;]<\/p>\n\n\n\n<h1 class=\"wp-block-heading\"><strong>Podar o no podar<\/strong><\/h1>\n\n\n\n<p>Por Susana Papale<\/p>\n\n\n<div class=\"wp-block-image\">\n<figure class=\"aligncenter\"><img loading=\"lazy\" decoding=\"async\" width=\"600\" height=\"398\" src=\"http:\/\/www.laplatamagica.com.ar\/wp-content\/uploads\/2019\/08\/Parque1.jpg\" alt=\"\" class=\"wp-image-724\" srcset=\"https:\/\/laplatamagica.ar\/wp-content\/uploads\/2019\/08\/Parque1.jpg 600w, https:\/\/laplatamagica.ar\/wp-content\/uploads\/2019\/08\/Parque1-300x199.jpg 300w\" sizes=\"auto, (max-width: 600px) 85vw, 600px\" \/><figcaption><strong>\u00a1\u00a1Los pulmones de una ciudad!!<\/strong><\/figcaption><\/figure>\n<\/div>\n\n\n<p>El planeta necesita de sus \u00e1rboles, como un elemento esencial que garantiza la vida. Los habitantes de las ciudades tienen derecho a los beneficios que ofrece el arbolado urbano, ya que el mismo constituye un bien&nbsp;primordial que mejora la calidad de su h\u00e1bitat.<\/p>\n\n\n\n<p>El \u00e1rbol de la vereda no pertenece al frentista por m\u00e1s que lo haya plantado, s\u00ed es parte del bien publico de un municipio, por lo tanto su cuidado es una responsabilidad compartida . Unos y otros deben aunar esfuerzos para preservar la \u00fanica foresta que poseen los ambientes urbanos, los \u00e1rboles de nuestras calles.<\/p>\n\n\n\n<p>A\u00f1o a a\u00f1o asistimos a la destrucci\u00f3n del patrimonio arb\u00f3reo. En la mayor\u00eda de los casos los vecinos podan sin contemplaci\u00f3n llegando a cortas estructuras que no deben ser tocadas, produciendo as\u00ed enormes da\u00f1os que condenan a ese ejemplar a una muerte lenta pero segura.<\/p>\n\n\n\n<p>Pero si bien se cometen estos arboricidios anuales sin ning\u00fan sustento t\u00e9cnico, tambi\u00e9n es cierto que a la inconducta y el desinter\u00e9s de la poblaci\u00f3n se agrega la misma actitud por parte de las autoridades pertinentes, en cuanto a llevar una pol\u00edtica coherente con respecto al arbolado p\u00fablico y a los espacios verdes.<\/p>\n\n\n\n<p>En el momento de formar conciencia popular sobre la importancia del \u00e1rbol, especialmente en la ciudad y modificar responsabilidades para paliar una situaci\u00f3n por dem\u00e1s lamentable, que empobrece la calidad de vida. Hacemos aqu\u00ed un breve aporte a la educaci\u00f3n ambiental presentando una s\u00edntesis de motivaciones que provocan la pregunta \u00bf podar o no podar ?.<\/p>\n\n\n\n<p>\u00a1NO DEBES PODAR UN \u00c1RBOL SIMPLEMENTE PORQUE!: las hojas tapan los desag\u00fces, para no barrer la vereda, para que el \u00e1rbol crezca m\u00e1s fuerte y sano, queda m\u00e1s prolijo, para ver mejor el cartel o la vidriera, es muy grande o muy viejo o por la costumbre de que hay que podarlos.<\/p>\n\n\n\n<p>En general ninguno necesita poda, pero si hay que hacerlo que sea conservadora y correctamente.<\/p>\n\n\n\n<h1 class=\"wp-block-heading\"><strong>Podar Bien Implica:<\/strong><\/h1>\n\n\n\n<figure class=\"wp-block-image\"><img loading=\"lazy\" decoding=\"async\" width=\"600\" height=\"450\" src=\"http:\/\/www.laplatamagica.com.ar\/wp-content\/uploads\/2019\/08\/Parque2.jpg\" alt=\"\" class=\"wp-image-725\" srcset=\"https:\/\/laplatamagica.ar\/wp-content\/uploads\/2019\/08\/Parque2.jpg 600w, https:\/\/laplatamagica.ar\/wp-content\/uploads\/2019\/08\/Parque2-300x225.jpg 300w\" sizes=\"auto, (max-width: 600px) 85vw, 600px\" \/><\/figure>\n\n\n\n<p class=\"has-medium-font-size\"><strong>1)&nbsp;<\/strong>Los cortes deben ser verticales para que la lluvia y la poluci\u00f3n ambiental no penetre por los mu\u00f1ones enfermando al \u00e1rbol.<\/p>\n\n\n\n<p class=\"has-medium-font-size\"><br><strong>2)<\/strong>&nbsp;Sacar las ramas enteras sin desgarrarlas.<\/p>\n\n\n\n<p class=\"has-medium-font-size\"><br><strong>3)&nbsp;<\/strong>Previo al corte de la rama conviene seccionar la corteza desde abajo para que al retirar la rama no desgarre parte del tronco.<\/p>\n\n\n\n<p class=\"has-medium-font-size\"><br><strong>4)<\/strong>&nbsp;Si la rama es muy gruesa o pesada seccionarla en trozos. Comenzando por la punta. Estas ramas se cortar\u00e1n s\u00f3lo si el \u00e1rbol tiene otras de igual porte que mantengan el equilibrio del ejemplar.<\/p>\n\n\n\n<p class=\"has-medium-font-size\"><br><strong>5)<\/strong>&nbsp;Eliminar s\u00f3lo aquellas ramas y puntas que hagan falta.<\/p>\n\n\n\n<p class=\"has-medium-font-size\"><br><strong>6)<\/strong>&nbsp;No podar las ramas que formen un techo, si hacerlo con aquellas muy bajas que molesten el paso de peatones o veh\u00edculos.<\/p>\n\n\n\n<figure class=\"wp-block-image\"><img loading=\"lazy\" decoding=\"async\" width=\"600\" height=\"450\" src=\"http:\/\/www.laplatamagica.com.ar\/wp-content\/uploads\/2019\/08\/Parque3.jpg\" alt=\"\" class=\"wp-image-726\" srcset=\"https:\/\/laplatamagica.ar\/wp-content\/uploads\/2019\/08\/Parque3.jpg 600w, https:\/\/laplatamagica.ar\/wp-content\/uploads\/2019\/08\/Parque3-300x225.jpg 300w\" sizes=\"auto, (max-width: 600px) 85vw, 600px\" \/><\/figure>\n\n\n\n<p class=\"has-medium-font-size\"><br><strong>7)<\/strong>&nbsp;No es necesario talar un \u00e1rbol cundo sus ra\u00edces levantan la vereda. Se puede cortar s\u00f3lo la ra\u00edz que molesta en forma paralela al tronco y luego efectuar una poda de ramas de manera que el \u00e1rbol mantenga su equilibrio.<\/p>\n\n\n\n<p class=\"has-medium-font-size\"><br><strong>8)<\/strong> En caso de cableados y luminarias tampoco es necesario podar todo el follaje, s\u00f3lo se cortar\u00e1n las ramas que ampl\u00eden el cono de luz o las necesarias para producir el &#8220;efecto t\u00fanel&#8221; que permita el paso del cableado a\u00e9reo.<\/p>\n\n\n\n<p class=\"has-medium-font-size\"><br><strong>9)<\/strong>&nbsp;Seg\u00fan el tama\u00f1o de las ramas se emplear\u00e1 una tijera manual para poda, en segundo orden los serruchos con dentado especial y por \u00faltimo las motosierras.<\/p>\n\n\n\n<p class=\"has-medium-font-size\">\u00a1El hacha y el machete deben ser desterrados en el momento de hacer una poda correcta!<\/p>\n\n\n\n<p class=\"has-medium-font-size\">La cultura moderna redujo al \u00e1rbol a un elemento ornamental, menospreciando su valor como bien de primera necesidad.<\/p>\n\n\n\n<p class=\"has-medium-font-size\">Educar sobre la importancia del \u00e1rbol para la vida es una obligaci\u00f3n cuando vemos que el cemento a\u00edsla cada vez mas al hombre de la naturaleza. Se ha borrado el paisaje y lo que es peor se ha borrado nuestro contacto con la tierra.<\/p>\n\n\n\n<p class=\"has-medium-font-size\">Dentro de este panorama, el \u00e1rbol pas\u00f3 a ser algo molesto que puede ser talado a mansalva en pos de un progreso mal entendido. En realidad, es un amigo silencioso que nos brinda con generosidad todo lo que posee, contenci\u00f3n, frescura, pureza, lecci\u00f3n de vida, sin pedir retribuci\u00f3n alguna.<\/p>\n\n\n\n<p class=\"has-medium-font-size\">Recordemos que el \u00e1rbol es un ser vivo y como tal merece nuestro respeto.&nbsp;<\/p>\n\n\n\n<p>&nbsp;&nbsp;&nbsp;&nbsp;&nbsp;&nbsp;&nbsp;&nbsp;&nbsp;&nbsp;&nbsp;&nbsp;&nbsp;&nbsp;&nbsp;&nbsp;&nbsp;&nbsp;&nbsp;&nbsp;&nbsp;&nbsp;&nbsp;&nbsp;&nbsp;&nbsp;&nbsp;&nbsp;&nbsp;&nbsp;&nbsp;&nbsp;&nbsp;&nbsp;&nbsp;&nbsp;&nbsp;&nbsp;&nbsp;&nbsp;&nbsp;&nbsp;&nbsp;&nbsp;&nbsp;&nbsp;&nbsp;&nbsp;&nbsp;&nbsp;&nbsp;&nbsp;&nbsp;&nbsp;&nbsp;&nbsp;&nbsp;&nbsp;&nbsp;&nbsp;&nbsp;&nbsp;&nbsp;&nbsp;&nbsp;&nbsp;&nbsp;&nbsp;&nbsp;&nbsp;&nbsp;&nbsp;&nbsp;&nbsp;&nbsp;&nbsp;&nbsp;&nbsp;&nbsp;&nbsp;&nbsp;&nbsp;&nbsp;&nbsp;&nbsp;&nbsp;&nbsp;&nbsp;&nbsp;&nbsp;&nbsp;&nbsp;&nbsp;&nbsp;&nbsp;&nbsp;&nbsp;&nbsp;&nbsp;&nbsp;&nbsp;&nbsp; <em>Por Susana Papale&nbsp;<\/em><br><\/p>\n\n\n\n<p>Art\u00edculo gentilmente cedido por <strong>EcoPortal<\/strong><\/p>\n","protected":false},"excerpt":{"rendered":"<p>La Ciudad de La Plata se ha destacado siempre por sus Plazas (una cada seis cuadras) forestadas con las m\u00e1s diversas especies y sus anchas avenidas con veredas arboladas. Acacia Blanca:&nbsp;En calle 9 de 51 a 60. Aguaribay:&nbsp;Frente a la Universidad por avenida 7. Alcanforero:&nbsp;Est\u00e1 en Plaza San Mart\u00edn, Casa de Gobierno y facultad de &hellip; <a href=\"https:\/\/laplatamagica.ar\/?page_id=720\" class=\"more-link\">Continuar leyendo<span class=\"screen-reader-text\"> &#8220;Nuestros amigos los \u00c1rboles&#8221;<\/span><\/a><\/p>\n","protected":false},"author":1,"featured_media":0,"parent":0,"menu_order":0,"comment_status":"closed","ping_status":"closed","template":"","meta":{"switch_pages_title":"","h5ap_radio_sources":[],"footnotes":""},"class_list":["post-720","page","type-page","status-publish","hentry"],"_links":{"self":[{"href":"https:\/\/laplatamagica.ar\/index.php?rest_route=\/wp\/v2\/pages\/720","targetHints":{"allow":["GET"]}}],"collection":[{"href":"https:\/\/laplatamagica.ar\/index.php?rest_route=\/wp\/v2\/pages"}],"about":[{"href":"https:\/\/laplatamagica.ar\/index.php?rest_route=\/wp\/v2\/types\/page"}],"author":[{"embeddable":true,"href":"https:\/\/laplatamagica.ar\/index.php?rest_route=\/wp\/v2\/users\/1"}],"replies":[{"embeddable":true,"href":"https:\/\/laplatamagica.ar\/index.php?rest_route=%2Fwp%2Fv2%2Fcomments&post=720"}],"version-history":[{"count":0,"href":"https:\/\/laplatamagica.ar\/index.php?rest_route=\/wp\/v2\/pages\/720\/revisions"}],"wp:attachment":[{"href":"https:\/\/laplatamagica.ar\/index.php?rest_route=%2Fwp%2Fv2%2Fmedia&parent=720"}],"curies":[{"name":"wp","href":"https:\/\/api.w.org\/{rel}","templated":true}]}}