{"id":753,"date":"2019-08-20T07:06:16","date_gmt":"2019-08-20T10:06:16","guid":{"rendered":"http:\/\/www.laplatamagica.com.ar\/?page_id=753"},"modified":"2024-09-26T17:45:12","modified_gmt":"2024-09-26T20:45:12","slug":"republica-de-los-ninos","status":"publish","type":"page","link":"https:\/\/laplatamagica.ar\/?page_id=753","title":{"rendered":"Rep\u00fablica de los Ni\u00f1os"},"content":{"rendered":"\n<meta name=\"google-site-verification\" content=\"M7MLd8EiK6vH3vKiaxJhArPjny-NOmeNFIymND3QUrI\" \/>\n\n\n<div class=\"wp-block-image\">\n<figure class=\"aligncenter\"><img loading=\"lazy\" decoding=\"async\" width=\"800\" height=\"665\" src=\"http:\/\/www.laplatamagica.com.ar\/wp-content\/uploads\/2019\/08\/republica1.jpg\" alt=\"\" class=\"wp-image-754\" srcset=\"https:\/\/laplatamagica.ar\/wp-content\/uploads\/2019\/08\/republica1.jpg 800w, https:\/\/laplatamagica.ar\/wp-content\/uploads\/2019\/08\/republica1-300x249.jpg 300w, https:\/\/laplatamagica.ar\/wp-content\/uploads\/2019\/08\/republica1-768x638.jpg 768w\" sizes=\"auto, (max-width: 800px) 85vw, 800px\" \/><\/figure>\n<\/div>\n\n\n<p class=\"has-text-align-center\">Ubicada sobre el camino Gral. Belgrano y la calle 501, abarca un predio 52 hect\u00e1reas (520.000 m2) y ha sido proyectado de tal manera que se reproducen en escala varios accidentes geogr\u00e1ficos y paisajes naturales. Arquitect\u00f3nicamente la edificaci\u00f3n que apreciamos, presenta r\u00e9plicas del Palacio de la Se\u00f1or\u00eda, de Florencia, y de los Dux, de Venecia; la Torre de Giralda, de Sevilla; el Patio de los Leones de la Alhambra, y c\u00fapulas id\u00e9nticas de las del Taj Mahal, en India.<\/p>\n\n\n<div class=\"wp-block-image\">\n<figure class=\"aligncenter\"><img loading=\"lazy\" decoding=\"async\" width=\"600\" height=\"312\" src=\"http:\/\/www.laplatamagica.com.ar\/wp-content\/uploads\/2019\/08\/republica2.jpg\" alt=\"\" class=\"wp-image-755\" srcset=\"https:\/\/laplatamagica.ar\/wp-content\/uploads\/2019\/08\/republica2.jpg 600w, https:\/\/laplatamagica.ar\/wp-content\/uploads\/2019\/08\/republica2-300x156.jpg 300w\" sizes=\"auto, (max-width: 600px) 85vw, 600px\" \/><figcaption class=\"wp-element-caption\"><strong>Anfiteatro y lago.<\/strong><\/figcaption><\/figure>\n<\/div>\n\n\n<p class=\"has-text-align-center\">El Anfiteatro guarda similitud con los antiguos teatros griegos. Cuenta con lago artificial, centro de comunicaciones, snack bar, etc., y un grupo de 35 edificios, es una Direcci\u00f3n dependiente de la Municipalidad de La Plata.<\/p>\n\n\n<div class=\"wp-block-image\">\n<figure class=\"aligncenter\"><img loading=\"lazy\" decoding=\"async\" width=\"640\" height=\"480\" src=\"http:\/\/www.laplatamagica.com.ar\/wp-content\/uploads\/2019\/08\/republica3.jpg\" alt=\"\" class=\"wp-image-756\" srcset=\"https:\/\/laplatamagica.ar\/wp-content\/uploads\/2019\/08\/republica3.jpg 640w, https:\/\/laplatamagica.ar\/wp-content\/uploads\/2019\/08\/republica3-300x225.jpg 300w\" sizes=\"auto, (max-width: 640px) 85vw, 640px\" \/><\/figure>\n<\/div>\n\n\n<p class=\"has-text-align-center\">Los ambientes se han inspirado en los cuentos de Andersen, Grim y descripciones de leyendas. La obra fue realizada por el Gobierno de la Provincia de Buenos Aires, siendo el gobernador de la misma en la oportunidad, el Cnel. <em>Domingo Mercante<\/em>, comenzando su construcci\u00f3n en 1949 e inaugur\u00e1ndose el 26 de noviembre de 1951, con la presencia del Presidente <em>Juan Domingo Per\u00f3n<\/em>, en los terrenos que pertenecieran al antiguo Campo de Golf del Swift Golf Club.<\/p>\n\n\n\n<p class=\"has-text-align-center\">Las obras estuvieron a cargo de los Arq. <em>Lima, Cuenca y Gallo<\/em>. Un tren miniatura recorre la totalidad del predio y un barco, r\u00e9plica de los que recorr\u00edan el Mississipi, permite realizar paseos por el lago artificial, pasando frente al Castillo, y bordeando las Islas del Pescador, son su caba\u00f1a, terminando el recorrido en la Aduana.<\/p>\n\n\n\n<p class=\"has-text-align-center\">Al visitar <em>Walt Disney<\/em> el paseo en 1953, se inspir\u00f3 en \u00e9l para la construcci\u00f3n de Disneylandia, en California, siete a\u00f1os m\u00e1s tarde.<\/p>\n\n\n<div class=\"wp-block-image\">\n<figure class=\"aligncenter\"><img loading=\"lazy\" decoding=\"async\" width=\"446\" height=\"329\" src=\"http:\/\/www.laplatamagica.com.ar\/wp-content\/uploads\/2020\/06\/Disney.jpg\" alt=\"Walter Elias Disney se inspiro en la Rep\u00fablica de los Ni\u00f1os de La Plata. Argentina.\" class=\"wp-image-7064\" srcset=\"https:\/\/laplatamagica.ar\/wp-content\/uploads\/2020\/06\/Disney.jpg 446w, https:\/\/laplatamagica.ar\/wp-content\/uploads\/2020\/06\/Disney-300x221.jpg 300w\" sizes=\"auto, (max-width: 446px) 85vw, 446px\" \/><figcaption class=\"wp-element-caption\"><strong> Walter Elias Disney <\/strong><\/figcaption><\/figure>\n<\/div>\n\n\n<p class=\"has-text-align-center\">En la actualidad, se calcula que visitan este lugar m\u00e1s de un mill\u00f3ndoscientos mil ni\u00f1os, de todo el pa\u00eds.<\/p>\n\n\n\n<p class=\"has-text-align-center\">Su Centro C\u00edvico est\u00e1 integrado por la Casa de Gobierno, frente a la Plaza San Mart\u00edn; y la Legislatura, frente a la Plaza de las Am\u00e9ricas, las dos plazas se comunican a trav\u00e9s de una calle principal. En la Casa de Gobierno se visitan los Despachos del Presidente, Ministros y Secretarios, los colores de la Bandera de la Rep\u00fablica de los Ni\u00f1os, son Rojo y Blanco, y su forma de Gobierno, es la Democr\u00e1tica.<\/p>\n\n\n\n<p class=\"has-text-align-center\">Hacia la derecha encontramos la Capilla, y sobre la izquierda el Palacio de Cultura, en el que funciona; El Museo Internacional de Mu\u00f1ecos, creado por Carlos Moneo, e integrado por 1.000 piezas procedentes de 47 pa\u00edses.<\/p>\n\n\n<div class=\"wp-block-image\">\n<figure class=\"aligncenter\"><img loading=\"lazy\" decoding=\"async\" width=\"365\" height=\"448\" src=\"http:\/\/www.laplatamagica.com.ar\/wp-content\/uploads\/2020\/06\/mu\u00f1ecos.jpg\" alt=\"Museo Internacional de Mu\u00f1ecos\" class=\"wp-image-7062\" srcset=\"https:\/\/laplatamagica.ar\/wp-content\/uploads\/2020\/06\/mu\u00f1ecos.jpg 365w, https:\/\/laplatamagica.ar\/wp-content\/uploads\/2020\/06\/mu\u00f1ecos-244x300.jpg 244w\" sizes=\"auto, (max-width: 365px) 85vw, 365px\" \/><figcaption class=\"wp-element-caption\"> Museo Internacional de Mu\u00f1ecos <\/figcaption><\/figure>\n<\/div>\n\n\n<p class=\"has-text-align-center\">Enfrente, funciona el Banco en donde encontramos una Oficina de Correos y&nbsp;Filatelia. Sobre la calle central del Centro C\u00edvico, encontramos Confiter\u00edas,&nbsp;Restaurantes y una peque\u00f1a calle que lleva al Acuario y a Radio Rep\u00fablica.<\/p>\n\n\n\n<p class=\"has-text-align-center\">En el Palacio Legislativo se recrea el funcionamiento de la C\u00e1mara de Diputados y de Senadores. A la derecha encontramos el Palacio de Justicia, cuya calle desemboca en la Plaza de la Amistad. Frente a la misma puede apreciarse el Cuartel de Polic\u00eda y la Estaci\u00f3n Central de Ferrocarril, a trav\u00e9s de las Estaciones Los Troncos, Caperucita y Pulgarcito, se recorre la totalidad del predio.&nbsp;<\/p>\n\n\n\n<hr class=\"wp-block-separator has-css-opacity is-style-wide\"\/>\n\n\n\n<p class=\"has-text-align-center has-medium-font-size\"><strong><a rel=\"noreferrer noopener\" aria-label=\"Construcci\u00f3n de la Rep\u00fablica de los Ni\u00f1os (opens in a new tab)\" href=\"http:\/\/www.laplatamagica.com.ar\/?page_id=5646\" target=\"_blank\">Construcci\u00f3n de la Rep\u00fablica de los Ni\u00f1os<\/a><\/strong>&gt;&gt;&gt;<\/p>\n","protected":false},"excerpt":{"rendered":"<p>Ubicada sobre el camino Gral. Belgrano y la calle 501, abarca un predio 52 hect\u00e1reas (520.000 m2) y ha sido proyectado de tal manera que se reproducen en escala varios accidentes geogr\u00e1ficos y paisajes naturales. Arquitect\u00f3nicamente la edificaci\u00f3n que apreciamos, presenta r\u00e9plicas del Palacio de la Se\u00f1or\u00eda, de Florencia, y de los Dux, de Venecia; &hellip; <a href=\"https:\/\/laplatamagica.ar\/?page_id=753\" class=\"more-link\">Continuar leyendo<span class=\"screen-reader-text\"> &#8220;Rep\u00fablica de los Ni\u00f1os&#8221;<\/span><\/a><\/p>\n","protected":false},"author":1,"featured_media":0,"parent":0,"menu_order":0,"comment_status":"closed","ping_status":"closed","template":"","meta":{"switch_pages_title":"","h5ap_radio_sources":[],"footnotes":""},"class_list":["post-753","page","type-page","status-publish","hentry"],"_links":{"self":[{"href":"https:\/\/laplatamagica.ar\/index.php?rest_route=\/wp\/v2\/pages\/753","targetHints":{"allow":["GET"]}}],"collection":[{"href":"https:\/\/laplatamagica.ar\/index.php?rest_route=\/wp\/v2\/pages"}],"about":[{"href":"https:\/\/laplatamagica.ar\/index.php?rest_route=\/wp\/v2\/types\/page"}],"author":[{"embeddable":true,"href":"https:\/\/laplatamagica.ar\/index.php?rest_route=\/wp\/v2\/users\/1"}],"replies":[{"embeddable":true,"href":"https:\/\/laplatamagica.ar\/index.php?rest_route=%2Fwp%2Fv2%2Fcomments&post=753"}],"version-history":[{"count":1,"href":"https:\/\/laplatamagica.ar\/index.php?rest_route=\/wp\/v2\/pages\/753\/revisions"}],"predecessor-version":[{"id":12809,"href":"https:\/\/laplatamagica.ar\/index.php?rest_route=\/wp\/v2\/pages\/753\/revisions\/12809"}],"wp:attachment":[{"href":"https:\/\/laplatamagica.ar\/index.php?rest_route=%2Fwp%2Fv2%2Fmedia&parent=753"}],"curies":[{"name":"wp","href":"https:\/\/api.w.org\/{rel}","templated":true}]}}

República de los Niños

<meta name="google-site-verification" content="M7MLd8EiK6vH3vKiaxJhArPjny-NOmeNFIymND3QUrI" />


<div class="wp-block-image">
<figure class="aligncenter"><img loading="lazy" decoding="async" width="800" height="665" src="http://www.laplatamagica.com.ar/wp-content/uploads/2019/08/republica1.jpg" alt="" class="wp-image-754" srcset="https://laplatamagica.ar/wp-content/uploads/2019/08/republica1.jpg 800w, https://laplatamagica.ar/wp-content/uploads/2019/08/republica1-300x249.jpg 300w, https://laplatamagica.ar/wp-content/uploads/2019/08/republica1-768x638.jpg 768w" sizes="auto, (max-width: 800px) 85vw, 800px" /></figure>
</div>


<p class="has-text-align-center">Ubicada sobre el camino Gral. Belgrano y la calle 501, abarca un predio 52 hectáreas (520.000 m2) y ha sido proyectado de tal manera que se reproducen en escala varios accidentes geográficos y paisajes naturales. Arquitectónicamente la edificación que apreciamos, presenta réplicas del Palacio de la Señoría, de Florencia, y de los Dux, de Venecia; la Torre de Giralda, de Sevilla; el Patio de los Leones de la Alhambra, y cúpulas idénticas de las del Taj Mahal, en India.</p>


<div class="wp-block-image">
<figure class="aligncenter"><img loading="lazy" decoding="async" width="600" height="312" src="http://www.laplatamagica.com.ar/wp-content/uploads/2019/08/republica2.jpg" alt="" class="wp-image-755" srcset="https://laplatamagica.ar/wp-content/uploads/2019/08/republica2.jpg 600w, https://laplatamagica.ar/wp-content/uploads/2019/08/republica2-300x156.jpg 300w" sizes="auto, (max-width: 600px) 85vw, 600px" /><figcaption class="wp-element-caption"><strong>Anfiteatro y lago.</strong></figcaption></figure>
</div>


<p class="has-text-align-center">El Anfiteatro guarda similitud con los antiguos teatros griegos. Cuenta con lago artificial, centro de comunicaciones, snack bar, etc., y un grupo de 35 edificios, es una Dirección dependiente de la Municipalidad de La Plata.</p>


<div class="wp-block-image">
<figure class="aligncenter"><img loading="lazy" decoding="async" width="640" height="480" src="http://www.laplatamagica.com.ar/wp-content/uploads/2019/08/republica3.jpg" alt="" class="wp-image-756" srcset="https://laplatamagica.ar/wp-content/uploads/2019/08/republica3.jpg 640w, https://laplatamagica.ar/wp-content/uploads/2019/08/republica3-300x225.jpg 300w" sizes="auto, (max-width: 640px) 85vw, 640px" /></figure>
</div>


<p class="has-text-align-center">Los ambientes se han inspirado en los cuentos de Andersen, Grim y descripciones de leyendas. La obra fue realizada por el Gobierno de la Provincia de Buenos Aires, siendo el gobernador de la misma en la oportunidad, el Cnel. <em>Domingo Mercante</em>, comenzando su construcción en 1949 e inaugurándose el 26 de noviembre de 1951, con la presencia del Presidente <em>Juan Domingo Perón</em>, en los terrenos que pertenecieran al antiguo Campo de Golf del Swift Golf Club.</p>



<p class="has-text-align-center">Las obras estuvieron a cargo de los Arq. <em>Lima, Cuenca y Gallo</em>. Un tren miniatura recorre la totalidad del predio y un barco, réplica de los que recorrían el Mississipi, permite realizar paseos por el lago artificial, pasando frente al Castillo, y bordeando las Islas del Pescador, son su cabaña, terminando el recorrido en la Aduana.</p>



<p class="has-text-align-center">Al visitar <em>Walt Disney</em> el paseo en 1953, se inspiró en él para la construcción de Disneylandia, en California, siete años más tarde.</p>


<div class="wp-block-image">
<figure class="aligncenter"><img loading="lazy" decoding="async" width="446" height="329" src="http://www.laplatamagica.com.ar/wp-content/uploads/2020/06/Disney.jpg" alt="Walter Elias Disney se inspiro en la República de los Niños de La Plata. Argentina." class="wp-image-7064" srcset="https://laplatamagica.ar/wp-content/uploads/2020/06/Disney.jpg 446w, https://laplatamagica.ar/wp-content/uploads/2020/06/Disney-300x221.jpg 300w" sizes="auto, (max-width: 446px) 85vw, 446px" /><figcaption class="wp-element-caption"><strong> Walter Elias Disney </strong></figcaption></figure>
</div>


<p class="has-text-align-center">En la actualidad, se calcula que visitan este lugar más de un millóndoscientos mil niños, de todo el país.</p>



<p class="has-text-align-center">Su Centro Cívico está integrado por la Casa de Gobierno, frente a la Plaza San Martín; y la Legislatura, frente a la Plaza de las Américas, las dos plazas se comunican a través de una calle principal. En la Casa de Gobierno se visitan los Despachos del Presidente, Ministros y Secretarios, los colores de la Bandera de la República de los Niños, son Rojo y Blanco, y su forma de Gobierno, es la Democrática.</p>



<p class="has-text-align-center">Hacia la derecha encontramos la Capilla, y sobre la izquierda el Palacio de Cultura, en el que funciona; El Museo Internacional de Muñecos, creado por Carlos Moneo, e integrado por 1.000 piezas procedentes de 47 países.</p>


<div class="wp-block-image">
<figure class="aligncenter"><img loading="lazy" decoding="async" width="365" height="448" src="http://www.laplatamagica.com.ar/wp-content/uploads/2020/06/muñecos.jpg" alt="Museo Internacional de Muñecos" class="wp-image-7062" srcset="https://laplatamagica.ar/wp-content/uploads/2020/06/muñecos.jpg 365w, https://laplatamagica.ar/wp-content/uploads/2020/06/muñecos-244x300.jpg 244w" sizes="auto, (max-width: 365px) 85vw, 365px" /><figcaption class="wp-element-caption"> Museo Internacional de Muñecos </figcaption></figure>
</div>


<p class="has-text-align-center">Enfrente, funciona el Banco en donde encontramos una Oficina de Correos y&nbsp;Filatelia. Sobre la calle central del Centro Cívico, encontramos Confiterías,&nbsp;Restaurantes y una pequeña calle que lleva al Acuario y a Radio República.</p>



<p class="has-text-align-center">En el Palacio Legislativo se recrea el funcionamiento de la Cámara de Diputados y de Senadores. A la derecha encontramos el Palacio de Justicia, cuya calle desemboca en la Plaza de la Amistad. Frente a la misma puede apreciarse el Cuartel de Policía y la Estación Central de Ferrocarril, a través de las Estaciones Los Troncos, Caperucita y Pulgarcito, se recorre la totalidad del predio.&nbsp;</p>



<hr class="wp-block-separator has-css-opacity is-style-wide"/>



<p class="has-text-align-center has-medium-font-size"><strong><a rel="noreferrer noopener" aria-label="Construcción de la República de los Niños (opens in a new tab)" href="http://www.laplatamagica.com.ar/?page_id=5646" target="_blank">Construcción de la República de los Niños</a></strong>&gt;&gt;&gt;</p>

<p>Ubicada sobre el camino Gral. Belgrano y la calle 501, abarca un predio 52 hectáreas (520.000 m2) y ha sido proyectado de tal manera que se reproducen en escala varios accidentes geográficos y paisajes naturales. Arquitectónicamente la edificación que apreciamos, presenta réplicas del Palacio de la Señoría, de Florencia, y de los Dux, de Venecia; &hellip; <a href="https://laplatamagica.ar/?page_id=753" class="more-link">Continuar leyendo<span class="screen-reader-text"> &#8220;República de los Niños&#8221;</span></a></p>
