{"id":8981,"date":"2020-12-21T10:25:14","date_gmt":"2020-12-21T13:25:14","guid":{"rendered":"http:\/\/www.laplatamagica.com.ar\/?page_id=8981"},"modified":"2020-12-30T08:52:02","modified_gmt":"2020-12-30T11:52:02","slug":"indaciones-en-la-plata","status":"publish","type":"page","link":"https:\/\/laplatamagica.ar\/?page_id=8981","title":{"rendered":"Inundaciones en La Plata"},"content":{"rendered":"\n<p style=\"text-align:center\"> Las inundaciones en la ciudad de La Plata y sus alrededores se originan sobretodo por causas clim\u00e1ticas y del suelo. Sin embargo, los an\u00e1lisis realizados de la Evoluci\u00f3n de la infraestructura de circulaci\u00f3n y de la Ubicaci\u00f3n de Obras de ingenier\u00eda hidr\u00e1ulica, as\u00ed como de la evoluci\u00f3n de la mancha urbana y el desarrollo de usos del suelo que modifican el drenaje, permiten afirmar que las causas de las inundaciones en el \u00e1rea en estudio, son intensamente agudizadas por factores producidos o modificados por la actividad humana. <\/p>\n\n\n\n<p style=\"text-align:center\"><strong><em>En muchas arterias de la ciudad el agua no puede irse rapidamente porque no existen bocas de tormenta que conecten con los ca\u00f1os de drenaje principales.<\/em><\/strong><em> <\/em>Ser\u00eda deseable que se preste la debida atenci\u00f3n a esta carencia para evitar consecuencias no deseadas. <\/p>\n\n\n\n<div class=\"wp-block-image\"><figure class=\"aligncenter\"><img loading=\"lazy\" decoding=\"async\" width=\"1000\" height=\"755\" src=\"http:\/\/www.laplatamagica.com.ar\/wp-content\/uploads\/2020\/12\/agua1.jpg\" alt=\"Estado de la esquina de calle 9 y 32.\" class=\"wp-image-8984\" srcset=\"https:\/\/laplatamagica.ar\/wp-content\/uploads\/2020\/12\/agua1.jpg 1000w, https:\/\/laplatamagica.ar\/wp-content\/uploads\/2020\/12\/agua1-300x227.jpg 300w, https:\/\/laplatamagica.ar\/wp-content\/uploads\/2020\/12\/agua1-768x580.jpg 768w\" sizes=\"auto, (max-width: 709px) 85vw, (max-width: 909px) 67vw, (max-width: 1362px) 62vw, 840px\" \/><\/figure><\/div>\n\n\n\n<p style=\"text-align:center\"><strong>Estado de la esquina de calle 9 y 32 el 17 de octubre de 1939.<\/strong><\/p>\n\n\n\n<div class=\"wp-block-image\"><figure class=\"aligncenter\"><img loading=\"lazy\" decoding=\"async\" width=\"1000\" height=\"728\" src=\"http:\/\/www.laplatamagica.com.ar\/wp-content\/uploads\/2020\/12\/agua2-1.jpg\" alt=\"Un tramo de la Avenida 19 con las precipitaciones del 28 de abril.\" class=\"wp-image-8990\" srcset=\"https:\/\/laplatamagica.ar\/wp-content\/uploads\/2020\/12\/agua2-1.jpg 1000w, https:\/\/laplatamagica.ar\/wp-content\/uploads\/2020\/12\/agua2-1-300x218.jpg 300w, https:\/\/laplatamagica.ar\/wp-content\/uploads\/2020\/12\/agua2-1-768x559.jpg 768w\" sizes=\"auto, (max-width: 709px) 85vw, (max-width: 909px) 67vw, (max-width: 1362px) 62vw, 840px\" \/><\/figure><\/div>\n\n\n\n<p style=\"text-align:center\"><strong>Un tramo de la Avenida 19 con las precipitaciones del 28 de abril de 1938.<\/strong><\/p>\n\n\n\n<div class=\"wp-block-image\"><figure class=\"aligncenter\"><img loading=\"lazy\" decoding=\"async\" width=\"1000\" height=\"710\" src=\"http:\/\/www.laplatamagica.com.ar\/wp-content\/uploads\/2020\/12\/agua4.jpg\" alt=\"La esquina de 54 y 18 despu\u00e9s de la lluvia.\" class=\"wp-image-8993\" srcset=\"https:\/\/laplatamagica.ar\/wp-content\/uploads\/2020\/12\/agua4.jpg 1000w, https:\/\/laplatamagica.ar\/wp-content\/uploads\/2020\/12\/agua4-300x213.jpg 300w, https:\/\/laplatamagica.ar\/wp-content\/uploads\/2020\/12\/agua4-768x545.jpg 768w\" sizes=\"auto, (max-width: 709px) 85vw, (max-width: 909px) 67vw, (max-width: 1362px) 62vw, 840px\" \/><\/figure><\/div>\n\n\n\n<p style=\"text-align:center\"><strong>La esquina de 54 y 18 despu\u00e9s de la lluvia acaecida el 1 de diciembre de 1939.<\/strong><\/p>\n\n\n\n<div class=\"wp-block-image\"><figure class=\"aligncenter\"><img loading=\"lazy\" decoding=\"async\" width=\"1000\" height=\"748\" src=\"http:\/\/www.laplatamagica.com.ar\/wp-content\/uploads\/2020\/12\/agua12.jpg\" alt=\"El transporte de pasajeros en 51 y 18, despu\u00e9s de la tormenta.\" class=\"wp-image-9026\" srcset=\"https:\/\/laplatamagica.ar\/wp-content\/uploads\/2020\/12\/agua12.jpg 1000w, https:\/\/laplatamagica.ar\/wp-content\/uploads\/2020\/12\/agua12-300x224.jpg 300w, https:\/\/laplatamagica.ar\/wp-content\/uploads\/2020\/12\/agua12-768x574.jpg 768w\" sizes=\"auto, (max-width: 709px) 85vw, (max-width: 909px) 67vw, (max-width: 1362px) 62vw, 840px\" \/><\/figure><\/div>\n\n\n\n<p style=\"text-align:center\"><strong>El transporte de pasajeros en 51 y 18, despu\u00e9s de la tormenta del 17 de octubre de 1939. <\/strong><\/p>\n\n\n\n<figure class=\"wp-block-image\"><img loading=\"lazy\" decoding=\"async\" width=\"1000\" height=\"650\" src=\"http:\/\/www.laplatamagica.com.ar\/wp-content\/uploads\/2020\/12\/agua5.jpg\" alt=\"Avenida 44 inundada en 1940.\" class=\"wp-image-8998\" srcset=\"https:\/\/laplatamagica.ar\/wp-content\/uploads\/2020\/12\/agua5.jpg 1000w, https:\/\/laplatamagica.ar\/wp-content\/uploads\/2020\/12\/agua5-300x195.jpg 300w, https:\/\/laplatamagica.ar\/wp-content\/uploads\/2020\/12\/agua5-768x499.jpg 768w\" sizes=\"auto, (max-width: 709px) 85vw, (max-width: 909px) 67vw, (max-width: 1362px) 62vw, 840px\" \/><\/figure>\n\n\n\n<p style=\"text-align:center\"><strong>Desolador aspecto que presentaba la Avenida 44 en una vista del tramo que va de la calle 14 a 16 en las inundaciones del 22 de marzo de 1940.<\/strong><\/p>\n\n\n\n<div class=\"wp-block-image\"><figure class=\"aligncenter\"><img loading=\"lazy\" decoding=\"async\" width=\"1000\" height=\"616\" src=\"http:\/\/www.laplatamagica.com.ar\/wp-content\/uploads\/2020\/12\/agua6.jpg\" alt=\"Vista de la calle 41 inundada.\" class=\"wp-image-8999\" srcset=\"https:\/\/laplatamagica.ar\/wp-content\/uploads\/2020\/12\/agua6.jpg 1000w, https:\/\/laplatamagica.ar\/wp-content\/uploads\/2020\/12\/agua6-300x185.jpg 300w, https:\/\/laplatamagica.ar\/wp-content\/uploads\/2020\/12\/agua6-768x473.jpg 768w\" sizes=\"auto, (max-width: 709px) 85vw, (max-width: 909px) 67vw, (max-width: 1362px) 62vw, 840px\" \/><\/figure><\/div>\n\n\n\n<p style=\"text-align:center\"><strong>Vista de la calle 41 desde calle 12 en las inundaciones del 23 de marzo de 1940, un verdadero r\u00edo de agua.<\/strong><\/p>\n\n\n\n<div class=\"wp-block-image\"><figure class=\"aligncenter\"><img loading=\"lazy\" decoding=\"async\" width=\"1000\" height=\"665\" src=\"http:\/\/www.laplatamagica.com.ar\/wp-content\/uploads\/2020\/12\/agua7.jpg\" alt=\"Del 19 de octubre de 1939 es la imagen.\" class=\"wp-image-9003\" srcset=\"https:\/\/laplatamagica.ar\/wp-content\/uploads\/2020\/12\/agua7.jpg 1000w, https:\/\/laplatamagica.ar\/wp-content\/uploads\/2020\/12\/agua7-300x200.jpg 300w, https:\/\/laplatamagica.ar\/wp-content\/uploads\/2020\/12\/agua7-768x511.jpg 768w\" sizes=\"auto, (max-width: 709px) 85vw, (max-width: 909px) 67vw, (max-width: 1362px) 62vw, 840px\" \/><\/figure><\/div>\n\n\n\n<p style=\"text-align:center\"><strong>Del 19 de octubre de 1939 es la imagen de la calle 18 entre 54 y 55 despu\u00e9s de las lluvias. <\/strong><\/p>\n\n\n\n<div class=\"wp-block-image\"><figure class=\"aligncenter\"><img loading=\"lazy\" decoding=\"async\" width=\"1000\" height=\"565\" src=\"http:\/\/www.laplatamagica.com.ar\/wp-content\/uploads\/2020\/12\/agua8.jpg\" alt=\"La calle 19 desde el cruce con la calle 58 en 1940.\" class=\"wp-image-9008\" srcset=\"https:\/\/laplatamagica.ar\/wp-content\/uploads\/2020\/12\/agua8.jpg 1000w, https:\/\/laplatamagica.ar\/wp-content\/uploads\/2020\/12\/agua8-300x170.jpg 300w, https:\/\/laplatamagica.ar\/wp-content\/uploads\/2020\/12\/agua8-768x434.jpg 768w\" sizes=\"auto, (max-width: 709px) 85vw, (max-width: 909px) 67vw, (max-width: 1362px) 62vw, 840px\" \/><\/figure><\/div>\n\n\n\n<p style=\"text-align:center\"><strong>La calle 19 desde el cruce con la calle 58 el 8 de septiembre de 1940.<\/strong><\/p>\n\n\n\n<div class=\"wp-block-image\"><figure class=\"aligncenter\"><img loading=\"lazy\" decoding=\"async\" width=\"1000\" height=\"648\" src=\"http:\/\/www.laplatamagica.com.ar\/wp-content\/uploads\/2020\/12\/agua9.jpg\" alt=\"En la venida 19 y 51 se aprecia el lento descenso de las aguas.\" class=\"wp-image-9014\" srcset=\"https:\/\/laplatamagica.ar\/wp-content\/uploads\/2020\/12\/agua9.jpg 1000w, https:\/\/laplatamagica.ar\/wp-content\/uploads\/2020\/12\/agua9-300x194.jpg 300w, https:\/\/laplatamagica.ar\/wp-content\/uploads\/2020\/12\/agua9-768x498.jpg 768w\" sizes=\"auto, (max-width: 709px) 85vw, (max-width: 909px) 67vw, (max-width: 1362px) 62vw, 840px\" \/><\/figure><\/div>\n\n\n\n<p style=\"text-align:center\"><strong>En la venida 19 y 51 se aprecia el lento descenso de las aguas el 12 de enero de 1935.<\/strong><\/p>\n\n\n\n<div class=\"wp-block-image\"><figure class=\"aligncenter\"><img loading=\"lazy\" decoding=\"async\" width=\"1000\" height=\"685\" src=\"http:\/\/www.laplatamagica.com.ar\/wp-content\/uploads\/2020\/12\/agua10.jpg\" alt=\"Despu\u00e9s de la lluvia, salida de la escuela de diagonal 74 y 22.\" class=\"wp-image-9019\" srcset=\"https:\/\/laplatamagica.ar\/wp-content\/uploads\/2020\/12\/agua10.jpg 1000w, https:\/\/laplatamagica.ar\/wp-content\/uploads\/2020\/12\/agua10-300x206.jpg 300w, https:\/\/laplatamagica.ar\/wp-content\/uploads\/2020\/12\/agua10-768x526.jpg 768w\" sizes=\"auto, (max-width: 709px) 85vw, (max-width: 909px) 67vw, (max-width: 1362px) 62vw, 840px\" \/><\/figure><\/div>\n\n\n\n<p style=\"text-align:center\"><strong>Despu\u00e9s de la lluvia, salida de la escuela de diagonal 74 y 22, el 27 de noviembre de 1938.<\/strong><\/p>\n\n\n\n<div class=\"wp-block-image\"><figure class=\"aligncenter\"><img loading=\"lazy\" decoding=\"async\" width=\"1000\" height=\"605\" src=\"http:\/\/www.laplatamagica.com.ar\/wp-content\/uploads\/2020\/12\/agua11.jpg\" alt=\"Fuerte correntada en las calles 51 y 18.\" class=\"wp-image-9023\" srcset=\"https:\/\/laplatamagica.ar\/wp-content\/uploads\/2020\/12\/agua11.jpg 1000w, https:\/\/laplatamagica.ar\/wp-content\/uploads\/2020\/12\/agua11-300x182.jpg 300w, https:\/\/laplatamagica.ar\/wp-content\/uploads\/2020\/12\/agua11-768x465.jpg 768w\" sizes=\"auto, (max-width: 709px) 85vw, (max-width: 909px) 67vw, (max-width: 1362px) 62vw, 840px\" \/><\/figure><\/div>\n\n\n\n<p style=\"text-align:center\"><strong>Fuerte correntada en las calles 51 y 18, el 23 de marzo de 1940.<\/strong><\/p>\n\n\n\n<div class=\"wp-block-image\"><figure class=\"aligncenter is-resized\"><img decoding=\"async\" src=\"http:\/\/www.laplatamagica.com.ar\/wp-content\/uploads\/2020\/12\/agua13-1.jpg\" alt=\"La avenida 13 y 39 mirando hacia el centro de la ciudad, despu\u00e9s del vendaval del 17 de octubre de 1939.\ufeff\" class=\"wp-image-9030\" width=\"1000\" srcset=\"https:\/\/laplatamagica.ar\/wp-content\/uploads\/2020\/12\/agua13-1.jpg 800w, https:\/\/laplatamagica.ar\/wp-content\/uploads\/2020\/12\/agua13-1-300x192.jpg 300w, https:\/\/laplatamagica.ar\/wp-content\/uploads\/2020\/12\/agua13-1-768x492.jpg 768w\" sizes=\"(max-width: 800px) 85vw, 800px\" \/><\/figure><\/div>\n\n\n\n<p style=\"text-align:center\"><strong>La avenida 13 y 39 mirando hacia el centro de la ciudad, despu\u00e9s del vendaval del 17 de octubre de 1939.<\/strong><\/p>\n\n\n\n<div class=\"wp-block-image\"><figure class=\"aligncenter\"><img loading=\"lazy\" decoding=\"async\" width=\"1000\" height=\"721\" src=\"http:\/\/www.laplatamagica.com.ar\/wp-content\/uploads\/2020\/12\/agua14.jpg\" alt=\"La inundaci\u00f3n en La Plata de 2013 fue un evento que afect\u00f3 a la ciudad.\" class=\"wp-image-9034\" srcset=\"https:\/\/laplatamagica.ar\/wp-content\/uploads\/2020\/12\/agua14.jpg 1000w, https:\/\/laplatamagica.ar\/wp-content\/uploads\/2020\/12\/agua14-300x216.jpg 300w, https:\/\/laplatamagica.ar\/wp-content\/uploads\/2020\/12\/agua14-768x554.jpg 768w\" sizes=\"auto, (max-width: 709px) 85vw, (max-width: 909px) 67vw, (max-width: 1362px) 62vw, 840px\" \/><\/figure><\/div>\n\n\n\n<p style=\"text-align:center\"><strong>La inundaci\u00f3n en La Plata de 2013 fue un evento que afect\u00f3 a la ciudad y su zona aleda\u00f1a entre el 2 y el 3 de abril de 2013, con un registro de precipitaciones, extraordinarias m\u00e1s recurrentes\u200b en la regi\u00f3n con m\u00e1s de 400 mm acumulados en cuatro horas. Las v\u00edctimas de la inundaci\u00f3n se estiman en 89, pero se afirma que fueron muchas m\u00e1s.<\/strong><\/p>\n\n\n\n<div class=\"wp-block-image\"><figure class=\"aligncenter\"><img loading=\"lazy\" decoding=\"async\" width=\"1000\" height=\"563\" src=\"http:\/\/www.laplatamagica.com.ar\/wp-content\/uploads\/2020\/12\/agua15.jpg\" alt=\"La gran mayor\u00eda de veh\u00edculos que estaban en la calle quedaron destrozados e inutilizables. \" class=\"wp-image-9038\" srcset=\"https:\/\/laplatamagica.ar\/wp-content\/uploads\/2020\/12\/agua15.jpg 1000w, https:\/\/laplatamagica.ar\/wp-content\/uploads\/2020\/12\/agua15-300x169.jpg 300w, https:\/\/laplatamagica.ar\/wp-content\/uploads\/2020\/12\/agua15-768x432.jpg 768w\" sizes=\"auto, (max-width: 709px) 85vw, (max-width: 909px) 67vw, (max-width: 1362px) 62vw, 840px\" \/><\/figure><\/div>\n\n\n\n<p style=\"text-align:center\"><strong>La gran mayor\u00eda de veh\u00edculos que estaban en la calle quedaron destrozados e inutilizables, las p\u00e9rdidas materiales fueron incalculables. <\/strong><\/p>\n\n\n\n<div class=\"wp-block-image\"><figure class=\"aligncenter\"><img loading=\"lazy\" decoding=\"async\" width=\"1000\" height=\"563\" src=\"http:\/\/www.laplatamagica.com.ar\/wp-content\/uploads\/2020\/12\/agua16.jpg\" alt=\"Los cuerpos de muchas personas fueron buscados por d\u00edas porque los hospitales y las morgues no daban abasto. \" class=\"wp-image-9040\" srcset=\"https:\/\/laplatamagica.ar\/wp-content\/uploads\/2020\/12\/agua16.jpg 1000w, https:\/\/laplatamagica.ar\/wp-content\/uploads\/2020\/12\/agua16-300x169.jpg 300w, https:\/\/laplatamagica.ar\/wp-content\/uploads\/2020\/12\/agua16-768x432.jpg 768w\" sizes=\"auto, (max-width: 709px) 85vw, (max-width: 909px) 67vw, (max-width: 1362px) 62vw, 840px\" \/><\/figure><\/div>\n\n\n\n<p style=\"text-align:center\">Los cuerpos de muchas personas fueron buscados por d\u00edas porque los hospitales y las morgues no daban abasto. <\/p>\n\n\n\n<div class=\"wp-block-image\"><figure class=\"aligncenter\"><img loading=\"lazy\" decoding=\"async\" width=\"1000\" height=\"750\" src=\"http:\/\/www.laplatamagica.com.ar\/wp-content\/uploads\/2020\/12\/agua17.jpg\" alt=\"Muchas personas no pueden a\u00fan superar el trauma de la inundaci\u00f3n y muchas murieron despues de la inundaci\u00f3n.\" class=\"wp-image-9043\" srcset=\"https:\/\/laplatamagica.ar\/wp-content\/uploads\/2020\/12\/agua17.jpg 1000w, https:\/\/laplatamagica.ar\/wp-content\/uploads\/2020\/12\/agua17-300x225.jpg 300w, https:\/\/laplatamagica.ar\/wp-content\/uploads\/2020\/12\/agua17-768x576.jpg 768w\" sizes=\"auto, (max-width: 709px) 85vw, (max-width: 909px) 67vw, (max-width: 1362px) 62vw, 840px\" \/><\/figure><\/div>\n\n\n\n<p style=\"text-align:center\"><strong> Muchas personas no pueden a\u00fan superar el trauma de la inundaci\u00f3n y muchas murieron despues de la inundaci\u00f3n.<\/strong><\/p>\n","protected":false},"excerpt":{"rendered":"<p>Las inundaciones en la ciudad de La Plata y sus alrededores se originan sobretodo por causas clim\u00e1ticas y del suelo. Sin embargo, los an\u00e1lisis realizados de la Evoluci\u00f3n de la infraestructura de circulaci\u00f3n y de la Ubicaci\u00f3n de Obras de ingenier\u00eda hidr\u00e1ulica, as\u00ed como de la evoluci\u00f3n de la mancha urbana y el desarrollo de &hellip; <a href=\"https:\/\/laplatamagica.ar\/?page_id=8981\" class=\"more-link\">Continuar leyendo<span class=\"screen-reader-text\"> &#8220;Inundaciones en La Plata&#8221;<\/span><\/a><\/p>\n","protected":false},"author":1,"featured_media":0,"parent":0,"menu_order":0,"comment_status":"closed","ping_status":"closed","template":"","meta":{"switch_pages_title":"","h5ap_radio_sources":[],"footnotes":""},"class_list":["post-8981","page","type-page","status-publish","hentry"],"_links":{"self":[{"href":"https:\/\/laplatamagica.ar\/index.php?rest_route=\/wp\/v2\/pages\/8981","targetHints":{"allow":["GET"]}}],"collection":[{"href":"https:\/\/laplatamagica.ar\/index.php?rest_route=\/wp\/v2\/pages"}],"about":[{"href":"https:\/\/laplatamagica.ar\/index.php?rest_route=\/wp\/v2\/types\/page"}],"author":[{"embeddable":true,"href":"https:\/\/laplatamagica.ar\/index.php?rest_route=\/wp\/v2\/users\/1"}],"replies":[{"embeddable":true,"href":"https:\/\/laplatamagica.ar\/index.php?rest_route=%2Fwp%2Fv2%2Fcomments&post=8981"}],"version-history":[{"count":0,"href":"https:\/\/laplatamagica.ar\/index.php?rest_route=\/wp\/v2\/pages\/8981\/revisions"}],"wp:attachment":[{"href":"https:\/\/laplatamagica.ar\/index.php?rest_route=%2Fwp%2Fv2%2Fmedia&parent=8981"}],"curies":[{"name":"wp","href":"https:\/\/api.w.org\/{rel}","templated":true}]}}